000
CDUS43 KGLD 020744
CLIGLD

CLIMATE REPORT
NATIONAL WEATHER SERVICE GOODLAND
138 AM MDT SUN NOV 2 2014

...................................

...THE GOODLAND KS CLIMATE SUMMARY FOR NOVEMBER 1 2014...

CLIMATE NORMAL PERIOD 1981 TO 2010
CLIMATE RECORD PERIOD 1895 TO 2014

WEATHER ITEM   OBSERVED TIME   RECORD YEAR NORMAL DEPARTURE LAST
                VALUE   (LST)  VALUE       VALUE  FROM      YEAR
                                                  NORMAL
..................................................................
TEMPERATURE (F)
 YESTERDAY
  MAXIMUM         68    217 PM  79    1915  60      8       56
  MINIMUM         31    643 AM   4    1951  32     -1       30
  AVERAGE         50                        46      4       43

PRECIPITATION (IN)
  YESTERDAY        0.00          0.90 1928   0.03  -0.03      T
  MONTH TO DATE    0.00                      0.03  -0.03      T
  SINCE SEP 1      2.49                      2.62  -0.13     7.73
  SINCE JAN 1     16.39                     18.52  -2.13    16.52

SNOWFALL (IN)
  YESTERDAY        0.0                       0.1   -0.1      0.0
  MONTH TO DATE    0.0                       0.1   -0.1      0.0
  SINCE SEP 1      T                         2.7   -2.7      4.0
  SINCE JUL 1      T                         2.7   -2.7      4.0
  SNOW DEPTH       0

DEGREE DAYS
 HEATING
  YESTERDAY       15                        19     -4       22
  MONTH TO DATE   15                        19     -4       22
  SINCE SEP 1    430                       547   -117      526
  SINCE JUL 1    443                       559   -116      533

 COOLING
  YESTERDAY        0                         0      0        0
  MONTH TO DATE    0                         0      0        0
  SINCE SEP 1    118                       108     10      183
  SINCE JAN 1    920                       941    -21     1181
..................................................................

WIND (MPH)
  HIGHEST WIND SPEED    28   HIGHEST WIND DIRECTION     S (170)
  HIGHEST GUST SPEED    35   HIGHEST GUST DIRECTION     S (170)
  AVERAGE WIND SPEED    20.4


SKY COVER
  AVERAGE SKY COVER 0.0


WEATHER CONDITIONS
 THE FOLLOWING WEATHER WAS RECORDED YESTERDAY.
  NO SIGNIFICANT WEATHER WAS OBSERVED.


RELATIVE HUMIDITY (PERCENT)
 HIGHEST    72
 LOWEST     32
 AVERAGE    52

..........................................................


THE GOODLAND KS CLIMATE NORMALS FOR TODAY
                         NORMAL    RECORD    YEAR
 MAXIMUM TEMPERATURE (F)   59        81      1931
                                             1915
 MINIMUM TEMPERATURE (F)   31        -4      1951


SUNRISE AND SUNSET
NOVEMBER  2 2014......SUNRISE   616 AM MST   SUNSET   444 PM MST
NOVEMBER  3 2014......SUNRISE   617 AM MST   SUNSET   443 PM MST


-  INDICATES NEGATIVE NUMBERS.
R  INDICATES RECORD WAS SET OR TIED.
MM INDICATES DATA IS MISSING.
T  INDICATES TRACE AMOUNT.

&&

THE AVERAGE SOIL TEMPERATURE AT THE FOUR INCH DEPTH... 51
THE CURRENT DEPTH OF FROST... 0 INCHES

$$
