000
CDUS43 KGLD 150740
CLIGLD

CLIMATE REPORT
NATIONAL WEATHER SERVICE GOODLAND
1236 AM MST SAT NOV 15 2014

...................................

...THE GOODLAND KS CLIMATE SUMMARY FOR NOVEMBER 14 2014...

CLIMATE NORMAL PERIOD 1981 TO 2010
CLIMATE RECORD PERIOD 1895 TO 2014

WEATHER ITEM   OBSERVED TIME   RECORD YEAR NORMAL DEPARTURE LAST
                VALUE   (LST)  VALUE       VALUE  FROM      YEAR
                                                  NORMAL
..................................................................
TEMPERATURE (F)
 YESTERDAY
  MAXIMUM         34    218 PM  75    1990  53    -19       57
                                      1975
                                      1942
  MINIMUM         11    130 AM  -4    1940  26    -15       33
  AVERAGE         23                        40    -17       45

PRECIPITATION (IN)
  YESTERDAY        0.00          0.61 1926   0.02  -0.02     0.00
  MONTH TO DATE    T                         0.39  -0.39     0.16
  SINCE SEP 1      2.49                      2.98  -0.49     7.89
  SINCE JAN 1     16.39                     18.88  -2.49    16.68

SNOWFALL (IN)
  YESTERDAY        0.0                       0.1   -0.1      0.0
  MONTH TO DATE    0.1                       1.8   -1.7       T
  SINCE SEP 1      0.1                       4.4   -4.3      4.0
  SINCE JUL 1      0.1                       4.4   -4.3      4.0
  SNOW DEPTH       0

DEGREE DAYS
 HEATING
  YESTERDAY       42                        25     17       20
  MONTH TO DATE  365                       310     55      309
  SINCE SEP 1    780                       838    -58      813
  SINCE JUL 1    793                       850    -57      820

 COOLING
  YESTERDAY        0                         0      0        0
  MONTH TO DATE    0                         0      0        0
  SINCE SEP 1    118                       108     10      183
  SINCE JAN 1    920                       941    -21     1181
..................................................................

WIND (MPH)
  HIGHEST WIND SPEED    29   HIGHEST WIND DIRECTION     S (180)
  HIGHEST GUST SPEED    36   HIGHEST GUST DIRECTION     S (180)
  AVERAGE WIND SPEED    16.7


SKY COVER
  AVERAGE SKY COVER 0.3


WEATHER CONDITIONS
 THE FOLLOWING WEATHER WAS RECORDED YESTERDAY.
  NO SIGNIFICANT WEATHER WAS OBSERVED.


RELATIVE HUMIDITY (PERCENT)
 HIGHEST    68
 LOWEST     43
 AVERAGE    56

..........................................................


THE GOODLAND KS CLIMATE NORMALS FOR TODAY
                         NORMAL    RECORD    YEAR
 MAXIMUM TEMPERATURE (F)   53        79      1963
                                             1941
 MINIMUM TEMPERATURE (F)   26         5      1955
                                             1920


SUNRISE AND SUNSET
NOVEMBER 15 2014......SUNRISE   631 AM MST   SUNSET   432 PM MST
NOVEMBER 16 2014......SUNRISE   632 AM MST   SUNSET   431 PM MST


-  INDICATES NEGATIVE NUMBERS.
R  INDICATES RECORD WAS SET OR TIED.
MM INDICATES DATA IS MISSING.
T  INDICATES TRACE AMOUNT.

&&

THE AVERAGE SOIL TEMPERATURE AT THE FOUR INCH DEPTH... 33
THE CURRENT DEPTH OF FROST... 6 INCHES

$$
