000
CDUS43 KGLD 280037
CLIGLD

CLIMATE REPORT
NATIONAL WEATHER SERVICE GOODLAND
636 PM MDT THU JUL 27 2017

...................................

...THE GOODLAND KS CLIMATE SUMMARY FOR JULY 27 2017...
VALID TODAY AS OF 0600 PM LOCAL TIME.

CLIMATE NORMAL PERIOD 1981 TO 2010
CLIMATE RECORD PERIOD 1895 TO 2017

WEATHER ITEM   OBSERVED TIME   RECORD YEAR NORMAL DEPARTURE LAST
                VALUE   (LST)  VALUE       VALUE  FROM      YEAR
                                                  NORMAL
..................................................................
TEMPERATURE (F)
 TODAY
  MAXIMUM         85    304 PM 105    1910  90     -5       91
  MINIMUM         68    600 AM  50    2005  62      6       60
                                      1994
  AVERAGE         77                        76      1       76

PRECIPITATION (IN)
  TODAY            0.00          0.79 1990   0.11  -0.11     0.59
  MONTH TO DATE    0.94                      3.02  -2.08     2.52
  SINCE JUN 1      5.38                      6.27  -0.89     4.14
  SINCE JAN 1     17.77                     12.75   5.02    11.50

SNOWFALL (IN)
  TODAY            0.0                       0.0    0.0      0.0
  MONTH TO DATE    0.0                       0.0    0.0      0.0
  SINCE JUN 1      T                         0.0    0.0      0.0
  SINCE JUL 1      0.0                       0.0    0.0      0.0
  SNOW DEPTH       0

DEGREE DAYS
 HEATING
  TODAY            0                         0      0        0
  MONTH TO DATE    0                         0      0        0
  SINCE JUN 1     13                        37    -24        2
  SINCE JUL 1      0                         0      0        0

 COOLING
  TODAY           12                        11      1       11
  MONTH TO DATE  340                       290     50      363
  SINCE JUN 1    555                       469     86      652
  SINCE JAN 1    593                       510     83      676
..................................................................

WIND (MPH)
  HIGHEST WIND SPEED    14   HIGHEST WIND DIRECTION    SE (140)
  HIGHEST GUST SPEED    18   HIGHEST GUST DIRECTION    SE (150)
  AVERAGE WIND SPEED     8.6


SKY COVER
  AVERAGE SKY COVER 0.8


WEATHER CONDITIONS
 THE FOLLOWING WEATHER WAS RECORDED TODAY.
  FOG


RELATIVE HUMIDITY (PERCENT)
 HIGHEST    93           600 AM
 LOWEST     51           300 PM
 AVERAGE    72

..........................................................


THE GOODLAND KS CLIMATE NORMALS FOR TOMORROW
                         NORMAL    RECORD    YEAR
 MAXIMUM TEMPERATURE (F)   90       106      1943
 MINIMUM TEMPERATURE (F)   62        52      1958


SUNRISE AND SUNSET
JULY 27 2017..........SUNRISE   543 AM MDT   SUNSET   804 PM MDT
JULY 28 2017..........SUNRISE   543 AM MDT   SUNSET   803 PM MDT


-  INDICATES NEGATIVE NUMBERS.
R  INDICATES RECORD WAS SET OR TIED.
MM INDICATES DATA IS MISSING.
T  INDICATES TRACE AMOUNT.

&&

THE AVERAGE SOIL TEMPERATURE AT THE FOUR INCH DEPTH... 77

$$
