000
CDUS43 KGLD 030738
CLIGLD

CLIMATE REPORT
NATIONAL WEATHER SERVICE GOODLAND
1235 AM MST FRI MAR 3 2017

...................................

...THE GOODLAND KS CLIMATE SUMMARY FOR MARCH 2 2017...

CLIMATE NORMAL PERIOD 1981 TO 2010
CLIMATE RECORD PERIOD 1895 TO 2017

WEATHER ITEM   OBSERVED TIME   RECORD YEAR NORMAL DEPARTURE LAST
                VALUE   (LST)  VALUE       VALUE  FROM      YEAR
                                                  NORMAL
..................................................................
TEMPERATURE (F)
 YESTERDAY
  MAXIMUM         51    330 PM  76    1974  50      1       68
  MINIMUM         13    623 AM -15    1960  23    -10       32
  AVERAGE         32                        36     -4       50

PRECIPITATION (IN)
  YESTERDAY        0.00          0.66 1969   0.03  -0.03      T
  MONTH TO DATE    0.00                      0.05  -0.05      T
  SINCE MAR 1      0.00                      0.05  -0.05      T
  SINCE JAN 1      0.93                      0.92   0.01     0.86

SNOWFALL (IN)
  YESTERDAY        0.0                       0.1   -0.1      0.0
  MONTH TO DATE    0.0                       0.3   -0.3      0.0
  SINCE MAR 1      0.0                       0.3   -0.3      0.0
  SINCE JUL 1      9.4                      24.3  -14.9     23.4
  SNOW DEPTH       0

DEGREE DAYS
 HEATING
  YESTERDAY       33                        28      5       15
  MONTH TO DATE   64                        57      7       39
  SINCE MAR 1     64                        57      7       39
  SINCE JUL 1   3949                      4474   -525     3885

 COOLING
  YESTERDAY        0                         0      0        0
  MONTH TO DATE    0                         0      0        0
  SINCE MAR 1      0                         0      0        0
  SINCE JAN 1      0                         0      0        0
..................................................................

WIND (MPH)
  HIGHEST WIND SPEED    23   HIGHEST WIND DIRECTION    NW (330)
  HIGHEST GUST SPEED    29   HIGHEST GUST DIRECTION    NW (320)
  AVERAGE WIND SPEED     9.2


SKY COVER
  AVERAGE SKY COVER 0.0


WEATHER CONDITIONS
 THE FOLLOWING WEATHER WAS RECORDED YESTERDAY.
  NO SIGNIFICANT WEATHER WAS OBSERVED.


RELATIVE HUMIDITY (PERCENT)
 HIGHEST    51
 LOWEST     21
 AVERAGE    36

..........................................................


THE GOODLAND KS CLIMATE NORMALS FOR TODAY
                         NORMAL    RECORD    YEAR
 MAXIMUM TEMPERATURE (F)   50        74      1936
 MINIMUM TEMPERATURE (F)   23       -20      1960


SUNRISE AND SUNSET
MARCH  3 2017.........SUNRISE   616 AM MST   SUNSET   542 PM MST
MARCH  4 2017.........SUNRISE   615 AM MST   SUNSET   543 PM MST


-  INDICATES NEGATIVE NUMBERS.
R  INDICATES RECORD WAS SET OR TIED.
MM INDICATES DATA IS MISSING.
T  INDICATES TRACE AMOUNT.

&&

THE AVERAGE SOIL TEMPERATURE AT THE FOUR INCH DEPTH... 37
THE CURRENT DEPTH OF FROST... 2 INCHES

$$
