000
CDUS43 KGLD 070838
CLIGLD

CLIMATE REPORT
NATIONAL WEATHER SERVICE GOODLAND
236 AM MDT WED SEP 7 2016

...................................

...THE GOODLAND KS CLIMATE SUMMARY FOR SEPTEMBER 6 2016...

CLIMATE NORMAL PERIOD 1981 TO 2010
CLIMATE RECORD PERIOD 1895 TO 2016

WEATHER ITEM   OBSERVED TIME   RECORD YEAR NORMAL DEPARTURE LAST
                VALUE   (LST)  VALUE       VALUE  FROM      YEAR
                                                  NORMAL
..................................................................
TEMPERATURE (F)
 YESTERDAY
  MAXIMUM         77    353 PM 102    1939  83     -6       93
  MINIMUM         62    757 AM  37    1956  54      8       62
  AVERAGE         70                        69      1       78

PRECIPITATION (IN)
  YESTERDAY        0.00          0.97 1942   0.05  -0.05     0.00
  MONTH TO DATE    1.67                      0.29   1.38     0.00
  SINCE SEP 1      1.67                      0.29   1.38     0.00
  SINCE JAN 1     15.71                     16.19  -0.48    16.75

SNOWFALL (IN)
  YESTERDAY        0.0                       0.0    0.0      0.0
  MONTH TO DATE    T                         0.0    0.0      0.0
  SINCE SEP 1      T                         0.0    0.0      0.0
  SINCE JUL 1      T                         0.0    0.0      0.0
  SNOW DEPTH       0

DEGREE DAYS
 HEATING
  YESTERDAY        0                         1     -1        0
  MONTH TO DATE    0                         6     -6        0
  SINCE SEP 1      0                         6     -6        0
  SINCE JUL 1      7                        18    -11        6

 COOLING
  YESTERDAY        5                         5      0       13
  MONTH TO DATE   49                        35     14       83
  SINCE SEP 1     49                        35     14       83
  SINCE JAN 1    998                       868    130      991
..................................................................

WIND (MPH)
  HIGHEST WIND SPEED    29   HIGHEST WIND DIRECTION    SW (210)
  HIGHEST GUST SPEED    42   HIGHEST GUST DIRECTION     S (200)
  AVERAGE WIND SPEED    10.7


SKY COVER
  AVERAGE SKY COVER 0.3


WEATHER CONDITIONS
 THE FOLLOWING WEATHER WAS RECORDED YESTERDAY.
  FOG
  FOG W/VISIBILITY <= 1/4 MILE


RELATIVE HUMIDITY (PERCENT)
 HIGHEST    93
 LOWEST     50
 AVERAGE    72

..........................................................


THE GOODLAND KS CLIMATE NORMALS FOR TODAY
                         NORMAL    RECORD    YEAR
 MAXIMUM TEMPERATURE (F)   83       102      1971
                                             1908
 MINIMUM TEMPERATURE (F)   54        39      1956


SUNRISE AND SUNSET
SEPTEMBER  7 2016.....SUNRISE   621 AM MDT   SUNSET   707 PM MDT
SEPTEMBER  8 2016.....SUNRISE   622 AM MDT   SUNSET   706 PM MDT


-  INDICATES NEGATIVE NUMBERS.
R  INDICATES RECORD WAS SET OR TIED.
MM INDICATES DATA IS MISSING.
T  INDICATES TRACE AMOUNT.

&&

THE AVERAGE SOIL TEMPERATURE AT THE FOUR INCH DEPTH... 74

$$
