000
CDUS43 KGLD 120739
CLIGLD

CLIMATE REPORT
NATIONAL WEATHER SERVICE GOODLAND
1237 AM MST SAT NOV 12 2016

...................................

...THE GOODLAND KS CLIMATE SUMMARY FOR NOVEMBER 11 2016...

CLIMATE NORMAL PERIOD 1981 TO 2010
CLIMATE RECORD PERIOD 1895 TO 2016

WEATHER ITEM   OBSERVED TIME   RECORD YEAR NORMAL DEPARTURE LAST
                VALUE   (LST)  VALUE       VALUE  FROM      YEAR
                                                  NORMAL
..................................................................
TEMPERATURE (F)
 YESTERDAY
  MAXIMUM         55    113 PM  80    2005  55      0       41
  MINIMUM         26    641 AM   3    1940  28     -2       30
                                      1911
  AVERAGE         41                        41      0       36

PRECIPITATION (IN)
  YESTERDAY        0.00          0.39 1915   0.03  -0.03     0.28
  MONTH TO DATE    T                         0.32  -0.32     0.43
  SINCE SEP 1      2.53                      2.91  -0.38     3.16
  SINCE JAN 1     16.57                     18.81  -2.24    19.91

SNOWFALL (IN)
  YESTERDAY        0.0                       0.2   -0.2      2.7
  MONTH TO DATE    0.0                       1.4   -1.4      2.7
  SINCE SEP 1      T                         4.0   -4.0      2.7
  SINCE JUL 1      T                         4.0   -4.0      2.7
  SNOW DEPTH       0

DEGREE DAYS
 HEATING
  YESTERDAY       24                        24      0       29
  MONTH TO DATE  141                       236    -95      187
  SINCE SEP 1    419                       764   -345      496
  SINCE JUL 1    426                       776   -350      502

 COOLING
  YESTERDAY        0                         0      0        0
  MONTH TO DATE    0                         0      0        0
  SINCE SEP 1    154                       108     46      237
  SINCE JAN 1   1103                       941    162     1145
..................................................................

WIND (MPH)
  HIGHEST WIND SPEED    13   HIGHEST WIND DIRECTION    NE (40)
  HIGHEST GUST SPEED    16   HIGHEST GUST DIRECTION    NE (40)
  AVERAGE WIND SPEED     7.4


SKY COVER
  AVERAGE SKY COVER 0.0


WEATHER CONDITIONS
 THE FOLLOWING WEATHER WAS RECORDED YESTERDAY.
  NO SIGNIFICANT WEATHER WAS OBSERVED.


RELATIVE HUMIDITY (PERCENT)
 HIGHEST    85
 LOWEST     28
 AVERAGE    57

..........................................................


THE GOODLAND KS CLIMATE NORMALS FOR TODAY
                         NORMAL    RECORD    YEAR
 MAXIMUM TEMPERATURE (F)   54        78      1989
 MINIMUM TEMPERATURE (F)   27        -2      1911


SUNRISE AND SUNSET
NOVEMBER 12 2016......SUNRISE   628 AM MST   SUNSET   434 PM MST
NOVEMBER 13 2016......SUNRISE   629 AM MST   SUNSET   433 PM MST


-  INDICATES NEGATIVE NUMBERS.
R  INDICATES RECORD WAS SET OR TIED.
MM INDICATES DATA IS MISSING.
T  INDICATES TRACE AMOUNT.

&&

THE AVERAGE SOIL TEMPERATURE AT THE FOUR INCH DEPTH... 51
THE CURRENT DEPTH OF FROST... 0 INCHES

$$
