000
CDUS43 KGLD 120037
CLIGLD

CLIMATE REPORT
NATIONAL WEATHER SERVICE GOODLAND
536 PM MST SAT NOV 11 2017

...................................

...THE GOODLAND KS CLIMATE SUMMARY FOR NOVEMBER 11 2017...
VALID TODAY AS OF 0500 PM LOCAL TIME.

CLIMATE NORMAL PERIOD 1981 TO 2010
CLIMATE RECORD PERIOD 1895 TO 2017

WEATHER ITEM   OBSERVED TIME   RECORD YEAR NORMAL DEPARTURE LAST
                VALUE   (LST)  VALUE       VALUE  FROM      YEAR
                                                  NORMAL
..................................................................
TEMPERATURE (F)
 TODAY
  MAXIMUM         45    458 PM  80    2005  55    -10       55
  MINIMUM         41    801 AM   3    1940  28     13       26
                                      1911
  AVERAGE         43                        41      2       41

PRECIPITATION (IN)
  TODAY            0.00          0.39 1915   0.03  -0.03     0.00
  MONTH TO DATE    0.00                      0.32  -0.32      T
  SINCE SEP 1      4.29                      2.91   1.38     2.53
  SINCE JAN 1     26.25                     18.81   7.44    16.57

SNOWFALL (IN)
  TODAY            0.0                       0.2   -0.2      0.0
  MONTH TO DATE    0.0                       1.4   -1.4      0.0
  SINCE SEP 1      0.1                       4.0   -3.9       T
  SINCE JUL 1      0.1                       4.0   -3.9       T
  SNOW DEPTH       0

DEGREE DAYS
 HEATING
  TODAY           22                        24     -2       24
  MONTH TO DATE  288                       236     52      141
  SINCE SEP 1    799                       764     35      419
  SINCE JUL 1    799                       776     23      426

 COOLING
  TODAY            0                         0      0        0
  MONTH TO DATE    0                         0      0        0
  SINCE SEP 1    140                       108     32      154
  SINCE JAN 1    959                       941     18     1103
..................................................................

WIND (MPH)
  HIGHEST WIND SPEED    13   HIGHEST WIND DIRECTION     N (340)
  HIGHEST GUST SPEED    15   HIGHEST GUST DIRECTION     N (350)
  AVERAGE WIND SPEED     5.8


SKY COVER
  AVERAGE SKY COVER 1.0


WEATHER CONDITIONS
 THE FOLLOWING WEATHER WAS RECORDED TODAY.
  FOG
  FOG W/VISIBILITY <= 1/4 MILE


RELATIVE HUMIDITY (PERCENT)
 HIGHEST   100          1200 AM
 LOWEST     92          1100 AM
 AVERAGE    96

..........................................................


THE GOODLAND KS CLIMATE NORMALS FOR TOMORROW
                         NORMAL    RECORD    YEAR
 MAXIMUM TEMPERATURE (F)   54        78      1989
 MINIMUM TEMPERATURE (F)   27        -2      1911


SUNRISE AND SUNSET
NOVEMBER 11 2017......SUNRISE   626 AM MST   SUNSET   435 PM MST
NOVEMBER 12 2017......SUNRISE   627 AM MST   SUNSET   434 PM MST


-  INDICATES NEGATIVE NUMBERS.
R  INDICATES RECORD WAS SET OR TIED.
MM INDICATES DATA IS MISSING.
T  INDICATES TRACE AMOUNT.

&&

THE AVERAGE SOIL TEMPERATURE AT THE FOUR INCH DEPTH... 39
THE CURRENT DEPTH OF FROST... 00 INCHES

$$
