000
CDUS43 KGLD 270140
CLIGLD

CLIMATE REPORT
NATIONAL WEATHER SERVICE GOODLAND
635 PM MST FRI JAN 26 2018

...................................

...THE GOODLAND KS CLIMATE SUMMARY FOR JANUARY 26 2018...
VALID TODAY AS OF 0600 PM LOCAL TIME.

CLIMATE NORMAL PERIOD 1981 TO 2010
CLIMATE RECORD PERIOD 1895 TO 2018

WEATHER ITEM   OBSERVED TIME   RECORD YEAR NORMAL DEPARTURE LAST
                VALUE   (LST)  VALUE       VALUE  FROM      YEAR
                                                  NORMAL
..................................................................
TEMPERATURE (F)
 TODAY
  MAXIMUM         43    307 PM  79    1951  42      1       38
  MINIMUM         25    658 AM -14    1963  17      8       11
  AVERAGE         34                        30      4       25

PRECIPITATION (IN)
  TODAY            0.00          1.02 1944   0.01  -0.01     0.00
  MONTH TO DATE    0.68                      0.31   0.37     0.91
  SINCE DEC 1      0.77                      0.77   0.00     1.51
  SINCE JAN 1      0.68                      0.31   0.37     0.91

SNOWFALL (IN)
  TODAY            0.0                       0.2   -0.2      0.0
  MONTH TO DATE    9.0                       4.8    4.2      3.4
  SINCE DEC 1     10.5                      10.3    0.2      8.4
  SINCE JUL 1     10.6                      17.5   -6.9      9.0
  SNOW DEPTH       2

DEGREE DAYS
 HEATING
  TODAY           31                        35     -4       40
  MONTH TO DATE  890                       912    -22      987
  SINCE DEC 1   1964                      2000    -36     2189
  SINCE JUL 1   3115                      3319   -204     3052

 COOLING
  TODAY            0                         0      0        0
  MONTH TO DATE    0                         0      0        0
  SINCE DEC 1      0                         0      0        0
  SINCE JAN 1      0                         0      0        0
..................................................................

WIND (MPH)
  HIGHEST WIND SPEED    29   HIGHEST WIND DIRECTION    NW (330)
  HIGHEST GUST SPEED    39   HIGHEST GUST DIRECTION    NW (330)
  AVERAGE WIND SPEED    15.6


SKY COVER
  AVERAGE SKY COVER 0.1


WEATHER CONDITIONS
 THE FOLLOWING WEATHER WAS RECORDED TODAY.
  NO SIGNIFICANT WEATHER WAS OBSERVED.


RELATIVE HUMIDITY (PERCENT)
 HIGHEST    75           600 AM
 LOWEST     40          1200 AM
 AVERAGE    58

..........................................................


THE GOODLAND KS CLIMATE NORMALS FOR TOMORROW
                         NORMAL    RECORD    YEAR
 MAXIMUM TEMPERATURE (F)   42        79      2015
 MINIMUM TEMPERATURE (F)   17       -16      1948
                                             1897


SUNRISE AND SUNSET
JANUARY 26 2018.......SUNRISE   659 AM MST   SUNSET   500 PM MST
JANUARY 27 2018.......SUNRISE   658 AM MST   SUNSET   501 PM MST


-  INDICATES NEGATIVE NUMBERS.
R  INDICATES RECORD WAS SET OR TIED.
MM INDICATES DATA IS MISSING.
T  INDICATES TRACE AMOUNT.

&&

THE AVERAGE SOIL TEMPERATURE AT THE FOUR INCH DEPTH... 31
THE CURRENT DEPTH OF FROST... 6 INCHES

$$
