924
CDUS43 KGLD 250037
CLIGLD

CLIMATE REPORT
NATIONAL WEATHER SERVICE GOODLAND
536 PM MST THU NOV 24 2016

...................................

...THE GOODLAND KS CLIMATE SUMMARY FOR NOVEMBER 24 2016...
VALID TODAY AS OF 0500 PM LOCAL TIME.

CLIMATE NORMAL PERIOD 1981 TO 2010
CLIMATE RECORD PERIOD 1895 TO 2016

WEATHER ITEM   OBSERVED TIME   RECORD YEAR NORMAL DEPARTURE LAST
                VALUE   (LST)  VALUE       VALUE  FROM      YEAR
                                                  NORMAL
..................................................................
TEMPERATURE (F)
 TODAY
  MAXIMUM         53   1117 AM  82    1910  48      5       59
  MINIMUM         20    340 AM  -1    1993  22     -2       22
  AVERAGE         37                        35      2       41

PRECIPITATION (IN)
  TODAY            0.00          0.26 1944   0.02  -0.02     0.00
  MONTH TO DATE    0.21                      0.60  -0.39     0.77
  SINCE SEP 1      2.74                      3.19  -0.45     3.50
  SINCE JAN 1     16.78                     19.09  -2.31    20.25

SNOWFALL (IN)
  TODAY            0.0                       0.2   -0.2      0.0
  MONTH TO DATE    0.6                       3.5   -2.9      6.7
  SINCE SEP 1      0.6                       6.1   -5.5      6.7
  SINCE JUL 1      0.6                       6.1   -5.5      6.7
  SNOW DEPTH       0

DEGREE DAYS
 HEATING
  TODAY           28                        30     -2       24
  MONTH TO DATE  419                       590   -171      513
  SINCE SEP 1    697                      1118   -421      822
  SINCE JUL 1    704                      1130   -426      828

 COOLING
  TODAY            0                         0      0        0
  MONTH TO DATE    0                         0      0        0
  SINCE SEP 1    154                       108     46      237
  SINCE JAN 1   1103                       941    162     1145
..................................................................

WIND (MPH)
  HIGHEST WIND SPEED    38   HIGHEST WIND DIRECTION    NW (320)
  HIGHEST GUST SPEED    44   HIGHEST GUST DIRECTION    NW (310)
  AVERAGE WIND SPEED    17.5


SKY COVER
  AVERAGE SKY COVER 0.0


WEATHER CONDITIONS
 THE FOLLOWING WEATHER WAS RECORDED TODAY.
  NO SIGNIFICANT WEATHER WAS OBSERVED.


RELATIVE HUMIDITY (PERCENT)
 HIGHEST    92           700 AM
 LOWEST     38           200 PM
 AVERAGE    65

..........................................................


THE GOODLAND KS CLIMATE NORMALS FOR TOMORROW
                         NORMAL    RECORD    YEAR
 MAXIMUM TEMPERATURE (F)   48        77      1960
 MINIMUM TEMPERATURE (F)   22        -1      1993
                                             1975


SUNRISE AND SUNSET
NOVEMBER 24 2016......SUNRISE   641 AM MST   SUNSET   426 PM MST
NOVEMBER 25 2016......SUNRISE   642 AM MST   SUNSET   426 PM MST


-  INDICATES NEGATIVE NUMBERS.
R  INDICATES RECORD WAS SET OR TIED.
MM INDICATES DATA IS MISSING.
T  INDICATES TRACE AMOUNT.

&&

THE AVERAGE SOIL TEMPERATURE AT THE FOUR INCH DEPTH... 41
THE CURRENT DEPTH OF FROST... 0 INCHES

$$
