000
CDUS43 KGLD 070053
CLIGLD

CLIMATE REPORT
NATIONAL WEATHER SERVICE GOODLAND
549 PM MST THU NOV 6 2014

...................................

...THE GOODLAND KS CLIMATE SUMMARY FOR NOVEMBER 6 2014...
VALID TODAY AS OF 0500 PM LOCAL TIME.

CLIMATE NORMAL PERIOD 1981 TO 2010
CLIMATE RECORD PERIOD 1895 TO 2014

WEATHER ITEM   OBSERVED TIME   RECORD YEAR NORMAL DEPARTURE LAST
                VALUE   (LST)  VALUE       VALUE  FROM      YEAR
                                                  NORMAL
..................................................................
TEMPERATURE (F)
 TODAY
  MAXIMUM         64    254 PM  84    1980  57      7       54
  MINIMUM         27    550 AM  10    1959  30     -3       22
  AVERAGE         46                        44      2       38

PRECIPITATION (IN)
  TODAY            0.00          0.65 1946   0.02  -0.02     0.00
  MONTH TO DATE    T                         0.18  -0.18     0.16
  SINCE SEP 1      2.49                      2.77  -0.28     7.89
  SINCE JAN 1     16.39                     18.67  -2.28    16.68

SNOWFALL (IN)
  TODAY            0.0                       0.1   -0.1      0.0
  MONTH TO DATE    0.0                       0.7   -0.7       T
  SINCE SEP 1      T                         3.3   -3.3      4.0
  SINCE JUL 1      T                         3.3   -3.3      4.0
  SNOW DEPTH       0

DEGREE DAYS
 HEATING
  TODAY           19                        21     -2       27
  MONTH TO DATE   96                       122    -26      140
  SINCE SEP 1    511                       650   -139      644
  SINCE JUL 1    524                       662   -138      651

 COOLING
  TODAY            0                         0      0        0
  MONTH TO DATE    0                         0      0        0
  SINCE SEP 1    118                       108     10      183
  SINCE JAN 1    920                       941    -21     1181
..................................................................

WIND (MPH)
  HIGHEST WIND SPEED    20   HIGHEST WIND DIRECTION     S (180)
  HIGHEST GUST SPEED    24   HIGHEST GUST DIRECTION     S (190)
  AVERAGE WIND SPEED    9.2


SKY COVER
  AVERAGE SKY COVER 0.0


WEATHER CONDITIONS
 THE FOLLOWING WEATHER WAS RECORDED TODAY.
  NO SIGNIFICANT WEATHER WAS OBSERVED.


RELATIVE HUMIDITY (PERCENT)
 HIGHEST    85           500 AM
 LOWEST     28           300 PM
 AVERAGE    57

..........................................................


THE GOODLAND KS CLIMATE NORMALS FOR TOMORROW
                         NORMAL    RECORD    YEAR
 MAXIMUM TEMPERATURE (F)   57        82      1931
 MINIMUM TEMPERATURE (F)   29        12      1938


SUNRISE AND SUNSET
NOVEMBER  6 2014......SUNRISE   620 AM MST   SUNSET   440 PM MST
NOVEMBER  7 2014......SUNRISE   621 AM MST   SUNSET   439 PM MST


-  INDICATES NEGATIVE NUMBERS.
R  INDICATES RECORD WAS SET OR TIED.
MM INDICATES DATA IS MISSING.
T  INDICATES TRACE AMOUNT.

&&

THE AVERAGE SOIL TEMPERATURE AT THE FOUR INCH DEPTH... 49
THE CURRENT DEPTH OF FROST... 00 INCHES

$$
