000
CDUS43 KGLD 110756
CLIGLD

CLIMATE REPORT
NATIONAL WEATHER SERVICE GOODLAND
1240 AM MST TUE NOV 11 2014

...................................

...THE GOODLAND KS CLIMATE SUMMARY FOR NOVEMBER 10 2014...

CLIMATE NORMAL PERIOD 1981 TO 2010
CLIMATE RECORD PERIOD 1895 TO 2014

WEATHER ITEM   OBSERVED TIME   RECORD YEAR NORMAL DEPARTURE LAST
                VALUE   (LST)  VALUE       VALUE  FROM      YEAR
                                                  NORMAL
..................................................................
TEMPERATURE (F)
 YESTERDAY
  MAXIMUM         66    853 AM  87    1927  55     11       57
  MINIMUM         14   1159 PM   1    1950  28    -14       27
  AVERAGE         40                        42     -2       42

PRECIPITATION (IN)
  YESTERDAY        T             1.08 2004   0.02  -0.02     0.00
  MONTH TO DATE    T                         0.29  -0.29     0.16
  SINCE SEP 1      2.49                      2.88  -0.39     7.89
  SINCE JAN 1     16.39                     18.78  -2.39    16.68

SNOWFALL (IN)
  YESTERDAY        T                         0.2   -0.2      0.0
  MONTH TO DATE    T                         1.3   -1.3       T
  SINCE SEP 1      T                         3.9   -3.9      4.0
  SINCE JUL 1      T                         3.9   -3.9      4.0
  SNOW DEPTH       0

DEGREE DAYS
 HEATING
  YESTERDAY       25                        23      2       23
  MONTH TO DATE  156                       212    -56      214
  SINCE SEP 1    571                       740   -169      718
  SINCE JUL 1    584                       752   -168      725

 COOLING
  YESTERDAY        0                         0      0        0
  MONTH TO DATE    0                         0      0        0
  SINCE SEP 1    118                       108     10      183
  SINCE JAN 1    920                       941    -21     1181
..................................................................

WIND (MPH)
  HIGHEST WIND SPEED    38   HIGHEST WIND DIRECTION     N (350)
  HIGHEST GUST SPEED    49   HIGHEST GUST DIRECTION     N (350)
  AVERAGE WIND SPEED    22.5


SKY COVER
  AVERAGE SKY COVER 0.3


WEATHER CONDITIONS
 THE FOLLOWING WEATHER WAS RECORDED YESTERDAY.
  LIGHT SNOW
  FOG
  HAZE


RELATIVE HUMIDITY (PERCENT)
 HIGHEST    77
 LOWEST     20
 AVERAGE    49

..........................................................


THE GOODLAND KS CLIMATE NORMALS FOR TODAY
                         NORMAL    RECORD    YEAR
 MAXIMUM TEMPERATURE (F)   55        80      2005
 MINIMUM TEMPERATURE (F)   28         3      1940
                                             1911


SUNRISE AND SUNSET
NOVEMBER 11 2014......SUNRISE   626 AM MST   SUNSET   435 PM MST
NOVEMBER 12 2014......SUNRISE   627 AM MST   SUNSET   434 PM MST


-  INDICATES NEGATIVE NUMBERS.
R  INDICATES RECORD WAS SET OR TIED.
MM INDICATES DATA IS MISSING.
T  INDICATES TRACE AMOUNT.

&&

THE AVERAGE SOIL TEMPERATURE AT THE FOUR INCH DEPTH... 50
THE CURRENT DEPTH OF FROST... 0 INCHES

$$
