000
CDUS43 KGLD 050749
CLIGLD

CLIMATE REPORT
NATIONAL WEATHER SERVICE GOODLAND
147 AM MDT MON JUN 5 2017

...................................

...THE GOODLAND KS CLIMATE SUMMARY FOR JUNE 4 2017...

CLIMATE NORMAL PERIOD 1981 TO 2010
CLIMATE RECORD PERIOD 1895 TO 2017

WEATHER ITEM   OBSERVED TIME   RECORD YEAR NORMAL DEPARTURE LAST
                VALUE   (LST)  VALUE       VALUE  FROM      YEAR
                                                  NORMAL
..................................................................
TEMPERATURE (F)
 YESTERDAY
  MAXIMUM         83    449 PM 101    1956  79      4       81
  MINIMUM         55    419 AM  36    1943  52      3       50
  AVERAGE         69                        66      3       66

PRECIPITATION (IN)
  YESTERDAY        0.00          1.30 1949   0.12  -0.12     0.00
  MONTH TO DATE    0.23                      0.45  -0.22     0.00
  SINCE JUN 1      0.23                      0.45  -0.22     0.00
  SINCE JAN 1     12.62                      6.93   5.69     7.36

SNOWFALL (IN)
  YESTERDAY        0.0                       0.0    0.0      0.0
  MONTH TO DATE    0.0                       0.0    0.0      0.0
  SINCE JUN 1      0.0                       0.0    0.0      0.0
  SINCE JUL 1     14.2                      35.5  -21.3     30.1
  SNOW DEPTH       0

DEGREE DAYS
 HEATING
  YESTERDAY        0                         3     -3        0
  MONTH TO DATE    0                        12    -12        2
  SINCE JUN 1      0                        12    -12        2
  SINCE JUL 1   5118                      5878   -760     5131

 COOLING
  YESTERDAY        4                         3      1        1
  MONTH TO DATE   11                        12     -1        5
  SINCE JUN 1     11                        12     -1        5
  SINCE JAN 1     49                        53     -4       29
..................................................................

WIND (MPH)
  HIGHEST WIND SPEED    10   HIGHEST WIND DIRECTION     S (200)
  HIGHEST GUST SPEED    13   HIGHEST GUST DIRECTION    NE (40)
  AVERAGE WIND SPEED     6.4


SKY COVER
  AVERAGE SKY COVER 0.2


WEATHER CONDITIONS
 THE FOLLOWING WEATHER WAS RECORDED YESTERDAY.
  NO SIGNIFICANT WEATHER WAS OBSERVED.


RELATIVE HUMIDITY (PERCENT)
 HIGHEST    93
 LOWEST     33
 AVERAGE    63

..........................................................


THE GOODLAND KS CLIMATE NORMALS FOR TODAY
                         NORMAL    RECORD    YEAR
 MAXIMUM TEMPERATURE (F)   80        98      1956
 MINIMUM TEMPERATURE (F)   53        36      1998


SUNRISE AND SUNSET
JUNE  5 2017..........SUNRISE   521 AM MDT   SUNSET   811 PM MDT
JUNE  6 2017..........SUNRISE   520 AM MDT   SUNSET   811 PM MDT


-  INDICATES NEGATIVE NUMBERS.
R  INDICATES RECORD WAS SET OR TIED.
MM INDICATES DATA IS MISSING.
T  INDICATES TRACE AMOUNT.

&&

THE AVERAGE SOIL TEMPERATURE AT THE FOUR INCH DEPTH... 65

$$
