808
CDUS43 KGLD 140814
CLIGLD

CLIMATE REPORT
NATIONAL WEATHER SERVICE GOODLAND
210 AM MDT SUN AUG 14 2016

...................................

...THE GOODLAND KS CLIMATE SUMMARY FOR AUGUST 13 2016...

CLIMATE NORMAL PERIOD 1981 TO 2010
CLIMATE RECORD PERIOD 1895 TO 2016

WEATHER ITEM   OBSERVED TIME   RECORD YEAR NORMAL DEPARTURE LAST
                VALUE   (LST)  VALUE       VALUE  FROM      YEAR
                                                  NORMAL
..................................................................
TEMPERATURE (F)
 YESTERDAY
  MAXIMUM         90    203 PM 103    1936  88      2       94
  MINIMUM         59   1043 PM  41    1920  61     -2       63
  AVERAGE         75                        74      1       79

PRECIPITATION (IN)
  YESTERDAY        0.42          0.62 1916   0.09   0.33     0.08
  MONTH TO DATE    0.79                      1.34  -0.55     0.11
  SINCE JUN 1      5.16                      8.06  -2.90     4.70
  SINCE JAN 1     12.52                     14.54  -2.02    16.49

SNOWFALL (IN)
  YESTERDAY        0.0                       0.0    0.0      0.0
  MONTH TO DATE    0.0                       0.0    0.0      0.0
  SINCE JUN 1      0.0                       0.0    0.0      0.0
  SINCE JUL 1      0.0                       0.0    0.0      0.0
  SNOW DEPTH       0

DEGREE DAYS
 HEATING
  YESTERDAY        0                         0      0        0
  MONTH TO DATE    0                         0      0        0
  SINCE JUN 1      2                        41    -39        6
  SINCE JUL 1      0                         4     -4        1

 COOLING
  YESTERDAY       10                        10      0       14
  MONTH TO DATE  137                       132      5      155
  SINCE JUN 1    828                       645    183      740
  SINCE JAN 1    852                       686    166      746
..................................................................

WIND (MPH)
  HIGHEST WIND SPEED    35   HIGHEST WIND DIRECTION     W (290)
  HIGHEST GUST SPEED    43   HIGHEST GUST DIRECTION     W (290)
  AVERAGE WIND SPEED     9.3


SKY COVER
  AVERAGE SKY COVER 0.1


WEATHER CONDITIONS
 THE FOLLOWING WEATHER WAS RECORDED YESTERDAY.
  THUNDERSTORM
  HEAVY RAIN
  RAIN
  LIGHT RAIN
  FOG


RELATIVE HUMIDITY (PERCENT)
 HIGHEST    84
 LOWEST     26
 AVERAGE    55

..........................................................


THE GOODLAND KS CLIMATE NORMALS FOR TODAY
                         NORMAL    RECORD    YEAR
 MAXIMUM TEMPERATURE (F)   88       104      1937
 MINIMUM TEMPERATURE (F)   61        47      1920


SUNRISE AND SUNSET
AUGUST 14 2016........SUNRISE   559 AM MDT   SUNSET   743 PM MDT
AUGUST 15 2016........SUNRISE   600 AM MDT   SUNSET   742 PM MDT


-  INDICATES NEGATIVE NUMBERS.
R  INDICATES RECORD WAS SET OR TIED.
MM INDICATES DATA IS MISSING.
T  INDICATES TRACE AMOUNT.

&&

THE AVERAGE SOIL TEMPERATURE AT THE FOUR INCH DEPTH... 76

$$
