000
CDUS43 KGLD 290744
CLIGLD

CLIMATE REPORT
NATIONAL WEATHER SERVICE GOODLAND
141 AM MDT SAT JUL 29 2017

...................................

...THE GOODLAND KS CLIMATE SUMMARY FOR JULY 28 2017...

CLIMATE NORMAL PERIOD 1981 TO 2010
CLIMATE RECORD PERIOD 1895 TO 2017

WEATHER ITEM   OBSERVED TIME   RECORD YEAR NORMAL DEPARTURE LAST
                VALUE   (LST)  VALUE       VALUE  FROM      YEAR
                                                  NORMAL
..................................................................
TEMPERATURE (F)
 YESTERDAY
  MAXIMUM         89    352 PM 106    1943  90     -1       85
  MINIMUM         63    235 AM  52    1958  62      1       60
  AVERAGE         76                        76      0       73

PRECIPITATION (IN)
  YESTERDAY        0.18          1.15 1985   0.11   0.07     0.22
  MONTH TO DATE    1.12                      3.13  -2.01     2.74
  SINCE JUN 1      5.56                      6.38  -0.82     4.36
  SINCE JAN 1     17.95                     12.86   5.09    11.72

SNOWFALL (IN)
  YESTERDAY        0.0                       0.0    0.0      0.0
  MONTH TO DATE    0.0                       0.0    0.0      0.0
  SINCE JUN 1      T                         0.0    0.0      0.0
  SINCE JUL 1      0.0                       0.0    0.0      0.0
  SNOW DEPTH       0

DEGREE DAYS
 HEATING
  YESTERDAY        0                         0      0        0
  MONTH TO DATE    0                         0      0        0
  SINCE JUN 1     13                        37    -24        2
  SINCE JUL 1      0                         0      0        0

 COOLING
  YESTERDAY       11                        11      0        8
  MONTH TO DATE  349                       301     48      371
  SINCE JUN 1    564                       480     84      660
  SINCE JAN 1    602                       521     81      684
..................................................................

WIND (MPH)
  HIGHEST WIND SPEED    29   HIGHEST WIND DIRECTION     S (180)
  HIGHEST GUST SPEED    36   HIGHEST GUST DIRECTION     S (190)
  AVERAGE WIND SPEED    12.4


SKY COVER
  AVERAGE SKY COVER 0.3


WEATHER CONDITIONS
 THE FOLLOWING WEATHER WAS RECORDED YESTERDAY.
  THUNDERSTORM
  LIGHT RAIN


RELATIVE HUMIDITY (PERCENT)
 HIGHEST    93
 LOWEST     46
 AVERAGE    70

..........................................................


THE GOODLAND KS CLIMATE NORMALS FOR TODAY
                         NORMAL    RECORD    YEAR
 MAXIMUM TEMPERATURE (F)   90       104      1947
 MINIMUM TEMPERATURE (F)   62        48      1971


SUNRISE AND SUNSET
JULY 29 2017..........SUNRISE   544 AM MDT   SUNSET   802 PM MDT
JULY 30 2017..........SUNRISE   545 AM MDT   SUNSET   801 PM MDT


-  INDICATES NEGATIVE NUMBERS.
R  INDICATES RECORD WAS SET OR TIED.
MM INDICATES DATA IS MISSING.
T  INDICATES TRACE AMOUNT.

&&

THE AVERAGE SOIL TEMPERATURE AT THE FOUR INCH DEPTH... 77

$$
