000
CDUS43 KGLD 080726
CLIGLD

CLIMATE REPORT
NATIONAL WEATHER SERVICE GOODLAND
125 AM MDT FRI AUG 8 2014

...................................

...THE GOODLAND KS CLIMATE SUMMARY FOR AUGUST 7 2014...

CLIMATE NORMAL PERIOD 1981 TO 2010
CLIMATE RECORD PERIOD 1895 TO 2014

WEATHER ITEM   OBSERVED TIME   RECORD YEAR NORMAL DEPARTURE LAST
                VALUE   (LST)  VALUE       VALUE  FROM      YEAR
                                                  NORMAL
..................................................................
TEMPERATURE (F)
 YESTERDAY
  MAXIMUM         89    334 PM 105    1938  89      0       77
                                      1935
                                      1934
  MINIMUM         58    508 AM  48    1990  62     -4       60
  AVERAGE         74                        75     -1       69

PRECIPITATION (IN)
  YESTERDAY        0.21          2.20 2008   0.10   0.11     0.45
  MONTH TO DATE    0.26                      0.74  -0.48     0.50
  SINCE JUN 1      7.86                      7.46   0.40     3.99
  SINCE JAN 1     11.40                     13.94  -2.54     8.35

SNOWFALL (IN)
  YESTERDAY        0.0                       0.0    0.0      0.0
  MONTH TO DATE    0.0                       0.0    0.0      0.0
  SINCE JUN 1      0.0                       0.0    0.0      0.0
  SINCE JUL 1      0.0                       0.0    0.0      0.0
  SNOW DEPTH       0

DEGREE DAYS
 HEATING
  YESTERDAY        0                         0      0        0
  MONTH TO DATE    0                         0      0        0
  SINCE JUN 1     51                        41     10       38
  SINCE JUL 1     13                         4      9        7

 COOLING
  YESTERDAY        9                        10     -1        4
  MONTH TO DATE   76                        72      4       74
  SINCE JUN 1    528                       585    -57      655
  SINCE JAN 1    574                       626    -52      744
..................................................................

WIND (MPH)
  HIGHEST WIND SPEED    32   HIGHEST WIND DIRECTION     N (340)
  HIGHEST GUST SPEED    40   HIGHEST GUST DIRECTION    NW (330)
  AVERAGE WIND SPEED     7.4


SKY COVER
  AVERAGE SKY COVER 0.2


WEATHER CONDITIONS
 THE FOLLOWING WEATHER WAS RECORDED YESTERDAY.
  THUNDERSTORM
  RAIN
  LIGHT RAIN
  FOG
  HAZE


RELATIVE HUMIDITY (PERCENT)
 HIGHEST    93
 LOWEST     34
 AVERAGE    64

..........................................................


THE GOODLAND KS CLIMATE NORMALS FOR TODAY
                         NORMAL    RECORD    YEAR
 MAXIMUM TEMPERATURE (F)   89       108      1934
 MINIMUM TEMPERATURE (F)   61        46      1939


SUNRISE AND SUNSET
AUGUST  8 2014........SUNRISE   553 AM MDT   SUNSET   751 PM MDT
AUGUST  9 2014........SUNRISE   554 AM MDT   SUNSET   750 PM MDT


-  INDICATES NEGATIVE NUMBERS.
R  INDICATES RECORD WAS SET OR TIED.
MM INDICATES DATA IS MISSING.
T  INDICATES TRACE AMOUNT.

&&

THE AVERAGE SOIL TEMPERATURE AT THE FOUR INCH DEPTH... 75

$$
