000
CDUS43 KGLD 150037
CLIGLD

CLIMATE REPORT
NATIONAL WEATHER SERVICE GOODLAND
636 PM MDT WED SEP 14 2016

...................................

...THE GOODLAND KS CLIMATE SUMMARY FOR SEPTEMBER 14 2016...
VALID TODAY AS OF 0600 PM LOCAL TIME.

CLIMATE NORMAL PERIOD 1981 TO 2010
CLIMATE RECORD PERIOD 1895 TO 2016

WEATHER ITEM   OBSERVED TIME   RECORD YEAR NORMAL DEPARTURE LAST
                VALUE   (LST)  VALUE       VALUE  FROM      YEAR
                                                  NORMAL
..................................................................
TEMPERATURE (F)
 TODAY
  MAXIMUM         67    459 PM 101    1895  80    -13       96
  MINIMUM         50    415 AM  31    1993  51     -1       59
  AVERAGE         59                        66     -7       78

PRECIPITATION (IN)
  TODAY            0.00          1.83 1925   0.03  -0.03     0.00
  MONTH TO DATE    1.80                      0.60   1.20     0.09
  SINCE SEP 1      1.80                      0.60   1.20     0.09
  SINCE JAN 1     15.84                     16.50  -0.66    16.84

SNOWFALL (IN)
  TODAY            0.0                       0.0    0.0      0.0
  MONTH TO DATE    T                         0.1   -0.1      0.0
  SINCE SEP 1      T                         0.1   -0.1      0.0
  SINCE JUL 1      T                         0.1   -0.1      0.0
  SNOW DEPTH       0

DEGREE DAYS
 HEATING
  TODAY            6                         3      3        0
  MONTH TO DATE   23                        24     -1        4
  SINCE SEP 1     23                        24     -1        4
  SINCE JUL 1     30                        36     -6       10

 COOLING
  TODAY            0                         3     -3       13
  MONTH TO DATE   69                        69      0      140
  SINCE SEP 1     69                        69      0      140
  SINCE JAN 1   1018                       902    116     1048
..................................................................

WIND (MPH)
  HIGHEST WIND SPEED    23   HIGHEST WIND DIRECTION     S (170)
  HIGHEST GUST SPEED    27   HIGHEST GUST DIRECTION     S (170)
  AVERAGE WIND SPEED    11.3


SKY COVER
  AVERAGE SKY COVER 0.9


WEATHER CONDITIONS
 THE FOLLOWING WEATHER WAS RECORDED TODAY.
  FOG


RELATIVE HUMIDITY (PERCENT)
 HIGHEST   100          1200 AM
 LOWEST     72           100 PM
 AVERAGE    86

..........................................................


THE GOODLAND KS CLIMATE NORMALS FOR TOMORROW
                         NORMAL    RECORD    YEAR
 MAXIMUM TEMPERATURE (F)   80        99      1955
 MINIMUM TEMPERATURE (F)   50        34      1951
                                             1934


SUNRISE AND SUNSET
SEPTEMBER 14 2016.....SUNRISE   628 AM MDT   SUNSET   656 PM MDT
SEPTEMBER 15 2016.....SUNRISE   628 AM MDT   SUNSET   654 PM MDT


-  INDICATES NEGATIVE NUMBERS.
R  INDICATES RECORD WAS SET OR TIED.
MM INDICATES DATA IS MISSING.
T  INDICATES TRACE AMOUNT.

&&

THE AVERAGE SOIL TEMPERATURE AT THE FOUR INCH DEPTH... 61

$$
