000
CDUS43 KGLD 290747
CLIGLD

CLIMATE REPORT
NATIONAL WEATHER SERVICE GOODLAND
144 AM MDT THU JUN 29 2017

...................................

...THE GOODLAND KS CLIMATE SUMMARY FOR JUNE 28 2017...

CLIMATE NORMAL PERIOD 1981 TO 2010
CLIMATE RECORD PERIOD 1895 TO 2017

WEATHER ITEM   OBSERVED TIME   RECORD YEAR NORMAL DEPARTURE LAST
                VALUE   (LST)  VALUE       VALUE  FROM      YEAR
                                                  NORMAL
..................................................................
TEMPERATURE (F)
 YESTERDAY
  MAXIMUM         90    409 PM 106    1970  88      2       92
  MINIMUM         59    458 AM  43    1985  59      0       60
  AVERAGE         75                        74      1       76

PRECIPITATION (IN)
  YESTERDAY        0.03          4.15 1989   0.11  -0.08     0.66
  MONTH TO DATE    3.68                      3.05   0.63     1.27
  SINCE JUN 1      3.68                      3.05   0.63     1.27
  SINCE JAN 1     16.07                      9.53   6.54     8.63

SNOWFALL (IN)
  YESTERDAY        0.0                       0.0    0.0      0.0
  MONTH TO DATE    T                         0.0    0.0      0.0
  SINCE JUN 1      T                         0.0    0.0      0.0
  SINCE JUL 1     14.2                      35.5  -21.3     30.1
  SNOW DEPTH       0

DEGREE DAYS
 HEATING
  YESTERDAY        0                         0      0        0
  MONTH TO DATE   13                        36    -23        2
  SINCE JUN 1     13                        36    -23        2
  SINCE JUL 1   5131                      5902   -771     5131

 COOLING
  YESTERDAY       10                         9      1       11
  MONTH TO DATE  210                       161     49      270
  SINCE JUN 1    210                       161     49      270
  SINCE JAN 1    248                       202     46      294
..................................................................

WIND (MPH)
  HIGHEST WIND SPEED    22   HIGHEST WIND DIRECTION    NE (40)
  HIGHEST GUST SPEED    26   HIGHEST GUST DIRECTION     N (360)
  AVERAGE WIND SPEED     8.5


SKY COVER
  AVERAGE SKY COVER 0.0


WEATHER CONDITIONS
 THE FOLLOWING WEATHER WAS RECORDED YESTERDAY.
  THUNDERSTORM
  LIGHT RAIN


RELATIVE HUMIDITY (PERCENT)
 HIGHEST    97
 LOWEST     23
 AVERAGE    60

..........................................................


THE GOODLAND KS CLIMATE NORMALS FOR TODAY
                         NORMAL    RECORD    YEAR
 MAXIMUM TEMPERATURE (F)   89       107      1963
 MINIMUM TEMPERATURE (F)   59        45      1908


SUNRISE AND SUNSET
JUNE 29 2017..........SUNRISE   523 AM MDT   SUNSET   818 PM MDT
JUNE 30 2017..........SUNRISE   523 AM MDT   SUNSET   818 PM MDT


-  INDICATES NEGATIVE NUMBERS.
R  INDICATES RECORD WAS SET OR TIED.
MM INDICATES DATA IS MISSING.
T  INDICATES TRACE AMOUNT.

&&

THE AVERAGE SOIL TEMPERATURE AT THE FOUR INCH DEPTH... 70

$$
