224
CDUS43 KGLD 050751
CLIGLD

CLIMATE REPORT
NATIONAL WEATHER SERVICE GOODLAND
150 AM MDT SUN NOV 5 2017

...................................

...THE GOODLAND KS CLIMATE SUMMARY FOR NOVEMBER 4 2017...

CLIMATE NORMAL PERIOD 1981 TO 2010
CLIMATE RECORD PERIOD 1895 TO 2017

WEATHER ITEM   OBSERVED TIME   RECORD YEAR NORMAL DEPARTURE LAST
                VALUE   (LST)  VALUE       VALUE  FROM      YEAR
                                                  NORMAL
..................................................................
TEMPERATURE (F)
 YESTERDAY
  MAXIMUM         75    309 PM  79    1999  58     17       72
  MINIMUM         36    732 AM  10    1967  31      5       40
  AVERAGE         56                        44     12       56

PRECIPITATION (IN)
  YESTERDAY        0.00          0.40 1946   0.04  -0.04     0.00
  MONTH TO DATE    0.00                      0.13  -0.13     0.00
  SINCE SEP 1      4.29                      2.72   1.57     2.53
  SINCE JAN 1     26.25                     18.62   7.63    16.57

SNOWFALL (IN)
  YESTERDAY        0.0                       0.1   -0.1      0.0
  MONTH TO DATE    0.0                       0.5   -0.5      0.0
  SINCE SEP 1      0.1                       3.1   -3.0       T
  SINCE JUL 1      0.1                       3.1   -3.0       T
  SNOW DEPTH       0

DEGREE DAYS
 HEATING
  YESTERDAY        9                        21    -12        9
  MONTH TO DATE   82                        80      2       42
  SINCE SEP 1    593                       608    -15      320
  SINCE JUL 1    593                       620    -27      327

 COOLING
  YESTERDAY        0                         0      0        0
  MONTH TO DATE    0                         0      0        0
  SINCE SEP 1    140                       108     32      154
  SINCE JAN 1    959                       941     18     1103
..................................................................

WIND (MPH)
  HIGHEST WIND SPEED    21   HIGHEST WIND DIRECTION     N (360)
  HIGHEST GUST SPEED    28   HIGHEST GUST DIRECTION     N (360)
  AVERAGE WIND SPEED    11.6


SKY COVER
  AVERAGE SKY COVER 0.4


WEATHER CONDITIONS
 THE FOLLOWING WEATHER WAS RECORDED YESTERDAY.
  FOG
  FOG W/VISIBILITY <= 1/4 MILE


RELATIVE HUMIDITY (PERCENT)
 HIGHEST   100
 LOWEST     21
 AVERAGE    61

..........................................................


THE GOODLAND KS CLIMATE NORMALS FOR TODAY
                         NORMAL    RECORD    YEAR
 MAXIMUM TEMPERATURE (F)   58        82      1914
 MINIMUM TEMPERATURE (F)   30         8      1967


SUNRISE AND SUNSET
NOVEMBER  5 2017......SUNRISE   620 AM MST   SUNSET   441 PM MST
NOVEMBER  6 2017......SUNRISE   621 AM MST   SUNSET   440 PM MST


-  INDICATES NEGATIVE NUMBERS.
R  INDICATES RECORD WAS SET OR TIED.
MM INDICATES DATA IS MISSING.
T  INDICATES TRACE AMOUNT.

&&

THE AVERAGE SOIL TEMPERATURE AT THE FOUR INCH DEPTH... 45
THE CURRENT DEPTH OF FROST... 00 INCHES

$$
