000
CDUS43 KGLD 200737
CLIGLD

CLIMATE REPORT
NATIONAL WEATHER SERVICE GOODLAND
136 AM MDT SUN JUL 20 2014

...................................

...THE GOODLAND KS CLIMATE SUMMARY FOR JULY 19 2014...

CLIMATE NORMAL PERIOD 1981 TO 2010
CLIMATE RECORD PERIOD 1895 TO 2014

WEATHER ITEM   OBSERVED TIME   RECORD YEAR NORMAL DEPARTURE LAST
                VALUE   (LST)  VALUE       VALUE  FROM      YEAR
                                                  NORMAL
..................................................................
TEMPERATURE (F)
 YESTERDAY
  MAXIMUM         89    513 PM 106    1934  90     -1       95
  MINIMUM         59    454 AM  45    1897  62     -3       64
  AVERAGE         74                        76     -2       80

PRECIPITATION (IN)
  YESTERDAY        0.00          2.08 1985   0.11  -0.11     0.14
  MONTH TO DATE    1.73                      2.11  -0.38     0.16
  SINCE JUN 1      7.26                      5.36   1.90     3.20
  SINCE JAN 1     10.80                     11.84  -1.04     7.56

SNOWFALL (IN)
  YESTERDAY        0.0                       0.0    0.0      0.0
  MONTH TO DATE    0.0                       0.0    0.0      0.0
  SINCE JUN 1      0.0                       0.0    0.0      0.0
  SINCE JUL 1      0.0                       0.0    0.0      0.0
  SNOW DEPTH       0

DEGREE DAYS
 HEATING
  YESTERDAY        0                         0      0        0
  MONTH TO DATE   13                         0     13        0
  SINCE JUN 1     51                        37     14       31
  SINCE JUL 1     13                         0     13        0

 COOLING
  YESTERDAY        9                        11     -2       15
  MONTH TO DATE  155                       202    -47      225
  SINCE JUN 1    304                       381    -77      482
  SINCE JAN 1    350                       422    -72      571
..................................................................

WIND (MPH)
  HIGHEST WIND SPEED    18   HIGHEST WIND DIRECTION     S (190)
  HIGHEST GUST SPEED    25   HIGHEST GUST DIRECTION     S (190)
  AVERAGE WIND SPEED    10.5


SKY COVER
  AVERAGE SKY COVER 0.2


WEATHER CONDITIONS
THE FOLLOWING WEATHER WAS RECORDED YESTERDAY.
  FOG
  FOG W/VISIBILITY <= 1/4 MILE


RELATIVE HUMIDITY (PERCENT)
 HIGHEST   100
 LOWEST     46
 AVERAGE    73

..........................................................


THE GOODLAND KS CLIMATE NORMALS FOR TODAY
                         NORMAL    RECORD    YEAR
 MAXIMUM TEMPERATURE (F)   90       109      2005
                                             1939
 MINIMUM TEMPERATURE (F)   62        50      1897


SUNRISE AND SUNSET
JULY 20 2014..........SUNRISE   536 AM MDT   SUNSET   810 PM MDT
JULY 21 2014..........SUNRISE   537 AM MDT   SUNSET   809 PM MDT


-  INDICATES NEGATIVE NUMBERS.
R  INDICATES RECORD WAS SET OR TIED.
MM INDICATES DATA IS MISSING.
T  INDICATES TRACE AMOUNT.

&&

THE AVERAGE SOIL TEMPERATURE AT THE FOUR INCH DEPTH... 69

$$
