175
CDUS43 KGLD 050048 RRA
CLIGLD

CLIMATE REPORT
NATIONAL WEATHER SERVICE GOODLAND
542 PM MST THU JAN 4 2018

...................................

...THE GOODLAND KS CLIMATE SUMMARY FOR JANUARY 4 2018...
VALID TODAY AS OF 0500 PM LOCAL TIME.

CLIMATE NORMAL PERIOD 1981 TO 2010
CLIMATE RECORD PERIOD 1895 TO 2018

WEATHER ITEM   OBSERVED TIME   RECORD YEAR NORMAL DEPARTURE LAST
                VALUE   (LST)  VALUE       VALUE  FROM      YEAR
                                                  NORMAL
..................................................................
TEMPERATURE (F)
 TODAY
  MAXIMUM         53    246 PM  70    2001  42     11       20
  MINIMUM         13    628 AM -19    1959  17     -4       -1
  AVERAGE         33                        30      3       10

PRECIPITATION (IN)
  TODAY            0.00          0.23 1963   0.01  -0.01      T
  MONTH TO DATE    0.00                      0.05  -0.05      T
  SINCE DEC 1      0.09                      0.51  -0.42     0.60
  SINCE JAN 1      0.00                      0.05  -0.05      T

SNOWFALL (IN)
  TODAY            0.0                       0.2   -0.2       T
  MONTH TO DATE    0.0                       0.7   -0.7       T
  SINCE DEC 1      1.5                       6.2   -4.7      5.0
  SINCE JUL 1      1.6                      13.4  -11.8      5.6
  SNOW DEPTH       0

DEGREE DAYS
 HEATING
  TODAY           32                        35     -3       55
  MONTH TO DATE  168                       142     26      182
  SINCE DEC 1   1242                      1230     12     1384
  SINCE JUL 1   2393                      2549   -156     2247

 COOLING
  TODAY            0                         0      0        0
  MONTH TO DATE    0                         0      0        0
  SINCE DEC 1      0                         0      0        0
  SINCE JAN 1      0                         0      0        0
..................................................................

WIND (MPH)
  HIGHEST WIND SPEED    16   HIGHEST WIND DIRECTION     N (350)
  HIGHEST GUST SPEED    21   HIGHEST GUST DIRECTION     N (340)
  AVERAGE WIND SPEED     8.9


SKY COVER
  AVERAGE SKY COVER 0.1


WEATHER CONDITIONS
 THE FOLLOWING WEATHER WAS RECORDED TODAY.
  NO SIGNIFICANT WEATHER WAS OBSERVED.


RELATIVE HUMIDITY (PERCENT)
 HIGHEST    73           600 AM
 LOWEST     32           100 PM
 AVERAGE    53

..........................................................


THE GOODLAND KS CLIMATE NORMALS FOR TOMORROW
                         NORMAL    RECORD    YEAR
 MAXIMUM TEMPERATURE (F)   42        73      2012
 MINIMUM TEMPERATURE (F)   17       -14      1942


SUNRISE AND SUNSET
JANUARY  4 2018.......SUNRISE   707 AM MST   SUNSET   437 PM MST
JANUARY  5 2018.......SUNRISE   707 AM MST   SUNSET   438 PM MST


-  INDICATES NEGATIVE NUMBERS.
R  INDICATES RECORD WAS SET OR TIED.
MM INDICATES DATA IS MISSING.
T  INDICATES TRACE AMOUNT.

&&

THE AVERAGE SOIL TEMPERATURE AT THE FOUR INCH DEPTH... 25
THE CURRENT DEPTH OF FROST... 13 INCHES

$$
