000
CDUS43 KGLD 040739
CLIGLD

CLIMATE REPORT
NATIONAL WEATHER SERVICE GOODLAND
138 AM MDT THU AUG 4 2016

...................................

...THE GOODLAND KS CLIMATE SUMMARY FOR AUGUST 3 2016...

CLIMATE NORMAL PERIOD 1981 TO 2010
CLIMATE RECORD PERIOD 1895 TO 2016

WEATHER ITEM   OBSERVED TIME   RECORD YEAR NORMAL DEPARTURE LAST
                VALUE   (LST)  VALUE       VALUE  FROM      YEAR
                                                  NORMAL
..................................................................
TEMPERATURE (F)
 YESTERDAY
  MAXIMUM         96    335 PM 106    1916  89      7       91
  MINIMUM         64   1214 AM  44    1974  62      2       61
  AVERAGE         80                        75      5       76

PRECIPITATION (IN)
  YESTERDAY        0.00          1.29 1992   0.10  -0.10     0.00
  MONTH TO DATE    0.00                      0.32  -0.32     0.00
  SINCE JUN 1      4.37                      7.04  -2.67     4.59
  SINCE JAN 1     11.73                     13.52  -1.79    16.38

SNOWFALL (IN)
  YESTERDAY        0.0                       0.0    0.0      0.0
  MONTH TO DATE    0.0                       0.0    0.0      0.0
  SINCE JUN 1      0.0                       0.0    0.0      0.0
  SINCE JUL 1      0.0                       0.0    0.0      0.0
  SNOW DEPTH       0

DEGREE DAYS
 HEATING
  YESTERDAY        0                         0      0        0
  MONTH TO DATE    0                         0      0        0
  SINCE JUN 1      2                        41    -39        6
  SINCE JUL 1      0                         4     -4        1

 COOLING
  YESTERDAY       15                        10      5       11
  MONTH TO DATE   43                        32     11       39
  SINCE JUN 1    734                       545    189      624
  SINCE JAN 1    758                       586    172      630
..................................................................

WIND (MPH)
  HIGHEST WIND SPEED    17   HIGHEST WIND DIRECTION    SE (150)
  HIGHEST GUST SPEED    24   HIGHEST GUST DIRECTION    SE (150)
  AVERAGE WIND SPEED     7.3


SKY COVER
  AVERAGE SKY COVER 0.3


WEATHER CONDITIONS
 THE FOLLOWING WEATHER WAS RECORDED YESTERDAY.
  FOG
  FOG W/VISIBILITY <= 1/4 MILE


RELATIVE HUMIDITY (PERCENT)
 HIGHEST    97
 LOWEST     26
 AVERAGE    62

..........................................................


THE GOODLAND KS CLIMATE NORMALS FOR TODAY
                         NORMAL    RECORD    YEAR
 MAXIMUM TEMPERATURE (F)   89       104      1934
 MINIMUM TEMPERATURE (F)   62        47      1974


SUNRISE AND SUNSET
AUGUST  4 2016........SUNRISE   550 AM MDT   SUNSET   755 PM MDT
AUGUST  5 2016........SUNRISE   551 AM MDT   SUNSET   754 PM MDT


-  INDICATES NEGATIVE NUMBERS.
R  INDICATES RECORD WAS SET OR TIED.
MM INDICATES DATA IS MISSING.
T  INDICATES TRACE AMOUNT.

&&

THE AVERAGE SOIL TEMPERATURE AT THE FOUR INCH DEPTH... 81

$$
