000
CDUS43 KGLD 270740
CLIGLD

CLIMATE REPORT
NATIONAL WEATHER SERVICE GOODLAND
140 AM MDT WED SEP 27 2017

...................................

...THE GOODLAND KS CLIMATE SUMMARY FOR SEPTEMBER 26 2017...

CLIMATE NORMAL PERIOD 1981 TO 2010
CLIMATE RECORD PERIOD 1895 TO 2017

WEATHER ITEM   OBSERVED TIME   RECORD YEAR NORMAL DEPARTURE LAST
                VALUE   (LST)  VALUE       VALUE  FROM      YEAR
                                                  NORMAL
..................................................................
TEMPERATURE (F)
 YESTERDAY
  MAXIMUM         64    232 PM  90    2008  74    -10       80
                                      1974
                                      1938
  MINIMUM         42   1130 PM  22    1942  45     -3       38
  AVERAGE         53                        60     -7       59

PRECIPITATION (IN)
  YESTERDAY        0.00          1.15 1973   0.04  -0.04     0.00
  MONTH TO DATE    3.83                      1.06   2.77     2.49
  SINCE SEP 1      3.83                      1.06   2.77     2.49
  SINCE JAN 1     25.79                     16.96   8.83    16.53

SNOWFALL (IN)
  YESTERDAY        0.0                       0.0    0.0      0.0
  MONTH TO DATE    0.0                       0.3   -0.3       T
  SINCE SEP 1      0.0                       0.3   -0.3       T
  SINCE JUL 1      T                         0.3   -0.3       T
  SNOW DEPTH       0

DEGREE DAYS
 HEATING
  YESTERDAY       12                         7      5        6
  MONTH TO DATE   74                        83     -9       45
  SINCE SEP 1     74                        83     -9       45
  SINCE JUL 1     74                        95    -21       52

 COOLING
  YESTERDAY        0                         1     -1        0
  MONTH TO DATE  139                        97     42      121
  SINCE SEP 1    139                        97     42      121
  SINCE JAN 1    958                       930     28     1070
..................................................................

WIND (MPH)
  HIGHEST WIND SPEED    13   HIGHEST WIND DIRECTION     N (360)
  HIGHEST GUST SPEED    16   HIGHEST GUST DIRECTION     N (340)
  AVERAGE WIND SPEED     5.8


SKY COVER
  AVERAGE SKY COVER 0.5


WEATHER CONDITIONS
 THE FOLLOWING WEATHER WAS RECORDED YESTERDAY.
  FOG


RELATIVE HUMIDITY (PERCENT)
 HIGHEST   100
 LOWEST     56
 AVERAGE    78

..........................................................


THE GOODLAND KS CLIMATE NORMALS FOR TODAY
                         NORMAL    RECORD    YEAR
 MAXIMUM TEMPERATURE (F)   74        95      1953
 MINIMUM TEMPERATURE (F)   45        24      1908


SUNRISE AND SUNSET
SEPTEMBER 27 2017.....SUNRISE   639 AM MDT   SUNSET   635 PM MDT
SEPTEMBER 28 2017.....SUNRISE   640 AM MDT   SUNSET   634 PM MDT


-  INDICATES NEGATIVE NUMBERS.
R  INDICATES RECORD WAS SET OR TIED.
MM INDICATES DATA IS MISSING.
T  INDICATES TRACE AMOUNT.

&&

THE AVERAGE SOIL TEMPERATURE AT THE FOUR INCH DEPTH... 55

$$
