000
CDUS43 KGLD 050740 RRA
CLIGLD

CLIMATE REPORT
NATIONAL WEATHER SERVICE GOODLAND
138 AM MDT TUE APR 5 2016

...................................

...THE GOODLAND KS CLIMATE SUMMARY FOR APRIL 4 2016...

CLIMATE NORMAL PERIOD 1981 TO 2010
CLIMATE RECORD PERIOD 1895 TO 2016

WEATHER ITEM   OBSERVED TIME   RECORD YEAR NORMAL DEPARTURE LAST
                VALUE   (LST)  VALUE       VALUE  FROM      YEAR
                                                  NORMAL
..................................................................
TEMPERATURE (F)
 YESTERDAY
  MAXIMUM         75    402 PM  86    1942  60     15       67
                                      1929
  MINIMUM         35    516 AM   8    1920  31      4       35
  AVERAGE         55                        46      9       51

PRECIPITATION (IN)
  YESTERDAY        0.00          0.54 1964   0.04  -0.04     0.00
  MONTH TO DATE    0.00                      0.16  -0.16     0.57
  SINCE MAR 1      0.55                      1.23  -0.68     0.68
  SINCE JAN 1      1.41                      2.10  -0.69     1.76

SNOWFALL (IN)
  YESTERDAY        0.0                       0.2   -0.2      0.0
  MONTH TO DATE    0.0                       0.9   -0.9      2.0
  SINCE MAR 1      4.4                       7.7   -3.3      2.6
  SINCE JUL 1     27.8                      31.7   -3.9     24.7
  SNOW DEPTH       0

DEGREE DAYS
 HEATING
  YESTERDAY       10                        19     -9       14
  MONTH TO DATE   62                        79    -17       58
  SINCE MAR 1    667                       837   -170      623
  SINCE JUL 1   4513                      5254   -741     4838

 COOLING
  YESTERDAY        0                         0      0        0
  MONTH TO DATE    0                         0      0        0
  SINCE MAR 1      0                         0      0        0
  SINCE JAN 1      0                         0      0        0
..................................................................

WIND (MPH)
  HIGHEST WIND SPEED    25   HIGHEST WIND DIRECTION     S (180)
  HIGHEST GUST SPEED    32   HIGHEST GUST DIRECTION     S (180)
  AVERAGE WIND SPEED    14.0


SKY COVER
  AVERAGE SKY COVER 0.2


WEATHER CONDITIONS
 THE FOLLOWING WEATHER WAS RECORDED YESTERDAY.
  NO SIGNIFICANT WEATHER WAS OBSERVED.


RELATIVE HUMIDITY (PERCENT)
 HIGHEST    76
 LOWEST     19
 AVERAGE    48

..........................................................


THE GOODLAND KS CLIMATE NORMALS FOR TODAY
                         NORMAL    RECORD    YEAR
 MAXIMUM TEMPERATURE (F)   60        86      1932
 MINIMUM TEMPERATURE (F)   31        18      1945


SUNRISE AND SUNSET
APRIL  5 2016.........SUNRISE   624 AM MDT   SUNSET   715 PM MDT
APRIL  6 2016.........SUNRISE   623 AM MDT   SUNSET   716 PM MDT


-  INDICATES NEGATIVE NUMBERS.
R  INDICATES RECORD WAS SET OR TIED.
MM INDICATES DATA IS MISSING.
T  INDICATES TRACE AMOUNT.

&&

THE AVERAGE SOIL TEMPERATURE AT THE FOUR INCH DEPTH... 53

$$
