000
CDUS43 KGLD 110746
CLIGLD

CLIMATE REPORT
NATIONAL WEATHER SERVICE GOODLAND
1243 AM MST WED JAN 11 2017

...................................

...THE GOODLAND KS CLIMATE SUMMARY FOR JANUARY 10 2017...

CLIMATE NORMAL PERIOD 1981 TO 2010
CLIMATE RECORD PERIOD 1895 TO 2017

WEATHER ITEM   OBSERVED TIME   RECORD YEAR NORMAL DEPARTURE LAST
                VALUE   (LST)  VALUE       VALUE  FROM      YEAR
                                                  NORMAL
..................................................................
TEMPERATURE (F)
 YESTERDAY
  MAXIMUM         60    232 PM  74    1990  43     17       43
  MINIMUM         31    744 AM -14    1962  17     14        6
  AVERAGE         46                        30     16       25

PRECIPITATION (IN)
  YESTERDAY        0.06          0.32 1918   0.01   0.05     0.00
  MONTH TO DATE    0.21                      0.12   0.09     0.02
  SINCE DEC 1      0.81                      0.58   0.23     0.18
  SINCE JAN 1      0.21                      0.12   0.09     0.02

SNOWFALL (IN)
  YESTERDAY        0.0                       0.1   -0.1      0.0
  MONTH TO DATE    2.5                       1.8    0.7      0.2
  SINCE DEC 1      7.5                       7.3    0.2      1.9
  SINCE JUL 1      8.1                      14.5   -6.4     10.1
  SNOW DEPTH       0

DEGREE DAYS
 HEATING
  YESTERDAY       19                        35    -16       40
  MONTH TO DATE  431                       352     79      364
  SINCE DEC 1   1633                      1440    193     1346
  SINCE JUL 1   2496                      2759   -263     2406

 COOLING
  YESTERDAY        0                         0      0        0
  MONTH TO DATE    0                         0      0        0
  SINCE DEC 1      0                         0      0        0
  SINCE JAN 1      0                         0      0        0
..................................................................

WIND (MPH)
  HIGHEST WIND SPEED    41   HIGHEST WIND DIRECTION    NW (320)
  HIGHEST GUST SPEED    53   HIGHEST GUST DIRECTION    NW (310)
  AVERAGE WIND SPEED    15.9


SKY COVER
  AVERAGE SKY COVER 0.1


WEATHER CONDITIONS
 THE FOLLOWING WEATHER WAS RECORDED YESTERDAY.
  LIGHT RAIN


RELATIVE HUMIDITY (PERCENT)
 HIGHEST    82
 LOWEST     21
 AVERAGE    52

..........................................................


THE GOODLAND KS CLIMATE NORMALS FOR TODAY
                         NORMAL    RECORD    YEAR
 MAXIMUM TEMPERATURE (F)   43        70      2006
                                             1999
 MINIMUM TEMPERATURE (F)   17       -17      1963
                                             1918


SUNRISE AND SUNSET
JANUARY 11 2017.......SUNRISE   706 AM MST   SUNSET   444 PM MST
JANUARY 12 2017.......SUNRISE   706 AM MST   SUNSET   445 PM MST


-  INDICATES NEGATIVE NUMBERS.
R  INDICATES RECORD WAS SET OR TIED.
MM INDICATES DATA IS MISSING.
T  INDICATES TRACE AMOUNT.

&&

THE AVERAGE SOIL TEMPERATURE AT THE FOUR INCH DEPTH... 30
THE CURRENT DEPTH OF FROST... 21 INCHES

$$
