000
CDUS43 KGLD 280748
CLIGLD

WRKCLIGLD 000
TTAA00 KGLD 280747

CLIMATE REPORT
NATIONAL WEATHER SERVICE GOODLAND
143 AM MDT TUE OCT 28 2014

...................................

...THE GOODLAND KS CLIMATE SUMMARY FOR OCTOBER 27 2014...

CLIMATE NORMAL PERIOD 1981 TO 2010
CLIMATE RECORD PERIOD 1895 TO 2014

WEATHER ITEM   OBSERVED TIME   RECORD YEAR NORMAL DEPARTURE LAST
                VALUE   (LST)  VALUE       VALUE  FROM      YEAR
                                                  NORMAL
..................................................................
TEMPERATURE (F)
 YESTERDAY
  MAXIMUM         63   1118 AM  86    1937  62      1       74
  MINIMUM         32   1150 PM  17    1925  34     -2       37
  AVERAGE         48                        48      0       56

PRECIPITATION (IN)
  YESTERDAY        T             0.25 2002   0.03  -0.03     0.00
  MONTH TO DATE    0.44                      1.23  -0.79     1.21
  SINCE SEP 1      2.49                      2.45   0.04     7.70
  SINCE JAN 1     16.39                     18.35  -1.96    16.49

SNOWFALL (IN)
  YESTERDAY        0.0                       0.1   -0.1      0.0
  MONTH TO DATE    0.0                       1.8   -1.8      4.0
  SINCE SEP 1      T                         2.2   -2.2      4.0
  SINCE JUL 1      T                         2.2   -2.2      4.0
  SNOW DEPTH       0

DEGREE DAYS
 HEATING
  YESTERDAY       17                        17      0        9
  MONTH TO DATE  234                       341   -107      368
  SINCE SEP 1    334                       453   -119      415
  SINCE JUL 1    347                       465   -118      422

 COOLING
  YESTERDAY        0                         0      0        0
  MONTH TO DATE    1                         5     -4        0
  SINCE SEP 1    118                       105     13      183
  SINCE JAN 1    920                       938    -18     1181
..................................................................

WIND (MPH)
  HIGHEST WIND SPEED    33   HIGHEST WIND DIRECTION     N (360)
  HIGHEST GUST SPEED    41   HIGHEST GUST DIRECTION     N (350)
  AVERAGE WIND SPEED    15.6


SKY COVER
  AVERAGE SKY COVER 0.3


WEATHER CONDITIONS
 THE FOLLOWING WEATHER WAS RECORDED YESTERDAY.
  LIGHT RAIN


RELATIVE HUMIDITY (PERCENT)
 HIGHEST    83
 LOWEST     24
 AVERAGE    54

..........................................................


THE GOODLAND KS CLIMATE NORMALS FOR TODAY
                         NORMAL    RECORD    YEAR
 MAXIMUM TEMPERATURE (F)   62        86      1943
 MINIMUM TEMPERATURE (F)   33        10      1925


SUNRISE AND SUNSET
OCTOBER 28 2014.......SUNRISE   710 AM MDT   SUNSET   550 PM MDT
OCTOBER 29 2014.......SUNRISE   711 AM MDT   SUNSET   549 PM MDT


-  INDICATES NEGATIVE NUMBERS.
R  INDICATES RECORD WAS SET OR TIED.
MM INDICATES DATA IS MISSING.
T  INDICATES TRACE AMOUNT.

&&

THE AVERAGE SOIL TEMPERATURE AT THE FOUR INCH DEPTH... 58

$$
