191
CDUS43 KGLD 270755
CLIGLD

CLIMATE REPORT
NATIONAL WEATHER SERVICE GOODLAND
1242 AM MST WED JAN 27 2016

...................................

...THE BURLINGTON CO CLIMATE SUMMARY FOR JANUARY 26 2016...

CLIMATE NORMAL PERIOD 1981 TO 2010
CLIMATE RECORD PERIOD 1896 TO 2016


WEATHER ITEM   OBSERVED TIME   RECORD YEAR NORMAL DEPARTURE LAST
                VALUE   (LST)  VALUE       VALUE  FROM      YEAR
                                                  NORMAL
..................................................................
TEMPERATURE (F)
 YESTERDAY
  MAXIMUM         46    300 PM  72    2002  42      4       67
  MINIMUM         13    528 AM  -9    1963  17     -4       34
  AVERAGE         30                        30      0       51

PRECIPITATION (IN)
  YESTERDAY        0.00                      0.02  -0.02     0.00
  MONTH TO DATE    0.01                      0.27  -0.26     0.25
  SINCE DEC 1      0.27                      0.70  -0.43     2.72
  SINCE JAN 1      0.01                      0.27  -0.26     0.25

..................................................................

THE BURLINGTON CO CLIMATE NORMALS FOR TODAY
                         NORMAL    RECORD    YEAR
 MAXIMUM TEMPERATURE (F)   42        79      1951
 MINIMUM TEMPERATURE (F)   17       -10      1916



-  INDICATES NEGATIVE NUMBERS.
R  INDICATES RECORD WAS SET OR TIED.
MM INDICATES DATA IS MISSING.
T  INDICATES TRACE AMOUNT.




$$
