072
CDUS43 KGLD 110043
CLIGLD

CLIMATE REPORT
NATIONAL WEATHER SERVICE GOODLAND
641 PM MDT WED AUG 10 2016

...................................

...THE GOODLAND KS CLIMATE SUMMARY FOR AUGUST 10 2016...
VALID TODAY AS OF 0600 PM LOCAL TIME.

CLIMATE NORMAL PERIOD 1981 TO 2010
CLIMATE RECORD PERIOD 1895 TO 2016

WEATHER ITEM   OBSERVED TIME   RECORD YEAR NORMAL DEPARTURE LAST
                VALUE   (LST)  VALUE       VALUE  FROM      YEAR
                                                  NORMAL
..................................................................
TEMPERATURE (F)
 TODAY
  MAXIMUM         97    411 PM 105    1964  88      9       87
                                      1937
  MINIMUM         67    519 AM  48    1960  61      6       65
  AVERAGE         82                        75      7       76

PRECIPITATION (IN)
  TODAY            0.00          2.05 1977   0.10  -0.10     0.00
  MONTH TO DATE    0.25                      1.04  -0.79     0.03
  SINCE JUN 1      4.62                      7.76  -3.14     4.62
  SINCE JAN 1     11.98                     14.24  -2.26    16.41

SNOWFALL (IN)
  TODAY            0.0                       0.0    0.0      0.0
  MONTH TO DATE    0.0                       0.0    0.0      0.0
  SINCE JUN 1      0.0                       0.0    0.0      0.0
  SINCE JUL 1      0.0                       0.0    0.0      0.0
  SNOW DEPTH       0

DEGREE DAYS
 HEATING
  TODAY            0                         0      0        0
  MONTH TO DATE    0                         0      0        0
  SINCE JUN 1      2                        41    -39        6
  SINCE JUL 1      0                         4     -4        1

 COOLING
  TODAY           17                        10      7       11
  MONTH TO DATE  104                       102      2      120
  SINCE JUN 1    795                       615    180      705
  SINCE JAN 1    819                       656    163      711
..................................................................

WIND (MPH)
  HIGHEST WIND SPEED    22   HIGHEST WIND DIRECTION     S (160)
  HIGHEST GUST SPEED    27   HIGHEST GUST DIRECTION     S (170)
  AVERAGE WIND SPEED    13.1


SKY COVER
  AVERAGE SKY COVER 0.0


WEATHER CONDITIONS
 THE FOLLOWING WEATHER WAS RECORDED TODAY.
  NO SIGNIFICANT WEATHER WAS OBSERVED.


RELATIVE HUMIDITY (PERCENT)
 HIGHEST    93           300 AM
 LOWEST     28           500 PM
 AVERAGE    61

..........................................................


THE GOODLAND KS CLIMATE NORMALS FOR TOMORROW
                         NORMAL    RECORD    YEAR
 MAXIMUM TEMPERATURE (F)   88       106      1936
 MINIMUM TEMPERATURE (F)   61        48      1931


SUNRISE AND SUNSET
AUGUST 10 2016........SUNRISE   555 AM MDT   SUNSET   748 PM MDT
AUGUST 11 2016........SUNRISE   556 AM MDT   SUNSET   747 PM MDT


-  INDICATES NEGATIVE NUMBERS.
R  INDICATES RECORD WAS SET OR TIED.
MM INDICATES DATA IS MISSING.
T  INDICATES TRACE AMOUNT.

&&

THE AVERAGE SOIL TEMPERATURE AT THE FOUR INCH DEPTH... 78

$$
