000
CDUS43 KGLD 150741
CLIGLD

CLIMATE REPORT
NATIONAL WEATHER SERVICE GOODLAND
139 AM MDT SUN MAR 15 2015

...................................

...THE GOODLAND KS CLIMATE SUMMARY FOR MARCH 14 2015...

CLIMATE NORMAL PERIOD 1981 TO 2010
CLIMATE RECORD PERIOD 1895 TO 2015

WEATHER ITEM   OBSERVED TIME   RECORD YEAR NORMAL DEPARTURE LAST
                VALUE   (LST)  VALUE       VALUE  FROM      YEAR
                                                  NORMAL
..................................................................
TEMPERATURE (F)
 YESTERDAY
  MAXIMUM         64    403 PM  84    2003  54     10       62
  MINIMUM         29    638 AM  -3    1958  26      3       28
  AVERAGE         47                        40      7       45

PRECIPITATION (IN)
  YESTERDAY        0.00          1.20 1912   0.04  -0.04     0.00
  MONTH TO DATE    0.03                      0.41  -0.38     0.08
  SINCE MAR 1      0.03                      0.41  -0.38     0.08
  SINCE JAN 1      1.11                      1.28  -0.17     1.02

SNOWFALL (IN)
  YESTERDAY        0.0                       0.2   -0.2      0.0
  MONTH TO DATE    0.6                       2.7   -2.1      0.6
  SINCE MAR 1      0.6                       2.7   -2.1      0.6
  SINCE JUL 1     22.7                      26.7   -4.0     25.8
  SNOW DEPTH       0

DEGREE DAYS
 HEATING
  YESTERDAY       18                        25     -7       20
  MONTH TO DATE  339                       375    -36      379
  SINCE MAR 1    339                       375    -36      379
  SINCE JUL 1   4554                      4792   -238     4923

 COOLING
  YESTERDAY        0                         0      0        0
  MONTH TO DATE    0                         0      0        0
  SINCE MAR 1      0                         0      0        0
  SINCE JAN 1      0                         0      0        0
..................................................................

WIND (MPH)
  HIGHEST WIND SPEED    21   HIGHEST WIND DIRECTION     S (200)
  HIGHEST GUST SPEED    26   HIGHEST GUST DIRECTION     S (200)
  AVERAGE WIND SPEED     8.2


SKY COVER
  AVERAGE SKY COVER 0.0


WEATHER CONDITIONS
 THE FOLLOWING WEATHER WAS RECORDED YESTERDAY.
  NO SIGNIFICANT WEATHER WAS OBSERVED.


RELATIVE HUMIDITY (PERCENT)
 HIGHEST    78
 LOWEST     19
 AVERAGE    49

..........................................................


THE GOODLAND KS CLIMATE NORMALS FOR TODAY
                         NORMAL    RECORD    YEAR
 MAXIMUM TEMPERATURE (F)   55        82      1935
 MINIMUM TEMPERATURE (F)   26         2      1912


SUNRISE AND SUNSET
MARCH 15 2015.........SUNRISE   659 AM MDT   SUNSET   654 PM MDT
MARCH 16 2015.........SUNRISE   657 AM MDT   SUNSET   655 PM MDT


-  INDICATES NEGATIVE NUMBERS.
R  INDICATES RECORD WAS SET OR TIED.
MM INDICATES DATA IS MISSING.
T  INDICATES TRACE AMOUNT.

&&

THE AVERAGE SOIL TEMPERATURE AT THE FOUR INCH DEPTH... 46
THE CURRENT DEPTH OF FROST... 0 INCHES

$$
