000
CDUS43 KGLD 040042 RRA
CLIGLD

CLIMATE REPORT
NATIONAL WEATHER SERVICE GOODLAND
539 PM MST WED DEC 3 2014

...................................

...THE GOODLAND KS CLIMATE SUMMARY FOR DECEMBER 3 2014...
VALID TODAY AS OF 0500 PM LOCAL TIME.

CLIMATE NORMAL PERIOD 1981 TO 2010
CLIMATE RECORD PERIOD 1895 TO 2014

WEATHER ITEM   OBSERVED TIME   RECORD YEAR NORMAL DEPARTURE LAST
                VALUE   (LST)  VALUE       VALUE  FROM      YEAR
                                                  NORMAL
..................................................................
TEMPERATURE (F)
 TODAY
  MAXIMUM         39    250 PM  74    1959  44     -5       61
  MINIMUM         21    105 AM  -4    1919  19      2       19
  AVERAGE         30                        32     -2       40

PRECIPITATION (IN)
  TODAY            0.00          0.73 1953   0.02  -0.02     0.00
  MONTH TO DATE    0.00                      0.05  -0.05     0.00
  SINCE DEC 1      0.00                      0.05  -0.05     0.00
  SINCE JAN 1     16.41                     19.25  -2.84    16.69

SNOWFALL (IN)
  TODAY            0.0                       0.2   -0.2      0.0
  MONTH TO DATE    0.0                       0.5   -0.5      0.0
  SINCE DEC 1      0.0                       0.5   -0.5      0.0
  SINCE JUL 1      0.2                       7.7   -7.5      4.3
  SNOW DEPTH       0

DEGREE DAYS
 HEATING
  TODAY           35                        33      2       25
  MONTH TO DATE  105                        99      6       63
  SINCE DEC 1    105                        99      6       63
  SINCE JUL 1   1360                      1418    -58     1336

 COOLING
  TODAY            0                         0      0        0
  MONTH TO DATE    0                         0      0        0
  SINCE DEC 1      0                         0      0        0
  SINCE JAN 1    920                       941    -21     1181
..................................................................

WIND (MPH)
  HIGHEST WIND SPEED    23   HIGHEST WIND DIRECTION     S (160)
  HIGHEST GUST SPEED    30   HIGHEST GUST DIRECTION    SE (150)
  AVERAGE WIND SPEED    10.0


SKY COVER
  AVERAGE SKY COVER 0.1


WEATHER CONDITIONS
 THE FOLLOWING WEATHER WAS RECORDED TODAY.
  NO SIGNIFICANT WEATHER WAS OBSERVED.


RELATIVE HUMIDITY (PERCENT)
 HIGHEST    68          1200 AM
 LOWEST     32           400 PM
 AVERAGE    50

..........................................................


THE GOODLAND KS CLIMATE NORMALS FOR TOMORROW
                         NORMAL    RECORD    YEAR
 MAXIMUM TEMPERATURE (F)   44        74      2007
                                             1965
 MINIMUM TEMPERATURE (F)   19         1      1955


SUNRISE AND SUNSET
DECEMBER  3 2014......SUNRISE   650 AM MST   SUNSET   424 PM MST
DECEMBER  4 2014......SUNRISE   651 AM MST   SUNSET   423 PM MST


-  INDICATES NEGATIVE NUMBERS.
R  INDICATES RECORD WAS SET OR TIED.
MM INDICATES DATA IS MISSING.
T  INDICATES TRACE AMOUNT.

&&

THE AVERAGE SOIL TEMPERATURE AT THE FOUR INCH DEPTH... 40
THE CURRENT DEPTH OF FROST... 5 INCHES

$$
