000
CDUS43 KGLD 010739
CLIGLD

CLIMATE REPORT
NATIONAL WEATHER SERVICE GOODLAND
137 AM MDT MON SEP 1 2014

...................................

...THE GOODLAND KS CLIMATE SUMMARY FOR AUGUST 31 2014...

CLIMATE NORMAL PERIOD 1981 TO 2010
CLIMATE RECORD PERIOD 1895 TO 2014

WEATHER ITEM   OBSERVED TIME   RECORD YEAR NORMAL DEPARTURE LAST
                VALUE   (LST)  VALUE       VALUE  FROM      YEAR
                                                  NORMAL
..................................................................
TEMPERATURE (F)
 YESTERDAY
  MAXIMUM         82   1026 AM 102    1985  85     -3       96
                                      1926
  MINIMUM         56   1159 PM  39    1944  57     -1       67
  AVERAGE         69                        71     -2       82

PRECIPITATION (IN)
  YESTERDAY        0.01          1.38 2006   0.07  -0.06     0.15
  MONTH TO DATE    2.76                      2.70   0.06     0.94
  SINCE JUN 1     10.36                      9.42   0.94     4.43
  SINCE JAN 1     13.90                     15.90  -2.00     8.79

SNOWFALL (IN)
  YESTERDAY        0.0                       0.0    0.0      0.0
  MONTH TO DATE    0.0                       0.0    0.0      0.0
  SINCE JUN 1      0.0                       0.0    0.0      0.0
  SINCE JUL 1      0.0                       0.0    0.0      0.0
  SNOW DEPTH       0

DEGREE DAYS
 HEATING
  YESTERDAY        0                         1     -1        0
  MONTH TO DATE    0                         5     -5        0
  SINCE JUN 1     51                        49      2       38
  SINCE JUL 1     13                        12      1        7

 COOLING
  YESTERDAY        4                         7     -3       17
  MONTH TO DATE  304                       279     25      328
  SINCE JUN 1    756                       792    -36      909
  SINCE JAN 1    802                       833    -31      998
..................................................................

WIND (MPH)
  HIGHEST WIND SPEED    24   HIGHEST WIND DIRECTION     N (340)
  HIGHEST GUST SPEED    30   HIGHEST GUST DIRECTION     N (360)
  AVERAGE WIND SPEED    11.3

SKY COVER
  AVERAGE SKY COVER 0.1

WEATHER CONDITIONS
 THE FOLLOWING WEATHER WAS RECORDED YESTERDAY.
  THUNDERSTORM
  LIGHT RAIN
  HAZE

RELATIVE HUMIDITY (PERCENT)
 HIGHEST   100
 LOWEST     43
 AVERAGE    72

..........................................................

THE GOODLAND KS CLIMATE NORMALS FOR TODAY
                         NORMAL    RECORD    YEAR
 MAXIMUM TEMPERATURE (F)   85       102      1939
 MINIMUM TEMPERATURE (F)   56        42      1956

SUNRISE AND SUNSET
SEPTEMBER  1 2014.....SUNRISE   615 AM MDT   SUNSET   718 PM MDT
SEPTEMBER  2 2014.....SUNRISE   616 AM MDT   SUNSET   716 PM MDT

-  INDICATES NEGATIVE NUMBERS.
R  INDICATES RECORD WAS SET OR TIED.
MM INDICATES DATA IS MISSING.
T  INDICATES TRACE AMOUNT.

&&

THE AVERAGE SOIL TEMPERATURE AT THE FOUR INCH DEPTH... 71

$$
