000
CDUS43 KGLD 182027 CCA
CLIGLD

CLIMATE REPORT
NATIONAL WEATHER SERVICE GOODLAND
137 AM MDT MON SEP 18 2017

...................................

...THE GOODLAND KS CLIMATE SUMMARY FOR SEPTEMBER 17 2017...

CLIMATE NORMAL PERIOD 1981 TO 2010
CLIMATE RECORD PERIOD 1895 TO 2017

WEATHER ITEM   OBSERVED TIME   RECORD YEAR NORMAL DEPARTURE LAST
                VALUE   (LST)  VALUE       VALUE  FROM      YEAR
                                                  NORMAL
..................................................................
TEMPERATURE (F)
 YESTERDAY
  MAXIMUM         64   1150 AM  99    1947  79    -15       82
  MINIMUM         46    531 AM  32    1981  50     -4       46
  AVERAGE         55                        64     -9       64

PRECIPITATION (IN)
  YESTERDAY        0.01          0.86 1971   0.03  -0.02     0.07
  MONTH TO DATE    0.43                      0.71  -0.28     2.37
  SINCE SEP 1      0.43                      0.71  -0.28     2.37
  SINCE JAN 1     22.39                     16.61   5.78    16.41

SNOWFALL (IN)
  YESTERDAY        0.0                       0.0    0.0      0.0
  MONTH TO DATE    0.0                       0.1   -0.1       T
  SINCE SEP 1      0.0                       0.1   -0.1       T
  SINCE JUL 1      T                         0.1   -0.1       T
  SNOW DEPTH       0

DEGREE DAYS
 HEATING
  YESTERDAY       10                         4      6        1
  MONTH TO DATE   26                        35     -9       27
  SINCE SEP 1     26                        35     -9       27
  SINCE JUL 1     26                        47    -21       34

 COOLING
  YESTERDAY        0                         3     -3        0
  MONTH TO DATE  107                        78     29       71
  SINCE SEP 1    107                        78     29       71
  SINCE JAN 1    926                       911     15     1020
..................................................................

WIND (MPH)
  HIGHEST WIND SPEED    18   HIGHEST WIND DIRECTION    SE (120)
  HIGHEST GUST SPEED    24   HIGHEST GUST DIRECTION    SE (120)
  AVERAGE WIND SPEED    10.0


SKY COVER
  AVERAGE SKY COVER 0.7


WEATHER CONDITIONS
 THE FOLLOWING WEATHER WAS RECORDED YESTERDAY.
  LIGHT RAIN
  FOG


RELATIVE HUMIDITY (PERCENT)
 HIGHEST   100
 LOWEST     56
 AVERAGE    78

..........................................................


THE GOODLAND KS CLIMATE NORMALS FOR TODAY
                         NORMAL    RECORD    YEAR
 MAXIMUM TEMPERATURE (F)   78        99      1895
 MINIMUM TEMPERATURE (F)   49        34      1971


SUNRISE AND SUNSET
SEPTEMBER 18 2017.....SUNRISE   631 AM MDT   SUNSET   650 PM MDT
SEPTEMBER 19 2017.....SUNRISE   632 AM MDT   SUNSET   648 PM MDT


-  INDICATES NEGATIVE NUMBERS.
R  INDICATES RECORD WAS SET OR TIED.
MM INDICATES DATA IS MISSING.
T  INDICATES TRACE AMOUNT.

&&

THE AVERAGE SOIL TEMPERATURE AT THE FOUR INCH DEPTH... 69

$$
