000
CDUS43 KGLD 030739
CLIGLD

CLIMATE REPORT
NATIONAL WEATHER SERVICE GOODLAND
136 AM MDT TUE MAY 3 2016

...................................

...THE GOODLAND KS CLIMATE SUMMARY FOR MAY 2 2016...

CLIMATE NORMAL PERIOD 1981 TO 2010
CLIMATE RECORD PERIOD 1895 TO 2016

WEATHER ITEM   OBSERVED TIME   RECORD YEAR NORMAL DEPARTURE LAST
                VALUE   (LST)  VALUE       VALUE  FROM      YEAR
                                                  NORMAL
..................................................................
TEMPERATURE (F)
 YESTERDAY
  MAXIMUM         63    222 PM  94    1965  69     -6       83
  MINIMUM         29    504 AM  23    1967  41    -12       47
  AVERAGE         46                        55     -9       65

PRECIPITATION (IN)
  YESTERDAY        0.00          1.65 1914   0.08  -0.08     0.00
  MONTH TO DATE    0.01                      0.15  -0.14     0.05
  SINCE MAR 1      4.55                      2.81   1.74     5.00
  SINCE JAN 1      5.41                      3.68   1.73     6.08

SNOWFALL (IN)
  YESTERDAY        0.0                       0.1   -0.1      0.0
  MONTH TO DATE    T                         0.1   -0.1      0.0
  SINCE MAR 1      6.7                      11.1   -4.4      2.6
  SINCE JUL 1     30.1                      35.1   -5.0     24.7
  SNOW DEPTH       0

DEGREE DAYS
 HEATING
  YESTERDAY       19                        11      8        0
  MONTH TO DATE   42                        22     20        2
  SINCE MAR 1   1082                      1260   -178      963
  SINCE JUL 1   4928                      5677   -749     5178

 COOLING
  YESTERDAY        0                         0      0        0
  MONTH TO DATE    0                         0      0        0
  SINCE MAR 1      0                         4     -4        0
  SINCE JAN 1      0                         4     -4        0
..................................................................

WIND (MPH)
  HIGHEST WIND SPEED    20   HIGHEST WIND DIRECTION    NW (320)
  HIGHEST GUST SPEED    29   HIGHEST GUST DIRECTION    NW (320)
  AVERAGE WIND SPEED     8.6


SKY COVER
  AVERAGE SKY COVER 0.1


WEATHER CONDITIONS
 THE FOLLOWING WEATHER WAS RECORDED YESTERDAY.
  NO SIGNIFICANT WEATHER WAS OBSERVED.


RELATIVE HUMIDITY (PERCENT)
 HIGHEST    85
 LOWEST     27
 AVERAGE    56

..........................................................


THE GOODLAND KS CLIMATE NORMALS FOR TODAY
                         NORMAL    RECORD    YEAR
 MAXIMUM TEMPERATURE (F)   69        93      1949
 MINIMUM TEMPERATURE (F)   41        22      1907


SUNRISE AND SUNSET
MAY  3 2016...........SUNRISE   545 AM MDT   SUNSET   743 PM MDT
MAY  4 2016...........SUNRISE   544 AM MDT   SUNSET   744 PM MDT


-  INDICATES NEGATIVE NUMBERS.
R  INDICATES RECORD WAS SET OR TIED.
MM INDICATES DATA IS MISSING.
T  INDICATES TRACE AMOUNT.

&&

THE AVERAGE SOIL TEMPERATURE AT THE FOUR INCH DEPTH... 42

$$
