534
CDUS43 KGLD 300738
CLIGLD

CLIMATE REPORT
NATIONAL WEATHER SERVICE GOODLAND
137 AM MDT FRI SEP 30 2016

...................................

...THE GOODLAND KS CLIMATE SUMMARY FOR SEPTEMBER 29 2016...

CLIMATE NORMAL PERIOD 1981 TO 2010
CLIMATE RECORD PERIOD 1895 TO 2016

WEATHER ITEM   OBSERVED TIME   RECORD YEAR NORMAL DEPARTURE LAST
                VALUE   (LST)  VALUE       VALUE  FROM      YEAR
                                                  NORMAL
..................................................................
TEMPERATURE (F)
 YESTERDAY
  MAXIMUM         75    247 PM  94    1942  73      2       61
                                      1931
  MINIMUM         40    604 AM  25    1985  44     -4       53
  AVERAGE         58                        58      0       57

PRECIPITATION (IN)
  YESTERDAY        T             1.39 1965   0.04  -0.04     0.13
  MONTH TO DATE    2.49                      1.18   1.31     1.03
  SINCE SEP 1      2.49                      1.18   1.31     1.03
  SINCE JAN 1     16.53                     17.08  -0.55    17.78

SNOWFALL (IN)
  YESTERDAY        0.0                       0.1   -0.1      0.0
  MONTH TO DATE    T                         0.4   -0.4      0.0
  SINCE SEP 1      T                         0.4   -0.4      0.0
  SINCE JUL 1      T                         0.4   -0.4      0.0
  SNOW DEPTH       0

DEGREE DAYS
 HEATING
  YESTERDAY        7                         7      0        8
  MONTH TO DATE   53                       104    -51       27
  SINCE SEP 1     53                       104    -51       27
  SINCE JUL 1     60                       116    -56       33

 COOLING
  YESTERDAY        0                         1     -1        0
  MONTH TO DATE  122                       100     22      221
  SINCE SEP 1    122                       100     22      221
  SINCE JAN 1   1071                       933    138     1129
..................................................................

WIND (MPH)
  HIGHEST WIND SPEED    21   HIGHEST WIND DIRECTION     S (160)
  HIGHEST GUST SPEED    34   HIGHEST GUST DIRECTION     S (160)
  AVERAGE WIND SPEED    12.3


SKY COVER
  AVERAGE SKY COVER 0.0


WEATHER CONDITIONS
 THE FOLLOWING WEATHER WAS RECORDED YESTERDAY.
  LIGHT RAIN
  HAZE


RELATIVE HUMIDITY (PERCENT)
 HIGHEST    92
 LOWEST     33
 AVERAGE    63

..........................................................


THE GOODLAND KS CLIMATE NORMALS FOR TODAY
                         NORMAL    RECORD    YEAR
 MAXIMUM TEMPERATURE (F)   73        94      1942
 MINIMUM TEMPERATURE (F)   44        19      1985


SUNRISE AND SUNSET
SEPTEMBER 30 2016.....SUNRISE   642 AM MDT   SUNSET   630 PM MDT
OCTOBER  1 2016.......SUNRISE   643 AM MDT   SUNSET   628 PM MDT


-  INDICATES NEGATIVE NUMBERS.
R  INDICATES RECORD WAS SET OR TIED.
MM INDICATES DATA IS MISSING.
T  INDICATES TRACE AMOUNT.

&&

THE AVERAGE SOIL TEMPERATURE AT THE FOUR INCH DEPTH... 69

$$
