000
CDUS43 KGLD 240813
CLIGLD

CLIMATE REPORT
NATIONAL WEATHER SERVICE GOODLAND
108 AM MST MON NOV 24 2014

...................................

...THE GOODLAND KS CLIMATE SUMMARY FOR NOVEMBER 23 2014...

CLIMATE NORMAL PERIOD 1981 TO 2010
CLIMATE RECORD PERIOD 1895 TO 2014

WEATHER ITEM   OBSERVED TIME   RECORD YEAR NORMAL DEPARTURE LAST
                VALUE   (LST)  VALUE       VALUE  FROM      YEAR
                                                  NORMAL
..................................................................
TEMPERATURE (F)
 YESTERDAY
  MAXIMUM         50    253 AM  72    1925  48      2       33
  MINIMUM         25   1159 PM   0    1941  22      3       21
  AVERAGE         38                        35      3       27

PRECIPITATION (IN)
  YESTERDAY        0.00          0.68 2001   0.02  -0.02     0.00
  MONTH TO DATE    T                         0.58  -0.58     0.17
  SINCE SEP 1      2.49                      3.17  -0.68     7.90
  SINCE JAN 1     16.39                     19.07  -2.68    16.69

SNOWFALL (IN)
  YESTERDAY        0.0                       0.2   -0.2      0.0
  MONTH TO DATE    0.2                       3.3   -3.1      0.3
  SINCE SEP 1      0.2                       5.9   -5.7      4.3
  SINCE JUL 1      0.2                       5.9   -5.7      4.3
  SNOW DEPTH       0

DEGREE DAYS
 HEATING
  YESTERDAY       27                        30     -3       38
  MONTH TO DATE  653                       560     93      550
  SINCE SEP 1   1068                      1088    -20     1054
  SINCE JUL 1   1081                      1100    -19     1061

 COOLING
  YESTERDAY        0                         0      0        0
  MONTH TO DATE    0                         0      0        0
  SINCE SEP 1    118                       108     10      183
  SINCE JAN 1    920                       941    -21     1181
..................................................................

WIND (MPH)
  HIGHEST WIND SPEED    39   HIGHEST WIND DIRECTION     N (360)
  HIGHEST GUST SPEED    50   HIGHEST GUST DIRECTION     N (350)
  AVERAGE WIND SPEED    21.4


SKY COVER
  AVERAGE SKY COVER 0.3


WEATHER CONDITIONS
 THE FOLLOWING WEATHER WAS RECORDED YESTERDAY.
  HAZE


RELATIVE HUMIDITY (PERCENT)
 HIGHEST    57
 LOWEST     21
 AVERAGE    39

..........................................................


THE GOODLAND KS CLIMATE NORMALS FOR TODAY
                         NORMAL    RECORD    YEAR
 MAXIMUM TEMPERATURE (F)   48        82      1910
 MINIMUM TEMPERATURE (F)   22        -1      1993


SUNRISE AND SUNSET
NOVEMBER 24 2014......SUNRISE   640 AM MST   SUNSET   426 PM MST
NOVEMBER 25 2014......SUNRISE   641 AM MST   SUNSET   426 PM MST


-  INDICATES NEGATIVE NUMBERS.
R  INDICATES RECORD WAS SET OR TIED.
MM INDICATES DATA IS MISSING.
T  INDICATES TRACE AMOUNT.

&&

THE AVERAGE SOIL TEMPERATURE AT THE FOUR INCH DEPTH... 40
THE CURRENT DEPTH OF FROST... 2 INCHES

$$
