000
CDUS43 KGLD 280744
CLIGLD

CLIMATE REPORT
NATIONAL WEATHER SERVICE GOODLAND
141 AM MDT TUE JUL 28 2015

...................................

...THE GOODLAND KS CLIMATE SUMMARY FOR JULY 27 2015...

CLIMATE NORMAL PERIOD 1981 TO 2010
CLIMATE RECORD PERIOD 1895 TO 2015

WEATHER ITEM   OBSERVED TIME   RECORD YEAR NORMAL DEPARTURE LAST
                VALUE   (LST)  VALUE       VALUE  FROM      YEAR
                                                  NORMAL
..................................................................
TEMPERATURE (F)
 YESTERDAY
  MAXIMUM         92    507 PM 105    1910  90      2       88
  MINIMUM         65    100 AM  50    2005  62      3       59
                                      1994
  AVERAGE         79                        76      3       74

PRECIPITATION (IN)
  YESTERDAY        T             0.79 1990   0.11  -0.11     0.00
  MONTH TO DATE    2.27                      3.02  -0.75     1.81
  SINCE JUN 1      4.58                      6.27  -1.69     7.34
  SINCE JAN 1     16.37                     12.75   3.62    10.88

SNOWFALL (IN)
  YESTERDAY        0.0                       0.0    0.0      0.0
  MONTH TO DATE    0.0                       0.0    0.0      0.0
  SINCE JUN 1      0.0                       0.0    0.0      0.0
  SINCE JUL 1      0.0                       0.0    0.0      0.0
  SNOW DEPTH       0

DEGREE DAYS
 HEATING
  YESTERDAY        0                         0      0        0
  MONTH TO DATE    1                         0      1       13
  SINCE JUN 1      6                        37    -31       51
  SINCE JUL 1      1                         0      1       13

 COOLING
  YESTERDAY       14                        11      3        9
  MONTH TO DATE  316                       290     26      284
  SINCE JUN 1    558                       469     89      433
  SINCE JAN 1    564                       510     54      479
..................................................................

WIND (MPH)
  HIGHEST WIND SPEED    26   HIGHEST WIND DIRECTION     S (160)
  HIGHEST GUST SPEED    31   HIGHEST GUST DIRECTION     S (180)
  AVERAGE WIND SPEED    16.9


SKY COVER
  AVERAGE SKY COVER 0.0


WEATHER CONDITIONS
 THE FOLLOWING WEATHER WAS RECORDED YESTERDAY.
  THUNDERSTORM
  LIGHT RAIN


RELATIVE HUMIDITY (PERCENT)
 HIGHEST    93
 LOWEST     44
 AVERAGE    69

..........................................................


THE GOODLAND KS CLIMATE NORMALS FOR TODAY
                         NORMAL    RECORD    YEAR
 MAXIMUM TEMPERATURE (F)   90       106      1943
 MINIMUM TEMPERATURE (F)   62        52      1958


SUNRISE AND SUNSET
JULY 28 2015..........SUNRISE   543 AM MDT   SUNSET   803 PM MDT
JULY 29 2015..........SUNRISE   544 AM MDT   SUNSET   802 PM MDT


-  INDICATES NEGATIVE NUMBERS.
R  INDICATES RECORD WAS SET OR TIED.
MM INDICATES DATA IS MISSING.
T  INDICATES TRACE AMOUNT.

&&

THE AVERAGE SOIL TEMPERATURE AT THE FOUR INCH DEPTH... 80

$$
