000
CDUS43 KGLD 190739
CLIGLD

CLIMATE REPORT
NATIONAL WEATHER SERVICE GOODLAND
136 AM MDT FRI SEP 19 2014

...................................

...THE GOODLAND KS CLIMATE SUMMARY FOR SEPTEMBER 18 2014...

CLIMATE NORMAL PERIOD 1981 TO 2010
CLIMATE RECORD PERIOD 1895 TO 2014

WEATHER ITEM   OBSERVED TIME   RECORD YEAR NORMAL DEPARTURE LAST
                VALUE   (LST)  VALUE       VALUE  FROM      YEAR
                                                  NORMAL
..................................................................
TEMPERATURE (F)
 YESTERDAY
  MAXIMUM         86    340 PM  99    1895  78      8       91
  MINIMUM         59   1227 AM  34    1971  49     10       61
  AVERAGE         73                        64      9       76

PRECIPITATION (IN)
  YESTERDAY        0.00          2.01 1967   0.04  -0.04     0.00
  MONTH TO DATE    1.08                      0.75   0.33     6.27
  SINCE SEP 1      1.08                      0.75   0.33     6.27
  SINCE JAN 1     14.98                     16.65  -1.67    15.06

SNOWFALL (IN)
  YESTERDAY        0.0                       0.0    0.0      0.0
  MONTH TO DATE    T                         0.1   -0.1      0.0
  SINCE SEP 1      T                         0.1   -0.1      0.0
  SINCE JUL 1      T                         0.1   -0.1      0.0
  SNOW DEPTH       0

DEGREE DAYS
 HEATING
  YESTERDAY        0                         4     -4        0
  MONTH TO DATE   90                        39     51       17
  SINCE SEP 1     90                        39     51       17
  SINCE JUL 1    103                        51     52       24

 COOLING
  YESTERDAY        8                         3      5       11
  MONTH TO DATE   68                        81    -13      171
  SINCE SEP 1     68                        81    -13      171
  SINCE JAN 1    870                       914    -44     1169
..................................................................

WIND (MPH)
  HIGHEST WIND SPEED    17   HIGHEST WIND DIRECTION    SW (210)
  HIGHEST GUST SPEED    24   HIGHEST GUST DIRECTION     S (200)
  AVERAGE WIND SPEED     8.6

SKY COVER
  AVERAGE SKY COVER 0.4

WEATHER CONDITIONS
 THE FOLLOWING WEATHER WAS RECORDED YESTERDAY.
  FOG
  FOG W/VISIBILITY <= 1/4 MILE
  HAZE

RELATIVE HUMIDITY (PERCENT)
 HIGHEST   100
 LOWEST     44
 AVERAGE    72

..........................................................

THE GOODLAND KS CLIMATE NORMALS FOR TODAY
                         NORMAL    RECORD    YEAR
 MAXIMUM TEMPERATURE (F)   78        99      1935
 MINIMUM TEMPERATURE (F)   49        32      1971

SUNRISE AND SUNSET
SEPTEMBER 19 2014.....SUNRISE   632 AM MDT   SUNSET   649 PM MDT
SEPTEMBER 20 2014.....SUNRISE   633 AM MDT   SUNSET   647 PM MDT

-  INDICATES NEGATIVE NUMBERS.
R  INDICATES RECORD WAS SET OR TIED.
MM INDICATES DATA IS MISSING.
T  INDICATES TRACE AMOUNT.

&&

THE AVERAGE SOIL TEMPERATURE AT THE FOUR INCH DEPTH... 65

$$
