000
CDUS43 KGLD 120914
CLIGLD

CLIMATE REPORT
NATIONAL WEATHER SERVICE GOODLAND
212 AM MST TUE DEC 12 2017

...................................

...THE GOODLAND KS CLIMATE SUMMARY FOR DECEMBER 11 2017...

CLIMATE NORMAL PERIOD 1981 TO 2010
CLIMATE RECORD PERIOD 1895 TO 2017

WEATHER ITEM   OBSERVED TIME   RECORD YEAR NORMAL DEPARTURE LAST
                VALUE   (LST)  VALUE       VALUE  FROM      YEAR
                                                  NORMAL
..................................................................
TEMPERATURE (F)
 YESTERDAY
  MAXIMUM         58    216 PM  77    1939  42     16       38
  MINIMUM         19   1148 PM -18    1961  17      2       19
  AVERAGE         39                        30      9       29

PRECIPITATION (IN)
  YESTERDAY        0.00          0.59 1991   0.02  -0.02     0.02
  MONTH TO DATE    T                         0.18  -0.18     0.09
  SINCE DEC 1      T                         0.18  -0.18     0.09
  SINCE JAN 1     26.28                     19.38   6.90    16.87

SNOWFALL (IN)
  YESTERDAY        0.0                       0.1   -0.1      0.4
  MONTH TO DATE    T                         1.9   -1.9      2.1
  SINCE DEC 1      T                         1.9   -1.9      2.1
  SINCE JUL 1      0.1                       9.1   -9.0      2.7
  SNOW DEPTH       0

DEGREE DAYS
 HEATING
  YESTERDAY       26                        35     -9       36
  MONTH TO DATE  299                       375    -76      435
  SINCE DEC 1    299                       375    -76      435
  SINCE JUL 1   1450                      1694   -244     1298

 COOLING
  YESTERDAY        0                         0      0        0
  MONTH TO DATE    0                         0      0        0
  SINCE DEC 1      0                         0      0        0
  SINCE JAN 1    959                       941     18     1103
..................................................................

WIND (MPH)
  HIGHEST WIND SPEED    39   HIGHEST WIND DIRECTION     N (340)
  HIGHEST GUST SPEED    53   HIGHEST GUST DIRECTION    NW (330)
  AVERAGE WIND SPEED    17.3


SKY COVER
  AVERAGE SKY COVER 0.1


WEATHER CONDITIONS
 THE FOLLOWING WEATHER WAS RECORDED YESTERDAY.
  NO SIGNIFICANT WEATHER WAS OBSERVED.


RELATIVE HUMIDITY (PERCENT)
 HIGHEST    67
 LOWEST     12
 AVERAGE    40

..........................................................


THE GOODLAND KS CLIMATE NORMALS FOR TODAY
                         NORMAL    RECORD    YEAR
 MAXIMUM TEMPERATURE (F)   42        66      1921
 MINIMUM TEMPERATURE (F)   17       -19      1961


SUNRISE AND SUNSET
DECEMBER 12 2017......SUNRISE   658 AM MST   SUNSET   424 PM MST
DECEMBER 13 2017......SUNRISE   658 AM MST   SUNSET   424 PM MST


-  INDICATES NEGATIVE NUMBERS.
R  INDICATES RECORD WAS SET OR TIED.
MM INDICATES DATA IS MISSING.
T  INDICATES TRACE AMOUNT.

&&

THE AVERAGE SOIL TEMPERATURE AT THE FOUR INCH DEPTH... 39
THE CURRENT DEPTH OF FROST... 00 INCHES

$$
