000
CDUS43 KGLD 160801
CLIGLD

CLIMATE REPORT
NATIONAL WEATHER SERVICE GOODLAND
1251 AM MST MON JAN 16 2017

...................................

...THE GOODLAND KS CLIMATE SUMMARY FOR JANUARY 15 2017...

CLIMATE NORMAL PERIOD 1981 TO 2010
CLIMATE RECORD PERIOD 1895 TO 2017

WEATHER ITEM   OBSERVED TIME   RECORD YEAR NORMAL DEPARTURE LAST
                VALUE   (LST)  VALUE       VALUE  FROM      YEAR
                                                  NORMAL
..................................................................
TEMPERATURE (F)
 YESTERDAY
  MAXIMUM         31    459 PM  68    1943  43    -12       43
  MINIMUM         29   1159 PM  -6    2007  17     12       16
                                      1930
  AVERAGE         30                        30      0       30

PRECIPITATION (IN)
  YESTERDAY        0.33R         0.27 1978   0.01   0.32     0.00
  MONTH TO DATE    0.54                      0.17   0.37     0.02
  SINCE DEC 1      1.14                      0.63   0.51     0.18
  SINCE JAN 1      0.54                      0.17   0.37     0.02

SNOWFALL (IN)
  YESTERDAY        0.2                       0.2    0.0      0.0
  MONTH TO DATE    2.7                       2.7    0.0      0.2
  SINCE DEC 1      7.7                       8.2   -0.5      1.9
  SINCE JUL 1      8.3                      15.4   -7.1     10.1
  SNOW DEPTH       0

DEGREE DAYS
 HEATING
  YESTERDAY       35                        35      0       35
  MONTH TO DATE  624                       527     97      520
  SINCE DEC 1   1826                      1615    211     1502
  SINCE JUL 1   2689                      2934   -245     2562

 COOLING
  YESTERDAY        0                         0      0        0
  MONTH TO DATE    0                         0      0        0
  SINCE DEC 1      0                         0      0        0
  SINCE JAN 1      0                         0      0        0
..................................................................

WIND (MPH)
  HIGHEST WIND SPEED    12   HIGHEST WIND DIRECTION     N (10)
  HIGHEST GUST SPEED    13   HIGHEST GUST DIRECTION     N (10)
  AVERAGE WIND SPEED     5.3


SKY COVER
  AVERAGE SKY COVER 1.0


WEATHER CONDITIONS
 THE FOLLOWING WEATHER WAS RECORDED YESTERDAY.
  LT FREEZING RAIN
  LIGHT SNOW
  FOG


RELATIVE HUMIDITY (PERCENT)
 HIGHEST   100
 LOWEST     78
 AVERAGE    89

..........................................................


THE GOODLAND KS CLIMATE NORMALS FOR TODAY
                         NORMAL    RECORD    YEAR
 MAXIMUM TEMPERATURE (F)   42        65      1951
 MINIMUM TEMPERATURE (F)   17       -11      1930


SUNRISE AND SUNSET
JANUARY 16 2017.......SUNRISE   705 AM MST   SUNSET   449 PM MST
JANUARY 17 2017.......SUNRISE   704 AM MST   SUNSET   450 PM MST


-  INDICATES NEGATIVE NUMBERS.
R  INDICATES RECORD WAS SET OR TIED.
MM INDICATES DATA IS MISSING.
T  INDICATES TRACE AMOUNT.

&&

THE AVERAGE SOIL TEMPERATURE AT THE FOUR INCH DEPTH... 29
THE CURRENT DEPTH OF FROST... 7 INCHES

$$
