000
CDUS43 KGLD 310756
CLIGLD

CLIMATE REPORT
NATIONAL WEATHER SERVICE GOODLAND
153 AM MDT TUE MAY 31 2016

...................................

...THE GOODLAND KS CLIMATE SUMMARY FOR MAY 30 2016...

CLIMATE NORMAL PERIOD 1981 TO 2010
CLIMATE RECORD PERIOD 1895 TO 2016

WEATHER ITEM   OBSERVED TIME   RECORD YEAR NORMAL DEPARTURE LAST
                VALUE   (LST)  VALUE       VALUE  FROM      YEAR
                                                  NORMAL
..................................................................
TEMPERATURE (F)
 YESTERDAY
  MAXIMUM         84    301 PM  96    1934  78      6       67
                                      1928
  MINIMUM         51   1053 PM  39    1946  51      0       44
                                      1931
  AVERAGE         68                        64      4       56

PRECIPITATION (IN)
  YESTERDAY        0.19          1.76 1938   0.12   0.07     0.00
  MONTH TO DATE    1.96                      2.83  -0.87     5.76
  SINCE MAR 1      6.50                      5.49   1.01    10.71
  SINCE JAN 1      7.36                      6.36   1.00    11.79

SNOWFALL (IN)
  YESTERDAY        0.0                       0.0    0.0      0.0
  MONTH TO DATE    T                         0.5   -0.5       T
  SINCE MAR 1      6.7                      11.5   -4.8      2.6
  SINCE JUL 1     30.1                      35.5   -5.4     24.7
  SNOW DEPTH       0

DEGREE DAYS
 HEATING
  YESTERDAY        0                         3     -3        9
  MONTH TO DATE  238                       208     30      248
  SINCE MAR 1   1278                      1446   -168     1209
  SINCE JUL 1   5124                      5863   -739     5424

 COOLING
  YESTERDAY        3                         2      1        0
  MONTH TO DATE   24                        37    -13        6
  SINCE MAR 1     24                        41    -17        6
  SINCE JAN 1     24                        41    -17        6
..................................................................

WIND (MPH)
  HIGHEST WIND SPEED    35   HIGHEST WIND DIRECTION     W (290)
  HIGHEST GUST SPEED    44   HIGHEST GUST DIRECTION     W (290)
  AVERAGE WIND SPEED    11.4


SKY COVER
  AVERAGE SKY COVER 0.0


WEATHER CONDITIONS
 THE FOLLOWING WEATHER WAS RECORDED YESTERDAY.
  THUNDERSTORM
  HEAVY RAIN
  RAIN
  LIGHT RAIN


RELATIVE HUMIDITY (PERCENT)
 HIGHEST    96
 LOWEST     32
 AVERAGE    64

..........................................................


THE GOODLAND KS CLIMATE NORMALS FOR TODAY
                         NORMAL    RECORD    YEAR
 MAXIMUM TEMPERATURE (F)   78       104      2002
 MINIMUM TEMPERATURE (F)   51        38      2011
                                             1964


SUNRISE AND SUNSET
MAY 31 2016...........SUNRISE   522 AM MDT   SUNSET   807 PM MDT
JUNE  1 2016..........SUNRISE   522 AM MDT   SUNSET   808 PM MDT


-  INDICATES NEGATIVE NUMBERS.
R  INDICATES RECORD WAS SET OR TIED.
MM INDICATES DATA IS MISSING.
T  INDICATES TRACE AMOUNT.

&&

THE AVERAGE SOIL TEMPERATURE AT THE FOUR INCH DEPTH... 67

$$
