000
CDUS43 KGLD 300055
CLIGLD

CLIMATE REPORT
NATIONAL WEATHER SERVICE GOODLAND
653 PM MDT SAT APR 29 2017

...................................

...THE GOODLAND KS CLIMATE SUMMARY FOR APRIL 29 2017...
VALID TODAY AS OF 0600 PM LOCAL TIME.

CLIMATE NORMAL PERIOD 1981 TO 2010
CLIMATE RECORD PERIOD 1895 TO 2017

WEATHER ITEM   OBSERVED TIME   RECORD YEAR NORMAL DEPARTURE LAST
                VALUE   (LST)  VALUE       VALUE  FROM      YEAR
                                                  NORMAL
..................................................................
TEMPERATURE (F)
 TODAY
  MAXIMUM         36    347 PM  88    1967  68    -32       41
  MINIMUM         32   1023 AM  17    1908  40     -8       32
  AVERAGE         34                        54    -20       37

PRECIPITATION (IN)
  TODAY            0.16          1.12 2016   0.07   0.09     1.12
  MONTH TO DATE    1.74                      1.53   0.21     3.98
  SINCE MAR 1      3.42                      2.60   0.82     4.53
  SINCE JAN 1      4.35                      3.47   0.88     5.39

SNOWFALL (IN)
  TODAY            0.9                       0.1    0.8      2.3
  MONTH TO DATE    0.9                       4.2   -3.3      2.3
  SINCE MAR 1      0.9                      11.0  -10.1      6.7
  SINCE JUL 1     10.3                      35.0  -24.7     30.1
  SNOW DEPTH       T

DEGREE DAYS
 HEATING
  TODAY           31                        12     19       28
  MONTH TO DATE  386                       468    -82      407
  SINCE MAR 1    981                      1226   -245     1012
  SINCE JUL 1   4866                      5643   -777     4858

 COOLING
  TODAY            0                         0      0        0
  MONTH TO DATE    7                         0      7        0
  SINCE MAR 1      7                         0      7        0
  SINCE JAN 1      7                         0      7        0
..................................................................

WIND (MPH)
  HIGHEST WIND SPEED    33   HIGHEST WIND DIRECTION     N (20)
  HIGHEST GUST SPEED    41   HIGHEST GUST DIRECTION     N (10)
  AVERAGE WIND SPEED    21.3


SKY COVER
  AVERAGE SKY COVER 0.9


WEATHER CONDITIONS
 THE FOLLOWING WEATHER WAS RECORDED TODAY.
  SNOW
  LIGHT SNOW
  FOG
  FOG W/VISIBILITY <= 1/4 MILE


RELATIVE HUMIDITY (PERCENT)
 HIGHEST   100           100 AM
 LOWEST     89           100 PM
 AVERAGE    95

..........................................................


THE GOODLAND KS CLIMATE NORMALS FOR TOMORROW
                         NORMAL    RECORD    YEAR
 MAXIMUM TEMPERATURE (F)   68        96      1992
 MINIMUM TEMPERATURE (F)   40        14      1907


SUNRISE AND SUNSET
APRIL 29 2017.........SUNRISE   550 AM MDT   SUNSET   739 PM MDT
APRIL 30 2017.........SUNRISE   549 AM MDT   SUNSET   740 PM MDT


-  INDICATES NEGATIVE NUMBERS.
R  INDICATES RECORD WAS SET OR TIED.
MM INDICATES DATA IS MISSING.
T  INDICATES TRACE AMOUNT.

&&

THE AVERAGE SOIL TEMPERATURE AT THE FOUR INCH DEPTH... 48

$$
