000
CDUS43 KGLD 260742
CLIGLD

CLIMATE REPORT
NATIONAL WEATHER SERVICE GOODLAND
1241 AM MST FRI DEC 26 2014

...................................

...THE GOODLAND KS CLIMATE SUMMARY FOR DECEMBER 25 2014...

CLIMATE NORMAL PERIOD 1981 TO 2010
CLIMATE RECORD PERIOD 1895 TO 2014

WEATHER ITEM   OBSERVED TIME   RECORD YEAR NORMAL DEPARTURE LAST
                VALUE   (LST)  VALUE       VALUE  FROM      YEAR
                                                  NORMAL
..................................................................
TEMPERATURE (F)
 YESTERDAY
  MAXIMUM         46    145 PM  74    1950  42      4       44
  MINIMUM         25    430 AM  -9    2012  17      8       19
  AVERAGE         36                        29      7       32

PRECIPITATION (IN)
  YESTERDAY        0.00          0.39 1941   0.01  -0.01     0.00
  MONTH TO DATE    1.00                      0.38   0.62     0.05
  SINCE DEC 1      1.00                      0.38   0.62     0.05
  SINCE JAN 1     17.41                     19.58  -2.17    16.74

SNOWFALL (IN)
  YESTERDAY        0.0                       0.2   -0.2      0.0
  MONTH TO DATE    2.5                       4.4   -1.9      2.5
  SINCE DEC 1      2.5                       4.4   -1.9      2.5
  SINCE JUL 1      2.7                      11.6   -8.9      6.8
  SNOW DEPTH       T

DEGREE DAYS
 HEATING
  YESTERDAY       29                        36     -7       33
  MONTH TO DATE  738                       876   -138      929
  SINCE DEC 1    738                       876   -138      929
  SINCE JUL 1   1993                      2195   -202     2202

 COOLING
  YESTERDAY        0                         0      0        0
  MONTH TO DATE    0                         0      0        0
  SINCE DEC 1      0                         0      0        0
  SINCE JAN 1    920                       941    -21     1181
..................................................................

WIND (MPH)
  HIGHEST WIND SPEED    23   HIGHEST WIND DIRECTION     N (360)
  HIGHEST GUST SPEED    27   HIGHEST GUST DIRECTION     N (360)
  AVERAGE WIND SPEED    11.2


SKY COVER
  AVERAGE SKY COVER 0.2


WEATHER CONDITIONS
 THE FOLLOWING WEATHER WAS RECORDED YESTERDAY.
  NO SIGNIFICANT WEATHER WAS OBSERVED.


RELATIVE HUMIDITY (PERCENT)
 HIGHEST    92
 LOWEST     41
 AVERAGE    67

..........................................................


THE GOODLAND KS CLIMATE NORMALS FOR TODAY
                         NORMAL    RECORD    YEAR
 MAXIMUM TEMPERATURE (F)   42        69      2005
 MINIMUM TEMPERATURE (F)   17       -10      2012


SUNRISE AND SUNSET
DECEMBER 26 2014......SUNRISE   705 AM MST   SUNSET   430 PM MST
DECEMBER 27 2014......SUNRISE   706 AM MST   SUNSET   430 PM MST


-  INDICATES NEGATIVE NUMBERS.
R  INDICATES RECORD WAS SET OR TIED.
MM INDICATES DATA IS MISSING.
T  INDICATES TRACE AMOUNT.

&&

THE AVERAGE SOIL TEMPERATURE AT THE FOUR INCH DEPTH... 34
THE CURRENT DEPTH OF FROST... 2 INCHES

$$
