000
CDUS43 KGLD 220758
CLIGLD

CLIMATE REPORT
NATIONAL WEATHER SERVICE GOODLAND
156 AM MDT FRI SEP 22 2017

...................................

...THE GOODLAND KS CLIMATE SUMMARY FOR SEPTEMBER 21 2017...

CLIMATE NORMAL PERIOD 1981 TO 2010
CLIMATE RECORD PERIOD 1895 TO 2017

WEATHER ITEM   OBSERVED TIME   RECORD YEAR NORMAL DEPARTURE LAST
                VALUE   (LST)  VALUE       VALUE  FROM      YEAR
                                                  NORMAL
..................................................................
TEMPERATURE (F)
 YESTERDAY
  MAXIMUM         95    242 PM  97    2005  77     18       92
  MINIMUM         50    340 AM  26    1983  48      2       65
  AVERAGE         73                        62     11       79

PRECIPITATION (IN)
  YESTERDAY        0.00          0.93 1941   0.04  -0.04     0.00
  MONTH TO DATE    0.43                      0.87  -0.44     2.37
  SINCE SEP 1      0.43                      0.87  -0.44     2.37
  SINCE JAN 1     22.39                     16.77   5.62    16.41

SNOWFALL (IN)
  YESTERDAY        0.0                       0.0    0.0      0.0
  MONTH TO DATE    0.0                       0.2   -0.2       T
  SINCE SEP 1      0.0                       0.2   -0.2       T
  SINCE JUL 1      T                         0.2   -0.2       T
  SNOW DEPTH       0

DEGREE DAYS
 HEATING
  YESTERDAY        0                         5     -5        0
  MONTH TO DATE   31                        53    -22       27
  SINCE SEP 1     31                        53    -22       27
  SINCE JUL 1     31                        65    -34       34

 COOLING
  YESTERDAY        8                         2      6       14
  MONTH TO DATE  126                        88     38      109
  SINCE SEP 1    126                        88     38      109
  SINCE JAN 1    945                       921     24     1058
..................................................................

WIND (MPH)
  HIGHEST WIND SPEED    30   HIGHEST WIND DIRECTION     S (160)
  HIGHEST GUST SPEED    38   HIGHEST GUST DIRECTION     S (190)
  AVERAGE WIND SPEED    15.5


SKY COVER
  AVERAGE SKY COVER 0.0


WEATHER CONDITIONS
 THE FOLLOWING WEATHER WAS RECORDED YESTERDAY.
  NO SIGNIFICANT WEATHER WAS OBSERVED.


RELATIVE HUMIDITY (PERCENT)
 HIGHEST    71
 LOWEST     12
 AVERAGE    42

..........................................................


THE GOODLAND KS CLIMATE NORMALS FOR TODAY
                         NORMAL    RECORD    YEAR
 MAXIMUM TEMPERATURE (F)   76        96      1939
                                             1937
 MINIMUM TEMPERATURE (F)   47        30      1995
                                             1983


SUNRISE AND SUNSET
SEPTEMBER 22 2017.....SUNRISE   635 AM MDT   SUNSET   643 PM MDT
SEPTEMBER 23 2017.....SUNRISE   636 AM MDT   SUNSET   642 PM MDT


-  INDICATES NEGATIVE NUMBERS.
R  INDICATES RECORD WAS SET OR TIED.
MM INDICATES DATA IS MISSING.
T  INDICATES TRACE AMOUNT.

&&

THE AVERAGE SOIL TEMPERATURE AT THE FOUR INCH DEPTH... 68

$$
