000
CDUS43 KGLD 270747
CLIGLD

CLIMATE REPORT
NATIONAL WEATHER SERVICE GOODLAND
139 AM MDT MON JUL 27 2015

...................................

...THE GOODLAND KS CLIMATE SUMMARY FOR JULY 26 2015...

CLIMATE NORMAL PERIOD 1981 TO 2010
CLIMATE RECORD PERIOD 1895 TO 2015

WEATHER ITEM   OBSERVED TIME   RECORD YEAR NORMAL DEPARTURE LAST
                VALUE   (LST)  VALUE       VALUE  FROM      YEAR
                                                  NORMAL
..................................................................
TEMPERATURE (F)
 YESTERDAY
  MAXIMUM         98    218 PM 106    1936  90      8       97
  MINIMUM         65   1057 PM  50    1946  62      3       66
  AVERAGE         82                        76      6       82

PRECIPITATION (IN)
  YESTERDAY        0.88          3.16 1920   0.11   0.77     0.00
  MONTH TO DATE    2.27                      2.91  -0.64     1.81
  SINCE JUN 1      4.58                      6.16  -1.58     7.34
  SINCE JAN 1     16.37                     12.64   3.73    10.88

SNOWFALL (IN)
  YESTERDAY        0.0                       0.0    0.0      0.0
  MONTH TO DATE    0.0                       0.0    0.0      0.0
  SINCE JUN 1      0.0                       0.0    0.0      0.0
  SINCE JUL 1      0.0                       0.0    0.0      0.0
  SNOW DEPTH       0

DEGREE DAYS
 HEATING
  YESTERDAY        0                         0      0        0
  MONTH TO DATE    1                         0      1       13
  SINCE JUN 1      6                        37    -31       51
  SINCE JUL 1      1                         0      1       13

 COOLING
  YESTERDAY       17                        11      6       17
  MONTH TO DATE  302                       279     23      275
  SINCE JUN 1    544                       458     86      424
  SINCE JAN 1    550                       499     51      470
..................................................................

WIND (MPH)
  HIGHEST WIND SPEED    33   HIGHEST WIND DIRECTION    NW (300)
  HIGHEST GUST SPEED    40   HIGHEST GUST DIRECTION     W (290)
  AVERAGE WIND SPEED    10.8


SKY COVER
  AVERAGE SKY COVER 0.1


WEATHER CONDITIONS
 THE FOLLOWING WEATHER WAS RECORDED YESTERDAY.
  THUNDERSTORM
  HEAVY RAIN
  RAIN
  LIGHT RAIN
  FOG


RELATIVE HUMIDITY (PERCENT)
 HIGHEST    97
 LOWEST     29
 AVERAGE    63

..........................................................


THE GOODLAND KS CLIMATE NORMALS FOR TODAY
                         NORMAL    RECORD    YEAR
 MAXIMUM TEMPERATURE (F)   90       105      1910
 MINIMUM TEMPERATURE (F)   62        50      2005
                                             1994


SUNRISE AND SUNSET
JULY 27 2015..........SUNRISE   542 AM MDT   SUNSET   804 PM MDT
JULY 28 2015..........SUNRISE   543 AM MDT   SUNSET   803 PM MDT


-  INDICATES NEGATIVE NUMBERS.
R  INDICATES RECORD WAS SET OR TIED.
MM INDICATES DATA IS MISSING.
T  INDICATES TRACE AMOUNT.

&&

THE AVERAGE SOIL TEMPERATURE AT THE FOUR INCH DEPTH... 81

$$
