000
CDUS43 KGLD 160802
CLIGLD

CLIMATE REPORT
NATIONAL WEATHER SERVICE GOODLAND
101 AM MST SAT DEC 16 2017

...................................

...THE GOODLAND KS CLIMATE SUMMARY FOR DECEMBER 15 2017...

CLIMATE NORMAL PERIOD 1981 TO 2010
CLIMATE RECORD PERIOD 1895 TO 2017

WEATHER ITEM   OBSERVED TIME   RECORD YEAR NORMAL DEPARTURE LAST
                VALUE   (LST)  VALUE       VALUE  FROM      YEAR
                                                  NORMAL
..................................................................
TEMPERATURE (F)
 YESTERDAY
  MAXIMUM         59    306 PM  68    2002  42     17       30
  MINIMUM         18    401 AM -10    2008  17      1        9
  AVERAGE         39                        29     10       20

PRECIPITATION (IN)
  YESTERDAY        0.00          0.16 2003   0.01  -0.01     0.00
  MONTH TO DATE    T                         0.23  -0.23     0.09
  SINCE DEC 1      T                         0.23  -0.23     0.09
  SINCE JAN 1     26.28                     19.43   6.85    16.87

SNOWFALL (IN)
  YESTERDAY        0.0                       0.2   -0.2      0.0
  MONTH TO DATE    T                         2.6   -2.6      2.1
  SINCE DEC 1      T                         2.6   -2.6      2.1
  SINCE JUL 1      0.1                       9.8   -9.7      2.7
  SNOW DEPTH       0

DEGREE DAYS
 HEATING
  YESTERDAY       26                        36    -10       45
  MONTH TO DATE  402                       516   -114      608
  SINCE DEC 1    402                       516   -114      608
  SINCE JUL 1   1553                      1835   -282     1471

 COOLING
  YESTERDAY        0                         0      0        0
  MONTH TO DATE    0                         0      0        0
  SINCE DEC 1      0                         0      0        0
  SINCE JAN 1    959                       941     18     1103
..................................................................

WIND (MPH)
  HIGHEST WIND SPEED    21   HIGHEST WIND DIRECTION    SW (230)
  HIGHEST GUST SPEED    27   HIGHEST GUST DIRECTION    SW (220)
  AVERAGE WIND SPEED    13.7


SKY COVER
  AVERAGE SKY COVER 0.0


WEATHER CONDITIONS
 THE FOLLOWING WEATHER WAS RECORDED YESTERDAY.
  NO SIGNIFICANT WEATHER WAS OBSERVED.


RELATIVE HUMIDITY (PERCENT)
 HIGHEST    84
 LOWEST      9
 AVERAGE    47

..........................................................


THE GOODLAND KS CLIMATE NORMALS FOR TODAY
                         NORMAL    RECORD    YEAR
 MAXIMUM TEMPERATURE (F)   42        74      1962
 MINIMUM TEMPERATURE (F)   17        -4      1964
                                             1914


SUNRISE AND SUNSET
DECEMBER 16 2017......SUNRISE   700 AM MST   SUNSET   425 PM MST
DECEMBER 17 2017......SUNRISE   701 AM MST   SUNSET   425 PM MST


-  INDICATES NEGATIVE NUMBERS.
R  INDICATES RECORD WAS SET OR TIED.
MM INDICATES DATA IS MISSING.
T  INDICATES TRACE AMOUNT.

&&

THE AVERAGE SOIL TEMPERATURE AT THE FOUR INCH DEPTH... 37
THE CURRENT DEPTH OF FROST... 0 INCHES

$$
