000
CDUS43 KGLD 280741
CLIGLD

CLIMATE REPORT
NATIONAL WEATHER SERVICE GOODLAND
139 AM MDT SUN SEP 28 2014

...................................

...THE GOODLAND KS CLIMATE SUMMARY FOR SEPTEMBER 27 2014...

CLIMATE NORMAL PERIOD 1981 TO 2010
CLIMATE RECORD PERIOD 1895 TO 2014

WEATHER ITEM   OBSERVED TIME   RECORD YEAR NORMAL DEPARTURE LAST
                VALUE   (LST)  VALUE       VALUE  FROM      YEAR
                                                  NORMAL
..................................................................
TEMPERATURE (F)
 YESTERDAY
  MAXIMUM         84    209 PM  99    2013  74     10       75
  MINIMUM         54    612 AM  24    1908  45      9       48
  AVERAGE         69                        59     10       62

PRECIPITATION (IN)
  YESTERDAY        0.00          0.76 1973   0.04  -0.04     0.22
  MONTH TO DATE    1.69                      1.10   0.59     6.49
  SINCE SEP 1      1.69                      1.10   0.59     6.49
  SINCE JAN 1     15.59                     17.00  -1.41    15.28

SNOWFALL (IN)
  YESTERDAY        0.0                       0.0    0.0      0.0
  MONTH TO DATE    T                         0.3   -0.3      0.0
  SINCE SEP 1      T                         0.3   -0.3      0.0
  SINCE JUL 1      T                         0.3   -0.3      0.0
  SNOW DEPTH       0

DEGREE DAYS
 HEATING
  YESTERDAY        0                         7     -7        3
  MONTH TO DATE   95                        90      5       32
  SINCE SEP 1     95                        90      5       32
  SINCE JUL 1    108                       102      6       39

 COOLING
  YESTERDAY        4                         1      3        0
  MONTH TO DATE  108                        98     10      183
  SINCE SEP 1    108                        98     10      183
  SINCE JAN 1    910                       931    -21     1181
..................................................................

WIND (MPH)
  HIGHEST WIND SPEED    31   HIGHEST WIND DIRECTION     S (170)
  HIGHEST GUST SPEED    38   HIGHEST GUST DIRECTION     S (160)
  AVERAGE WIND SPEED    17.3

SKY COVER
  AVERAGE SKY COVER 0.0

WEATHER CONDITIONS
 THE FOLLOWING WEATHER WAS RECORDED YESTERDAY.
  NO SIGNIFICANT WEATHER WAS OBSERVED.

RELATIVE HUMIDITY (PERCENT)
 HIGHEST    93
 LOWEST     31
 AVERAGE    62

..........................................................

THE GOODLAND KS CLIMATE NORMALS FOR TODAY
                         NORMAL    RECORD    YEAR
 MAXIMUM TEMPERATURE (F)   74        97      1953
 MINIMUM TEMPERATURE (F)   44        26      1985

SUNRISE AND SUNSET
SEPTEMBER 28 2014.....SUNRISE   640 AM MDT   SUNSET   634 PM MDT
SEPTEMBER 29 2014.....SUNRISE   641 AM MDT   SUNSET   632 PM MDT

-  INDICATES NEGATIVE NUMBERS.
R  INDICATES RECORD WAS SET OR TIED.
MM INDICATES DATA IS MISSING.
T  INDICATES TRACE AMOUNT.

&&

THE AVERAGE SOIL TEMPERATURE AT THE FOUR INCH DEPTH... 67

$$
