000
CDUS43 KGLD 240750
CLIGLD

CLIMATE REPORT
NATIONAL WEATHER SERVICE GOODLAND
1239 AM MST WED DEC 24 2014

...................................

...THE GOODLAND KS CLIMATE SUMMARY FOR DECEMBER 23 2014...

CLIMATE NORMAL PERIOD 1981 TO 2010
CLIMATE RECORD PERIOD 1895 TO 2014

WEATHER ITEM   OBSERVED TIME   RECORD YEAR NORMAL DEPARTURE LAST
                VALUE   (LST)  VALUE       VALUE  FROM      YEAR
                                                  NORMAL
..................................................................
TEMPERATURE (F)
 YESTERDAY
  MAXIMUM         35   1228 AM  83    1964  42     -7       31
  MINIMUM         19   1113 PM  -9    2004  17      2       14
                                      1998
                                      1990
  AVERAGE         27                        29     -2       23

PRECIPITATION (IN)
  YESTERDAY        0.06          0.24 1939   0.01   0.05      T
  MONTH TO DATE    1.00                      0.35   0.65     0.05
  SINCE DEC 1      1.00                      0.35   0.65     0.05
  SINCE JAN 1     17.41                     19.55  -2.14    16.74

SNOWFALL (IN)
  YESTERDAY        1.3                       0.2    1.1       T
  MONTH TO DATE    2.5                       4.1   -1.6      2.5
  SINCE DEC 1      2.5                       4.1   -1.6      2.5
  SINCE JUL 1      2.7                      11.3   -8.6      6.8
  SNOW DEPTH       T

DEGREE DAYS
 HEATING
  YESTERDAY       38                        36      2       42
  MONTH TO DATE  672                       804   -132      872
  SINCE DEC 1    672                       804   -132      872
  SINCE JUL 1   1927                      2123   -196     2145

 COOLING
  YESTERDAY        0                         0      0        0
  MONTH TO DATE    0                         0      0        0
  SINCE DEC 1      0                         0      0        0
  SINCE JAN 1    920                       941    -21     1181
..................................................................

WIND (MPH)
  HIGHEST WIND SPEED    41   HIGHEST WIND DIRECTION     N (350)
  HIGHEST GUST SPEED    52   HIGHEST GUST DIRECTION     N (350)
  AVERAGE WIND SPEED    25.8


SKY COVER
  AVERAGE SKY COVER 0.9


WEATHER CONDITIONS
 THE FOLLOWING WEATHER WAS RECORDED YESTERDAY.
  LIGHT SNOW
  FOG


RELATIVE HUMIDITY (PERCENT)
 HIGHEST   100
 LOWEST     64
 AVERAGE    82

..........................................................


THE GOODLAND KS CLIMATE NORMALS FOR TODAY
                         NORMAL    RECORD    YEAR
 MAXIMUM TEMPERATURE (F)   42        77      1955
 MINIMUM TEMPERATURE (F)   17       -16      1924


SUNRISE AND SUNSET
DECEMBER 24 2014......SUNRISE   705 AM MST   SUNSET   428 PM MST
DECEMBER 25 2014......SUNRISE   705 AM MST   SUNSET   429 PM MST


-  INDICATES NEGATIVE NUMBERS.
R  INDICATES RECORD WAS SET OR TIED.
MM INDICATES DATA IS MISSING.
T  INDICATES TRACE AMOUNT.

&&

THE AVERAGE SOIL TEMPERATURE AT THE FOUR INCH DEPTH... 36
THE CURRENT DEPTH OF FROST... 0 INCHES

$$
