000
CDUS43 KGLD 150750
CLIGLD

CLIMATE REPORT
NATIONAL WEATHER SERVICE GOODLAND
1248 AM MST THU FEB 15 2018

...................................

...THE GOODLAND KS CLIMATE SUMMARY FOR FEBRUARY 14 2018...

CLIMATE NORMAL PERIOD 1981 TO 2010
CLIMATE RECORD PERIOD 1895 TO 2018

WEATHER ITEM   OBSERVED TIME   RECORD YEAR NORMAL DEPARTURE LAST
                VALUE   (LST)  VALUE       VALUE  FROM      YEAR
                                                  NORMAL
..................................................................
TEMPERATURE (F)
 YESTERDAY
  MAXIMUM         59   1252 PM  75    1999  45     14       53
  MINIMUM         34    323 AM -12    2007  19     15       21
  AVERAGE         47                        32     15       37

PRECIPITATION (IN)
  YESTERDAY        0.00          0.29 1964   0.02  -0.02     0.00
  MONTH TO DATE    0.56                      0.22   0.34      T
  SINCE DEC 1      1.33                      1.06   0.27     1.52
  SINCE JAN 1      1.24                      0.60   0.64     0.92

SNOWFALL (IN)
  YESTERDAY        0.0                       0.2   -0.2      0.0
  MONTH TO DATE    8.7                       3.0    5.7       T
  SINCE DEC 1     19.2                      14.4    4.8      8.8
  SINCE JUL 1     19.3                      21.6   -2.3      9.4
  SNOW DEPTH       T

DEGREE DAYS
 HEATING
  YESTERDAY       18                        33    -15       28
  MONTH TO DATE  510                       480     30      376
  SINCE DEC 1   2612                      2664    -52     2694
  SINCE JUL 1   3763                      3983   -220     3557

 COOLING
  YESTERDAY        0                         0      0        0
  MONTH TO DATE    0                         0      0        0
  SINCE DEC 1      0                         0      0        0
  SINCE JAN 1      0                         0      0        0
..................................................................

WIND (MPH)
  HIGHEST WIND SPEED    18   HIGHEST WIND DIRECTION     S (200)
  HIGHEST GUST SPEED    26   HIGHEST GUST DIRECTION     S (200)
  AVERAGE WIND SPEED     9.9


SKY COVER
  AVERAGE SKY COVER 0.0


WEATHER CONDITIONS
 THE FOLLOWING WEATHER WAS RECORDED YESTERDAY.
  NO SIGNIFICANT WEATHER WAS OBSERVED.


RELATIVE HUMIDITY (PERCENT)
 HIGHEST    70
 LOWEST     35
 AVERAGE    53

..........................................................


THE GOODLAND KS CLIMATE NORMALS FOR TODAY
                         NORMAL    RECORD    YEAR
 MAXIMUM TEMPERATURE (F)   45        68      2011
                                             1947
 MINIMUM TEMPERATURE (F)   19       -13      2007


SUNRISE AND SUNSET
FEBRUARY 15 2018......SUNRISE   639 AM MST   SUNSET   524 PM MST
FEBRUARY 16 2018......SUNRISE   637 AM MST   SUNSET   525 PM MST


-  INDICATES NEGATIVE NUMBERS.
R  INDICATES RECORD WAS SET OR TIED.
MM INDICATES DATA IS MISSING.
T  INDICATES TRACE AMOUNT.

&&

THE AVERAGE SOIL TEMPERATURE AT THE FOUR INCH DEPTH... 30
THE CURRENT DEPTH OF FROST... 5 INCHES

$$
