000
CDUS43 KGLD 220740
CLIGLD

CLIMATE REPORT
NATIONAL WEATHER SERVICE GOODLAND
1238 AM MST MON DEC 22 2014

...................................

...THE GOODLAND KS CLIMATE SUMMARY FOR DECEMBER 21 2014...

CLIMATE NORMAL PERIOD 1981 TO 2010
CLIMATE RECORD PERIOD 1895 TO 2014

WEATHER ITEM   OBSERVED TIME   RECORD YEAR NORMAL DEPARTURE LAST
                VALUE   (LST)  VALUE       VALUE  FROM      YEAR
                                                  NORMAL
..................................................................
TEMPERATURE (F)
 YESTERDAY
  MAXIMUM         53    102 PM  69    1933  42     11       36
  MINIMUM         24    619 AM -17    1989  17      7        9
                                      1983
  AVERAGE         39                        29     10       23

PRECIPITATION (IN)
  YESTERDAY        0.00          0.36 1920   0.01  -0.01     0.00
  MONTH TO DATE    0.94                      0.32   0.62     0.05
  SINCE DEC 1      0.94                      0.32   0.62     0.05
  SINCE JAN 1     17.35                     19.52  -2.17    16.74

SNOWFALL (IN)
  YESTERDAY        0.0                       0.2   -0.2      0.0
  MONTH TO DATE    1.2                       3.7   -2.5      2.5
  SINCE DEC 1      1.2                       3.7   -2.5      2.5
  SINCE JUL 1      1.4                      10.9   -9.5      6.8
  SNOW DEPTH       0

DEGREE DAYS
 HEATING
  YESTERDAY       26                        36    -10       42
  MONTH TO DATE  610                       732   -122      790
  SINCE DEC 1    610                       732   -122      790
  SINCE JUL 1   1865                      2051   -186     2063

 COOLING
  YESTERDAY        0                         0      0        0
  MONTH TO DATE    0                         0      0        0
  SINCE DEC 1      0                         0      0        0
  SINCE JAN 1    920                       941    -21     1181
..................................................................

WIND (MPH)
  HIGHEST WIND SPEED    23   HIGHEST WIND DIRECTION    NW (330)
  HIGHEST GUST SPEED    29   HIGHEST GUST DIRECTION    NW (330)
  AVERAGE WIND SPEED     9.1

SKY COVER
  AVERAGE SKY COVER 0.5

WEATHER CONDITIONS
 THE FOLLOWING WEATHER WAS RECORDED YESTERDAY.
  NO SIGNIFICANT WEATHER WAS OBSERVED.

RELATIVE HUMIDITY (PERCENT)
 HIGHEST    85
 LOWEST     44
 AVERAGE    65

..........................................................

THE GOODLAND KS CLIMATE NORMALS FOR TODAY
                         NORMAL    RECORD    YEAR
 MAXIMUM TEMPERATURE (F)   42        69      2005
                                             1964
                                             1933
 MINIMUM TEMPERATURE (F)   17       -27      1989

SUNRISE AND SUNSET
DECEMBER 22 2014......SUNRISE   704 AM MST   SUNSET   427 PM MST
DECEMBER 23 2014......SUNRISE   704 AM MST   SUNSET   428 PM MST

-  INDICATES NEGATIVE NUMBERS.
R  INDICATES RECORD WAS SET OR TIED.
MM INDICATES DATA IS MISSING.
T  INDICATES TRACE AMOUNT.

&&

THE AVERAGE SOIL TEMPERATURE AT THE FOUR INCH DEPTH... 35
THE CURRENT DEPTH OF FROST... 3 INCHES

$$
