360
CDUS43 KGLD 210745
CLIGLD

CLIMATE REPORT
NATIONAL WEATHER SERVICE GOODLAND
142 AM MDT SAT MAY 21 2016

...................................

...THE GOODLAND KS CLIMATE SUMMARY FOR MAY 20 2016...

CLIMATE NORMAL PERIOD 1981 TO 2010
CLIMATE RECORD PERIOD 1895 TO 2016

WEATHER ITEM   OBSERVED TIME   RECORD YEAR NORMAL DEPARTURE LAST
                VALUE   (LST)  VALUE       VALUE  FROM      YEAR
                                                  NORMAL
..................................................................
TEMPERATURE (F)
 YESTERDAY
  MAXIMUM         71    313 PM  98    1934  74     -3       49
  MINIMUM         48    236 AM  30    1931  47      1       36
  AVERAGE         60                        61     -1       43

PRECIPITATION (IN)
  YESTERDAY        0.00          1.12 1977   0.10  -0.10      T
  MONTH TO DATE    1.05                      1.73  -0.68     4.07
  SINCE MAR 1      5.59                      4.39   1.20     9.02
  SINCE JAN 1      6.45                      5.26   1.19    10.10

SNOWFALL (IN)
  YESTERDAY        0.0                       0.0    0.0       T
  MONTH TO DATE    T                         0.5   -0.5       T
  SINCE MAR 1      6.7                      11.5   -4.8      2.6
  SINCE JUL 1     30.1                      35.5   -5.4     24.7
  SNOW DEPTH       0

DEGREE DAYS
 HEATING
  YESTERDAY        5                         6     -1       22
  MONTH TO DATE  220                       165     55      182
  SINCE MAR 1   1260                      1403   -143     1143
  SINCE JUL 1   5106                      5820   -714     5358

 COOLING
  YESTERDAY        0                         1     -1        0
  MONTH TO DATE    6                        18    -12        5
  SINCE MAR 1      6                        22    -16        5
  SINCE JAN 1      6                        22    -16        5
..................................................................

WIND (MPH)
  HIGHEST WIND SPEED    26   HIGHEST WIND DIRECTION     S (160)
  HIGHEST GUST SPEED    33   HIGHEST GUST DIRECTION    SE (150)
  AVERAGE WIND SPEED    18.3


SKY COVER
  AVERAGE SKY COVER 0.6


WEATHER CONDITIONS
 THE FOLLOWING WEATHER WAS RECORDED YESTERDAY.
  FOG


RELATIVE HUMIDITY (PERCENT)
 HIGHEST   100
 LOWEST     57
 AVERAGE    79

..........................................................


THE GOODLAND KS CLIMATE NORMALS FOR TODAY
                         NORMAL    RECORD    YEAR
 MAXIMUM TEMPERATURE (F)   75        97      1925
 MINIMUM TEMPERATURE (F)   48        28      1915


SUNRISE AND SUNSET
MAY 21 2016...........SUNRISE   528 AM MDT   SUNSET   759 PM MDT
MAY 22 2016...........SUNRISE   527 AM MDT   SUNSET   800 PM MDT


-  INDICATES NEGATIVE NUMBERS.
R  INDICATES RECORD WAS SET OR TIED.
MM INDICATES DATA IS MISSING.
T  INDICATES TRACE AMOUNT.

&&

THE AVERAGE SOIL TEMPERATURE AT THE FOUR INCH DEPTH... 54

$$
