000
CDUS43 KGLD 300825
CLIGLD

CLIMATE REPORT
NATIONAL WEATHER SERVICE GOODLAND
223 AM MDT SAT MAY 30 2015

...................................

...THE GOODLAND KS CLIMATE SUMMARY FOR MAY 29 2015...

CLIMATE NORMAL PERIOD 1981 TO 2010
CLIMATE RECORD PERIOD 1895 TO 2015

WEATHER ITEM   OBSERVED TIME   RECORD YEAR NORMAL DEPARTURE LAST
                VALUE   (LST)  VALUE       VALUE  FROM      YEAR
                                                  NORMAL
..................................................................
TEMPERATURE (F)
 YESTERDAY
  MAXIMUM         74    134 PM 104    2003  77     -3       90
  MINIMUM         49   1159 PM  30    1947  50     -1       56
  AVERAGE         62                        64     -2       73

PRECIPITATION (IN)
  YESTERDAY        T             1.36 1964   0.12  -0.12     0.00
                                      1929
  MONTH TO DATE    5.76                      2.71   3.05     1.29
  SINCE MAR 1     10.71                      5.37   5.34     2.14
  SINCE JAN 1     11.79                      6.24   5.55     3.08

SNOWFALL (IN)
  YESTERDAY        0.0                       0.0    0.0      0.0
  MONTH TO DATE    0.0                       0.5   -0.5       T
  SINCE MAR 1      2.6                      11.5   -8.9      3.9
  SINCE JUL 1     24.7                      35.5  -10.8     29.1
  SNOW DEPTH       0

DEGREE DAYS
 HEATING
  YESTERDAY        3                         4     -1        0
  MONTH TO DATE  239                       205     34      209
  SINCE MAR 1   1200                      1443   -243     1414
  SINCE JUL 1   5415                      5860   -445     5958

 COOLING
  YESTERDAY        0                         2     -2        8
  MONTH TO DATE    6                        35    -29       26
  SINCE MAR 1      6                        39    -33       31
  SINCE JAN 1      6                        39    -33       31
..................................................................

WIND (MPH)
  HIGHEST WIND SPEED    36   HIGHEST WIND DIRECTION    NW (330)
  HIGHEST GUST SPEED    44   HIGHEST GUST DIRECTION     N (350)
  AVERAGE WIND SPEED    15.6


SKY COVER
  AVERAGE SKY COVER 0.4


WEATHER CONDITIONS
 THE FOLLOWING WEATHER WAS RECORDED YESTERDAY.
  THUNDERSTORM


RELATIVE HUMIDITY (PERCENT)
 HIGHEST    96
 LOWEST     46
 AVERAGE    71

..........................................................


THE GOODLAND KS CLIMATE NORMALS FOR TODAY
                         NORMAL    RECORD    YEAR
 MAXIMUM TEMPERATURE (F)   78        96      1934
                                             1928
 MINIMUM TEMPERATURE (F)   51        39      1946
                                             1931


SUNRISE AND SUNSET
MAY 30 2015...........SUNRISE   523 AM MDT   SUNSET   806 PM MDT
MAY 31 2015...........SUNRISE   522 AM MDT   SUNSET   807 PM MDT


-  INDICATES NEGATIVE NUMBERS.
R  INDICATES RECORD WAS SET OR TIED.
MM INDICATES DATA IS MISSING.
T  INDICATES TRACE AMOUNT.

&&

THE AVERAGE SOIL TEMPERATURE AT THE FOUR INCH DEPTH... 60

$$
