000
CDUS43 KGLD 100745
CLIGLD

CLIMATE REPORT
NATIONAL WEATHER SERVICE GOODLAND
144 AM MDT THU APR 10 2014

...................................

...THE GOODLAND KS CLIMATE SUMMARY FOR APRIL 9 2014...

CLIMATE NORMAL PERIOD 1981 TO 2010
CLIMATE RECORD PERIOD 1895 TO 2014

WEATHER ITEM   OBSERVED TIME   RECORD YEAR NORMAL DEPARTURE LAST
                VALUE   (LST)  VALUE       VALUE  FROM      YEAR
                                                  NORMAL
..................................................................
TEMPERATURE (F)
 YESTERDAY
  MAXIMUM         84    228 PM  90    1930  62     22       36
  MINIMUM         40    102 AM   8    1989  32      8       14
  AVERAGE         62                        47     15       25

PRECIPITATION (IN)
  YESTERDAY        0.00          1.61 1994   0.05  -0.05     0.03
  MONTH TO DATE    0.16                      0.39  -0.23     0.04
  SINCE MAR 1      0.58                      1.46  -0.88     1.49
  SINCE JAN 1      1.52                      2.33  -0.81     2.34

SNOWFALL (IN)
  YESTERDAY        0.0                       0.2   -0.2      0.7
  MONTH TO DATE    T                         1.9   -1.9      0.7
  SINCE MAR 1      3.5                       8.7   -5.2     20.5
  SINCE JUL 1     28.7                      32.7   -4.0     43.7
  SNOW DEPTH       0

DEGREE DAYS
 HEATING
  YESTERDAY        3                        18    -15       40
  MONTH TO DATE  180                       172      8      174
  SINCE MAR 1    948                       930     18     1017
  SINCE JUL 1   5492                      5347    145     5304

 COOLING
  YESTERDAY        0                         0      0        0
  MONTH TO DATE    0                         0      0        0
  SINCE MAR 1      0                         0      0        0
  SINCE JAN 1      0                         0      0        0
..................................................................

WIND (MPH)
  HIGHEST WIND SPEED    22   HIGHEST WIND DIRECTION    SW (240)
  HIGHEST GUST SPEED    32   HIGHEST GUST DIRECTION    SW (240)
  AVERAGE WIND SPEED    11.7


SKY COVER
  AVERAGE SKY COVER 0.0


WEATHER CONDITIONS
 THE FOLLOWING WEATHER WAS RECORDED YESTERDAY.
  NO SIGNIFICANT WEATHER WAS OBSERVED.


RELATIVE HUMIDITY (PERCENT)
 HIGHEST    58
 LOWEST      8
 AVERAGE    33

..........................................................


THE GOODLAND KS CLIMATE NORMALS FOR TODAY
                         NORMAL    RECORD    YEAR
 MAXIMUM TEMPERATURE (F)   62        90      1907
 MINIMUM TEMPERATURE (F)   33         4      1989


SUNRISE AND SUNSET
APRIL 10 2014.........SUNRISE   617 AM MDT   SUNSET   720 PM MDT
APRIL 11 2014.........SUNRISE   616 AM MDT   SUNSET   721 PM MDT


-  INDICATES NEGATIVE NUMBERS.
R  INDICATES RECORD WAS SET OR TIED.
MM INDICATES DATA IS MISSING.
T  INDICATES TRACE AMOUNT.

&&

THE AVERAGE SOIL TEMPERATURE AT THE FOUR INCH DEPTH... 45

$$
