000
CDUS43 KGLD 120744
CLIGLD

CLIMATE REPORT
NATIONAL WEATHER SERVICE GOODLAND
141 AM MDT SAT APR 12 2014

...................................

...THE GOODLAND KS CLIMATE SUMMARY FOR APRIL 11 2014...

CLIMATE NORMAL PERIOD 1981 TO 2010
CLIMATE RECORD PERIOD 1895 TO 2014

WEATHER ITEM   OBSERVED TIME   RECORD YEAR NORMAL DEPARTURE LAST
                VALUE   (LST)  VALUE       VALUE  FROM      YEAR
                                                  NORMAL
..................................................................
TEMPERATURE (F)
 YESTERDAY
  MAXIMUM         79    358 PM  87    1916  62     17       51
  MINIMUM         39    542 AM  11    1997  33      6       15
  AVERAGE         59                        48     11       33

PRECIPITATION (IN)
  YESTERDAY        0.00          2.00 1922   0.05  -0.05     0.00
  MONTH TO DATE    0.16                      0.49  -0.33     0.04
  SINCE MAR 1      0.58                      1.56  -0.98     1.49
  SINCE JAN 1      1.52                      2.43  -0.91     2.34

SNOWFALL (IN)
  YESTERDAY        0.0                       0.2   -0.2      0.0
  MONTH TO DATE    T                         2.2   -2.2      0.8
  SINCE MAR 1      3.5                       9.0   -5.5     20.6
  SINCE JUL 1     28.7                      33.0   -4.3     43.8
  SNOW DEPTH       0

DEGREE DAYS
 HEATING
  YESTERDAY        6                        17    -11       32
  MONTH TO DATE  197                       207    -10      249
  SINCE MAR 1    965                       965      0     1092
  SINCE JUL 1   5509                      5382    127     5379

 COOLING
  YESTERDAY        0                         0      0        0
  MONTH TO DATE    0                         0      0        0
  SINCE MAR 1      0                         0      0        0
  SINCE JAN 1      0                         0      0        0
..................................................................

WIND (MPH)
  HIGHEST WIND SPEED    29   HIGHEST WIND DIRECTION     S (180)
  HIGHEST GUST SPEED    36   HIGHEST GUST DIRECTION     S (170)
  AVERAGE WIND SPEED    15.7


SKY COVER
  AVERAGE SKY COVER 0.0


WEATHER CONDITIONS
 THE FOLLOWING WEATHER WAS RECORDED YESTERDAY.
  NO SIGNIFICANT WEATHER WAS OBSERVED.


RELATIVE HUMIDITY (PERCENT)
 HIGHEST    79
 LOWEST     19
 AVERAGE    49

..........................................................


THE GOODLAND KS CLIMATE NORMALS FOR TODAY
                         NORMAL    RECORD    YEAR
 MAXIMUM TEMPERATURE (F)   63        82      2010
 MINIMUM TEMPERATURE (F)   33         5      1997


SUNRISE AND SUNSET
APRIL 12 2014.........SUNRISE   614 AM MDT   SUNSET   722 PM MDT
APRIL 13 2014.........SUNRISE   613 AM MDT   SUNSET   723 PM MDT


-  INDICATES NEGATIVE NUMBERS.
R  INDICATES RECORD WAS SET OR TIED.
MM INDICATES DATA IS MISSING.
T  INDICATES TRACE AMOUNT.

&&

THE AVERAGE SOIL TEMPERATURE AT THE FOUR INCH DEPTH... 51

$$
