000
CDUS43 KGLD 220757
CLIGLD

WRKCLIGLD 000
TTAA00 KGLD 220757

CLIMATE REPORT
NATIONAL WEATHER SERVICE GOODLAND
155 AM MDT FRI JUL 22 2016

...................................

...THE GOODLAND KS CLIMATE SUMMARY FOR JULY 21 2016...

CLIMATE NORMAL PERIOD 1981 TO 2010
CLIMATE RECORD PERIOD 1895 TO 2016

WEATHER ITEM   OBSERVED TIME   RECORD YEAR NORMAL DEPARTURE LAST
                VALUE   (LST)  VALUE       VALUE  FROM      YEAR
                                                  NORMAL
..................................................................
TEMPERATURE (F)
 YESTERDAY
  MAXIMUM        104    309 PM 105    2012  90     14       84
                                      2005
                                      1934
  MINIMUM         66    543 AM  50    1958  62      4       61
  AVERAGE         85                        76      9       73

PRECIPITATION (IN)
  YESTERDAY        0.00          1.46 1930   0.12  -0.12     0.15
  MONTH TO DATE    1.22                      2.35  -1.13     1.27
  SINCE JUN 1      2.84                      5.60  -2.76     3.58
  SINCE JAN 1     10.20                     12.08  -1.88    15.37

SNOWFALL (IN)
  YESTERDAY        0.0                       0.0    0.0      0.0
  MONTH TO DATE    0.0                       0.0    0.0      0.0
  SINCE JUN 1      0.0                       0.0    0.0      0.0
  SINCE JUL 1      0.0                       0.0    0.0      0.0
  SNOW DEPTH       0

DEGREE DAYS
 HEATING
  YESTERDAY        0                         0      0        0
  MONTH TO DATE    0                         0      0        1
  SINCE JUN 1      2                        37    -35        6
  SINCE JUL 1      0                         0      0        1

 COOLING
  YESTERDAY       20                        11      9        8
  MONTH TO DATE  275                       224     51      226
  SINCE JUN 1    564                       403    161      468
  SINCE JAN 1    588                       444    144      474
..................................................................

WIND (MPH)
  HIGHEST WIND SPEED    24   HIGHEST WIND DIRECTION    NW (330)
  HIGHEST GUST SPEED    33   HIGHEST GUST DIRECTION    NW (330)
  AVERAGE WIND SPEED     6.8


SKY COVER
  AVERAGE SKY COVER 0.0


WEATHER CONDITIONS
 THE FOLLOWING WEATHER WAS RECORDED YESTERDAY.
  THUNDERSTORM


RELATIVE HUMIDITY (PERCENT)
 HIGHEST    70
 LOWEST     17
 AVERAGE    44

..........................................................


THE GOODLAND KS CLIMATE NORMALS FOR TODAY
                         NORMAL    RECORD    YEAR
 MAXIMUM TEMPERATURE (F)   90       105      1934
 MINIMUM TEMPERATURE (F)   62        52      1994
                                             1958
                                             1897


SUNRISE AND SUNSET
JULY 22 2016..........SUNRISE   538 AM MDT   SUNSET   808 PM MDT
JULY 23 2016..........SUNRISE   539 AM MDT   SUNSET   807 PM MDT


-  INDICATES NEGATIVE NUMBERS.
R  INDICATES RECORD WAS SET OR TIED.
MM INDICATES DATA IS MISSING.
T  INDICATES TRACE AMOUNT.

&&

THE AVERAGE SOIL TEMPERATURE AT THE FOUR INCH DEPTH... 81

$$
