000
CDUS43 KGLD 250743
CLIGLD

CLIMATE REPORT
NATIONAL WEATHER SERVICE GOODLAND
141 AM MDT FRI JUL 25 2014

...................................

...THE GOODLAND KS CLIMATE SUMMARY FOR JULY 24 2014...

CLIMATE NORMAL PERIOD 1981 TO 2010
CLIMATE RECORD PERIOD 1895 TO 2014

WEATHER ITEM   OBSERVED TIME   RECORD YEAR NORMAL DEPARTURE LAST
                VALUE   (LST)  VALUE       VALUE  FROM      YEAR
                                                  NORMAL
..................................................................
TEMPERATURE (F)
 YESTERDAY
  MAXIMUM        100    303 PM 110    1940  90     10       88
                                      1936
  MINIMUM         67    250 AM  53    2004  62      5       57
  AVERAGE         84                        76      8       73

PRECIPITATION (IN)
  YESTERDAY        0.00          1.11 1994   0.11  -0.11     0.05
  MONTH TO DATE    1.73                      2.68  -0.95     0.21
  SINCE JUN 1      7.26                      5.93   1.33     3.25
  SINCE JAN 1     10.80                     12.41  -1.61     7.61

SNOWFALL (IN)
  YESTERDAY        0.0                       0.0    0.0      0.0
  MONTH TO DATE    0.0                       0.0    0.0      0.0
  SINCE JUN 1      0.0                       0.0    0.0      0.0
  SINCE JUL 1      0.0                       0.0    0.0      0.0
  SNOW DEPTH       0

DEGREE DAYS
 HEATING
  YESTERDAY        0                         0      0        0
  MONTH TO DATE   13                         0     13        0
  SINCE JUN 1     51                        37     14       31
  SINCE JUL 1     13                         0     13        0

 COOLING
  YESTERDAY       19                        11      8        8
  MONTH TO DATE  241                       257    -16      280
  SINCE JUN 1    390                       436    -46      537
  SINCE JAN 1    436                       477    -41      626
..................................................................

WIND (MPH)
  HIGHEST WIND SPEED    25   HIGHEST WIND DIRECTION     S (190)
  HIGHEST GUST SPEED    35   HIGHEST GUST DIRECTION     S (200)
  AVERAGE WIND SPEED    13.8


SKY COVER
  AVERAGE SKY COVER 0.0


WEATHER CONDITIONS
 THE FOLLOWING WEATHER WAS RECORDED YESTERDAY.
  FOG


RELATIVE HUMIDITY (PERCENT)
 HIGHEST    93
 LOWEST     15
 AVERAGE    54

..........................................................


THE GOODLAND KS CLIMATE NORMALS FOR TODAY
                         NORMAL    RECORD    YEAR
 MAXIMUM TEMPERATURE (F)   90       111      1940
 MINIMUM TEMPERATURE (F)   62        51      1924


SUNRISE AND SUNSET
JULY 25 2014..........SUNRISE   541 AM MDT   SUNSET   806 PM MDT
JULY 26 2014..........SUNRISE   541 AM MDT   SUNSET   805 PM MDT


-  INDICATES NEGATIVE NUMBERS.
R  INDICATES RECORD WAS SET OR TIED.
MM INDICATES DATA IS MISSING.
T  INDICATES TRACE AMOUNT.

&&

THE AVERAGE SOIL TEMPERATURE AT THE FOUR INCH DEPTH... 76

$$
