000
CDUS43 KGLD 170754
CLIGLD

CLIMATE REPORT
NATIONAL WEATHER SERVICE GOODLAND
1254 AM MST WED JAN 17 2018

...................................

...THE GOODLAND KS CLIMATE SUMMARY FOR JANUARY 16 2018...

CLIMATE NORMAL PERIOD 1981 TO 2010
CLIMATE RECORD PERIOD 1895 TO 2018

WEATHER ITEM   OBSERVED TIME   RECORD YEAR NORMAL DEPARTURE LAST
                VALUE   (LST)  VALUE       VALUE  FROM      YEAR
                                                  NORMAL
..................................................................
TEMPERATURE (F)
 YESTERDAY
  MAXIMUM         24    354 PM  65    1951  42    -18       34
  MINIMUM         -7    715 AM -11    1930  17    -24       25
  AVERAGE          9                        30    -21       30

PRECIPITATION (IN)
  YESTERDAY        0.00          0.33 2017   0.01  -0.01     0.33
  MONTH TO DATE    0.13                      0.18  -0.05     0.87
  SINCE DEC 1      0.22                      0.64  -0.42     1.47
  SINCE JAN 1      0.13                      0.18  -0.05     0.87

SNOWFALL (IN)
  YESTERDAY        0.0                       0.1   -0.1      0.7
  MONTH TO DATE    0.7                       2.8   -2.1      3.4
  SINCE DEC 1      2.2                       8.3   -6.1      8.4
  SINCE JUL 1      2.3                      15.5  -13.2      9.0
  SNOW DEPTH       0

DEGREE DAYS
 HEATING
  YESTERDAY       56                        35     21       35
  MONTH TO DATE  583                       562     21      659
  SINCE DEC 1   1657                      1650      7     1861
  SINCE JUL 1   2808                      2969   -161     2724

 COOLING
  YESTERDAY        0                         0      0        0
  MONTH TO DATE    0                         0      0        0
  SINCE DEC 1      0                         0      0        0
  SINCE JAN 1      0                         0      0        0
..................................................................

WIND (MPH)
  HIGHEST WIND SPEED    16   HIGHEST WIND DIRECTION     S (200)
  HIGHEST GUST SPEED    24   HIGHEST GUST DIRECTION     S (200)
  AVERAGE WIND SPEED     9.0


SKY COVER
  AVERAGE SKY COVER 0.0


WEATHER CONDITIONS
 THE FOLLOWING WEATHER WAS RECORDED YESTERDAY.
  NO SIGNIFICANT WEATHER WAS OBSERVED.


RELATIVE HUMIDITY (PERCENT)
 HIGHEST    82
 LOWEST     27
 AVERAGE    55

..........................................................


THE GOODLAND KS CLIMATE NORMALS FOR TODAY
                         NORMAL    RECORD    YEAR
 MAXIMUM TEMPERATURE (F)   42        71      1923
 MINIMUM TEMPERATURE (F)   17       -20      1930


SUNRISE AND SUNSET
JANUARY 17 2018.......SUNRISE   704 AM MST   SUNSET   450 PM MST
JANUARY 18 2018.......SUNRISE   704 AM MST   SUNSET   451 PM MST


-  INDICATES NEGATIVE NUMBERS.
R  INDICATES RECORD WAS SET OR TIED.
MM INDICATES DATA IS MISSING.
T  INDICATES TRACE AMOUNT.

&&

THE AVERAGE SOIL TEMPERATURE AT THE FOUR INCH DEPTH... 27
THE CURRENT DEPTH OF FROST... 6 INCHES

$$
