019
CDUS43 KGLD 130749
CLIGLD

CLIMATE REPORT
NATIONAL WEATHER SERVICE GOODLAND
1246 AM MST FRI JAN 13 2017

...................................

...THE GOODLAND KS CLIMATE SUMMARY FOR JANUARY 12 2017...

CLIMATE NORMAL PERIOD 1981 TO 2010
CLIMATE RECORD PERIOD 1895 TO 2017

WEATHER ITEM   OBSERVED TIME   RECORD YEAR NORMAL DEPARTURE LAST
                VALUE   (LST)  VALUE       VALUE  FROM      YEAR
                                                  NORMAL
..................................................................
TEMPERATURE (F)
 YESTERDAY
  MAXIMUM         37   1044 AM  75    1953  43     -6       52
  MINIMUM         10    148 AM -20    1912  17     -7       12
  AVERAGE         24                        30     -6       32

PRECIPITATION (IN)
  YESTERDAY        0.00          0.32 1979   0.01  -0.01     0.00
  MONTH TO DATE    0.21                      0.14   0.07     0.02
  SINCE DEC 1      0.81                      0.60   0.21     0.18
  SINCE JAN 1      0.21                      0.14   0.07     0.02

SNOWFALL (IN)
  YESTERDAY        0.0                       0.2   -0.2      0.0
  MONTH TO DATE    2.5                       2.2    0.3      0.2
  SINCE DEC 1      7.5                       7.7   -0.2      1.9
  SINCE JUL 1      8.1                      14.9   -6.8     10.1
  SNOW DEPTH       0

DEGREE DAYS
 HEATING
  YESTERDAY       41                        35      6       33
  MONTH TO DATE  509                       422     87      432
  SINCE DEC 1   1711                      1510    201     1414
  SINCE JUL 1   2574                      2829   -255     2474

 COOLING
  YESTERDAY        0                         0      0        0
  MONTH TO DATE    0                         0      0        0
  SINCE DEC 1      0                         0      0        0
  SINCE JAN 1      0                         0      0        0
..................................................................

WIND (MPH)
  HIGHEST WIND SPEED    18   HIGHEST WIND DIRECTION     N (10)
  HIGHEST GUST SPEED    22   HIGHEST GUST DIRECTION     N (20)
  AVERAGE WIND SPEED     8.5


SKY COVER
  AVERAGE SKY COVER 0.0


WEATHER CONDITIONS
 THE FOLLOWING WEATHER WAS RECORDED YESTERDAY.
  NO SIGNIFICANT WEATHER WAS OBSERVED.


RELATIVE HUMIDITY (PERCENT)
 HIGHEST    84
 LOWEST     63
 AVERAGE    74

..........................................................


THE GOODLAND KS CLIMATE NORMALS FOR TODAY
                         NORMAL    RECORD    YEAR
 MAXIMUM TEMPERATURE (F)   43        72      1996
 MINIMUM TEMPERATURE (F)   17       -17      1997


SUNRISE AND SUNSET
JANUARY 13 2017.......SUNRISE   706 AM MST   SUNSET   446 PM MST
JANUARY 14 2017.......SUNRISE   705 AM MST   SUNSET   447 PM MST


-  INDICATES NEGATIVE NUMBERS.
R  INDICATES RECORD WAS SET OR TIED.
MM INDICATES DATA IS MISSING.
T  INDICATES TRACE AMOUNT.

&&

THE AVERAGE SOIL TEMPERATURE AT THE FOUR INCH DEPTH... 32
THE CURRENT DEPTH OF FROST... 7 INCHES

$$
