000
CDUS43 KGLD 250048
CLIGLD

CLIMATE REPORT
NATIONAL WEATHER SERVICE GOODLAND
646 PM MDT FRI JUL 24 2015

...................................

...THE GOODLAND KS CLIMATE SUMMARY FOR JULY 24 2015...
VALID TODAY AS OF 0600 PM LOCAL TIME.

CLIMATE NORMAL PERIOD 1981 TO 2010
CLIMATE RECORD PERIOD 1895 TO 2015

WEATHER ITEM   OBSERVED TIME   RECORD YEAR NORMAL DEPARTURE LAST
                VALUE   (LST)  VALUE       VALUE  FROM      YEAR
                                                  NORMAL
..................................................................
TEMPERATURE (F)
 TODAY
  MAXIMUM        101    223 PM 110    1940  90     11      100
                                      1936
  MINIMUM         64    505 AM  53    2004  62      2       67
  AVERAGE         83                        76      7       84

PRECIPITATION (IN)
  TODAY            T             1.11 1994   0.11  -0.11     0.00
  MONTH TO DATE    1.27                      2.68  -1.41     1.73
  SINCE JUN 1      3.58                      5.93  -2.35     7.26
  SINCE JAN 1     15.37                     12.41   2.96    10.80

SNOWFALL (IN)
  TODAY            0.0                       0.0    0.0      0.0
  MONTH TO DATE    0.0                       0.0    0.0      0.0
  SINCE JUN 1      0.0                       0.0    0.0      0.0
  SINCE JUL 1      0.0                       0.0    0.0      0.0
  SNOW DEPTH       0

DEGREE DAYS
 HEATING
  TODAY            0                         0      0        0
  MONTH TO DATE    1                         0      1       13
  SINCE JUN 1      6                        37    -31       51
  SINCE JUL 1      1                         0      1       13

 COOLING
  TODAY           18                        11      7       19
  MONTH TO DATE  270                       257     13      241
  SINCE JUN 1    512                       436     76      390
  SINCE JAN 1    518                       477     41      436
..................................................................

WIND (MPH)
  HIGHEST WIND SPEED    32   HIGHEST WIND DIRECTION    NE (60)
  HIGHEST GUST SPEED    42   HIGHEST GUST DIRECTION    NE (40)
  AVERAGE WIND SPEED     5.4


SKY COVER
  AVERAGE SKY COVER 0.0


WEATHER CONDITIONS
 THE FOLLOWING WEATHER WAS RECORDED TODAY.
  THUNDERSTORM
  LIGHT RAIN


RELATIVE HUMIDITY (PERCENT)
 HIGHEST    87           500 AM
 LOWEST     22           300 PM
 AVERAGE    55

..........................................................


THE GOODLAND KS CLIMATE NORMALS FOR TOMORROW
                         NORMAL    RECORD    YEAR
 MAXIMUM TEMPERATURE (F)   90       111      1940
 MINIMUM TEMPERATURE (F)   62        51      1924


SUNRISE AND SUNSET
JULY 24 2015..........SUNRISE   539 AM MDT   SUNSET   807 PM MDT
JULY 25 2015..........SUNRISE   540 AM MDT   SUNSET   806 PM MDT


-  INDICATES NEGATIVE NUMBERS.
R  INDICATES RECORD WAS SET OR TIED.
MM INDICATES DATA IS MISSING.
T  INDICATES TRACE AMOUNT.

&&

THE AVERAGE SOIL TEMPERATURE AT THE FOUR INCH DEPTH... 81

$$
