000
CDUS43 KGLD 270749
CLIGLD

CLIMATE REPORT
NATIONAL WEATHER SERVICE GOODLAND
1246 AM MST SAT DEC 27 2014

...................................

...THE GOODLAND KS CLIMATE SUMMARY FOR DECEMBER 26 2014...

CLIMATE NORMAL PERIOD 1981 TO 2010
CLIMATE RECORD PERIOD 1895 TO 2014

WEATHER ITEM   OBSERVED TIME   RECORD YEAR NORMAL DEPARTURE LAST
                VALUE   (LST)  VALUE       VALUE  FROM      YEAR
                                                  NORMAL
..................................................................
TEMPERATURE (F)
 YESTERDAY
  MAXIMUM         27   1258 AM  69    2005  42    -15       56
  MINIMUM          9   1148 PM -10    2012  17     -8       24
  AVERAGE         18                        29    -11       40

PRECIPITATION (IN)
  YESTERDAY        0.09          0.54 1939   0.02   0.07     0.00
  MONTH TO DATE    1.09                      0.40   0.69     0.05
  SINCE DEC 1      1.09                      0.40   0.69     0.05
  SINCE JAN 1     17.50                     19.60  -2.10    16.74

SNOWFALL (IN)
  YESTERDAY        1.9                       0.2    1.7      0.0
  MONTH TO DATE    4.4                       4.6   -0.2      2.5
  SINCE DEC 1      4.4                       4.6   -0.2      2.5
  SINCE JUL 1      4.6                      11.8   -7.2      6.8
  SNOW DEPTH       0

DEGREE DAYS
 HEATING
  YESTERDAY       47                        36     11       25
  MONTH TO DATE  785                       912   -127      954
  SINCE DEC 1    785                       912   -127      954
  SINCE JUL 1   2040                      2231   -191     2227

 COOLING
  YESTERDAY        0                         0      0        0
  MONTH TO DATE    0                         0      0        0
  SINCE DEC 1      0                         0      0        0
  SINCE JAN 1    920                       941    -21     1181
..................................................................

WIND (MPH)
  HIGHEST WIND SPEED    25   HIGHEST WIND DIRECTION     N (360)
  HIGHEST GUST SPEED    30   HIGHEST GUST DIRECTION     N (360)
  AVERAGE WIND SPEED    14.1


SKY COVER
  AVERAGE SKY COVER 1.0


WEATHER CONDITIONS
 THE FOLLOWING WEATHER WAS RECORDED YESTERDAY.
  LT FREEZING RAIN
  SNOW
  LIGHT SNOW
  FOG


RELATIVE HUMIDITY (PERCENT)
 HIGHEST    96
 LOWEST     84
 AVERAGE    90

..........................................................


THE GOODLAND KS CLIMATE NORMALS FOR TODAY
                         NORMAL    RECORD    YEAR
 MAXIMUM TEMPERATURE (F)   42        74      1980
 MINIMUM TEMPERATURE (F)   17       -11      1916


SUNRISE AND SUNSET
DECEMBER 27 2014......SUNRISE   706 AM MST   SUNSET   430 PM MST
DECEMBER 28 2014......SUNRISE   706 AM MST   SUNSET   431 PM MST


-  INDICATES NEGATIVE NUMBERS.
R  INDICATES RECORD WAS SET OR TIED.
MM INDICATES DATA IS MISSING.
T  INDICATES TRACE AMOUNT.

&&

THE AVERAGE SOIL TEMPERATURE AT THE FOUR INCH DEPTH... 34
THE CURRENT DEPTH OF FROST... 2 INCHES

$$
