439
CDUS43 KGLD 170801
CLIGLD

CLIMATE REPORT
NATIONAL WEATHER SERVICE GOODLAND
100 AM MST FRI FEB 17 2017

...................................

...THE GOODLAND KS CLIMATE SUMMARY FOR FEBRUARY 16 2017...

CLIMATE NORMAL PERIOD 1981 TO 2010
CLIMATE RECORD PERIOD 1895 TO 2017

WEATHER ITEM   OBSERVED TIME   RECORD YEAR NORMAL DEPARTURE LAST
                VALUE   (LST)  VALUE       VALUE  FROM      YEAR
                                                  NORMAL
..................................................................
TEMPERATURE (F)
 YESTERDAY
  MAXIMUM         75R   257 PM  75    2011  45     30       56
  MINIMUM         32    637 AM -17    1993  19     13       32
  AVERAGE         54                        32     22       44

PRECIPITATION (IN)
  YESTERDAY        0.00          0.34 1911   0.02  -0.02     0.00
  MONTH TO DATE    T                         0.25  -0.25     0.82
  SINCE DEC 1      1.52                      1.09   0.43     1.02
  SINCE JAN 1      0.92                      0.63   0.29     0.86

SNOWFALL (IN)
  YESTERDAY        0.0                       0.2   -0.2      0.0
  MONTH TO DATE    T                         3.4   -3.4     13.3
  SINCE DEC 1      8.8                      14.8   -6.0     15.2
  SINCE JUL 1      9.4                      22.0  -12.6     23.4
  SNOW DEPTH       0

DEGREE DAYS
 HEATING
  YESTERDAY       11                        33    -22       21
  MONTH TO DATE  409                       546   -137      522
  SINCE DEC 1   2727                      2730     -3     2523
  SINCE JUL 1   3590                      4049   -459     3583

 COOLING
  YESTERDAY        0                         0      0        0
  MONTH TO DATE    0                         0      0        0
  SINCE DEC 1      0                         0      0        0
  SINCE JAN 1      0                         0      0        0
..................................................................

WIND (MPH)
  HIGHEST WIND SPEED    18   HIGHEST WIND DIRECTION     S (200)
  HIGHEST GUST SPEED    23   HIGHEST GUST DIRECTION     S (200)
  AVERAGE WIND SPEED    11.3


SKY COVER
  AVERAGE SKY COVER 0.0


WEATHER CONDITIONS
 THE FOLLOWING WEATHER WAS RECORDED YESTERDAY.
  HAZE


RELATIVE HUMIDITY (PERCENT)
 HIGHEST    52
 LOWEST      6
 AVERAGE    29

..........................................................


THE GOODLAND KS CLIMATE NORMALS FOR TODAY
                         NORMAL    RECORD    YEAR
 MAXIMUM TEMPERATURE (F)   46        81      1970
 MINIMUM TEMPERATURE (F)   20       -15      1993


SUNRISE AND SUNSET
FEBRUARY 17 2017......SUNRISE   636 AM MST   SUNSET   526 PM MST
FEBRUARY 18 2017......SUNRISE   634 AM MST   SUNSET   527 PM MST


-  INDICATES NEGATIVE NUMBERS.
R  INDICATES RECORD WAS SET OR TIED.
MM INDICATES DATA IS MISSING.
T  INDICATES TRACE AMOUNT.

&&

THE AVERAGE SOIL TEMPERATURE AT THE FOUR INCH DEPTH... 39
THE CURRENT DEPTH OF FROST... 0 INCHES

$$
