000
CDUS43 KGLD 251603 CCA
CLIGLD

CLIMATE REPORT...CORRECTED
NATIONAL WEATHER SERVICE GOODLAND
148 AM MDT THU MAY 25 2017

...................................

...THE GOODLAND KS CLIMATE SUMMARY FOR MAY 24 2017...

CLIMATE NORMAL PERIOD 1981 TO 2010
CLIMATE RECORD PERIOD 1895 TO 2017

WEATHER ITEM   OBSERVED TIME   RECORD YEAR NORMAL DEPARTURE LAST
                VALUE   (LST)  VALUE       VALUE  FROM      YEAR
                                                  NORMAL
..................................................................
TEMPERATURE (F)
 YESTERDAY
  MAXIMUM         76    431 PM  96    1911  75      1       79
  MINIMUM         33R   333 AM  34    2002  49    -16       51
  AVERAGE         55                        62     -7       65

PRECIPITATION (IN)
  YESTERDAY        0.00          1.50 2011   0.10  -0.10     0.00
  MONTH TO DATE    5.46                      2.14   3.32     1.07
  SINCE MAR 1      9.26                      4.80   4.46     5.61
  SINCE JAN 1     10.19                      5.67   4.52     6.47

SNOWFALL (IN)
  YESTERDAY        0.0                       0.0    0.0      0.0
  MONTH TO DATE    T                         0.5   -0.5       T
  SINCE MAR 1      4.8                      11.5   -6.7      6.7
  SINCE JUL 1     14.2                      35.5  -21.3     30.1
  SNOW DEPTH       0

DEGREE DAYS
 HEATING
  YESTERDAY       10                         5      5        0
  MONTH TO DATE  202                       185     17      221
  SINCE MAR 1   1213                      1423   -210     1261
  SINCE JUL 1   5098                      5840   -742     5107

 COOLING
  YESTERDAY        0                         2     -2        0
  MONTH TO DATE   25                        25      0       20
  SINCE MAR 1     32                        29      3       20
  SINCE JAN 1     32                        29      3       20
..................................................................

WIND (MPH)
  HIGHEST WIND SPEED    23   HIGHEST WIND DIRECTION     S (180)
  HIGHEST GUST SPEED    30   HIGHEST GUST DIRECTION     S (190)
  AVERAGE WIND SPEED    11.0


SKY COVER
  AVERAGE SKY COVER 0.0


WEATHER CONDITIONS
 THE FOLLOWING WEATHER WAS RECORDED YESTERDAY.
  NO SIGNIFICANT WEATHER WAS OBSERVED.


RELATIVE HUMIDITY (PERCENT)
 HIGHEST    92
 LOWEST     31
 AVERAGE    62

..........................................................


THE GOODLAND KS CLIMATE NORMALS FOR TODAY
                         NORMAL    RECORD    YEAR
 MAXIMUM TEMPERATURE (F)   76        97      1964
 MINIMUM TEMPERATURE (F)   49        29      1992


SUNRISE AND SUNSET
MAY 25 2017...........SUNRISE   525 AM MDT   SUNSET   803 PM MDT
MAY 26 2017...........SUNRISE   525 AM MDT   SUNSET   803 PM MDT


-  INDICATES NEGATIVE NUMBERS.
R  INDICATES RECORD WAS SET OR TIED.
MM INDICATES DATA IS MISSING.
T  INDICATES TRACE AMOUNT.

&&

THE AVERAGE SOIL TEMPERATURE AT THE FOUR INCH DEPTH... 51

$$
