000
CDUS43 KGLD 180738
CLIGLD

CLIMATE REPORT
NATIONAL WEATHER SERVICE GOODLAND
137 AM MDT THU SEP 18 2014

...................................

...THE GOODLAND KS CLIMATE SUMMARY FOR SEPTEMBER 17 2014...

CLIMATE NORMAL PERIOD 1981 TO 2010
CLIMATE RECORD PERIOD 1895 TO 2014

WEATHER ITEM   OBSERVED TIME   RECORD YEAR NORMAL DEPARTURE LAST
                VALUE   (LST)  VALUE       VALUE  FROM      YEAR
                                                  NORMAL
..................................................................
TEMPERATURE (F)
 YESTERDAY
  MAXIMUM         91    133 PM  99    1947  79     12       83
  MINIMUM         49    507 AM  32    1981  50     -1       57
  AVERAGE         70                        64      6       70

PRECIPITATION (IN)
  YESTERDAY        0.01          0.86 1971   0.03  -0.02     0.02
  MONTH TO DATE    1.08                      0.71   0.37     6.27
  SINCE SEP 1      1.08                      0.71   0.37     6.27
  SINCE JAN 1     14.98                     16.61  -1.63    15.06

SNOWFALL (IN)
  YESTERDAY        0.0                       0.0    0.0      0.0
  MONTH TO DATE    T                         0.1   -0.1      0.0
  SINCE SEP 1      T                         0.1   -0.1      0.0
  SINCE JUL 1      T                         0.1   -0.1      0.0
  SNOW DEPTH       0

DEGREE DAYS
 HEATING
  YESTERDAY        0                         4     -4        0
  MONTH TO DATE   90                        35     55       17
  SINCE SEP 1     90                        35     55       17
  SINCE JUL 1    103                        47     56       24

 COOLING
  YESTERDAY        5                         3      2        5
  MONTH TO DATE   60                        78    -18      160
  SINCE SEP 1     60                        78    -18      160
  SINCE JAN 1    862                       911    -49     1158
..................................................................

WIND (MPH)
  HIGHEST WIND SPEED    26   HIGHEST WIND DIRECTION     S (190)
  HIGHEST GUST SPEED    33   HIGHEST GUST DIRECTION     S (190)
  AVERAGE WIND SPEED     7.4

SKY COVER
  AVERAGE SKY COVER 0.0

WEATHER CONDITIONS
 THE FOLLOWING WEATHER WAS RECORDED YESTERDAY.
  THUNDERSTORM
  LIGHT RAIN


RELATIVE HUMIDITY (PERCENT)
 HIGHEST    93
 LOWEST     29
 AVERAGE    61
..........................................................

THE GOODLAND KS CLIMATE NORMALS FOR TODAY
                         NORMAL    RECORD    YEAR
 MAXIMUM TEMPERATURE (F)   78        99      1895
 MINIMUM TEMPERATURE (F)   49        34      1971

SUNRISE AND SUNSET
SEPTEMBER 18 2014.....SUNRISE   631 AM MDT   SUNSET   650 PM MDT
SEPTEMBER 19 2014.....SUNRISE   632 AM MDT   SUNSET   649 PM MDT

-  INDICATES NEGATIVE NUMBERS.
R  INDICATES RECORD WAS SET OR TIED.
MM INDICATES DATA IS MISSING.
T  INDICATES TRACE AMOUNT.

&&

THE AVERAGE SOIL TEMPERATURE AT THE FOUR INCH DEPTH... 63

$$
