000
CDUS43 KGLD 230757
CLIGLD

CLIMATE REPORT
NATIONAL WEATHER SERVICE GOODLAND
1255 AM MST WED NOV 23 2016

...................................

...THE GOODLAND KS CLIMATE SUMMARY FOR NOVEMBER 22 2016...

CLIMATE NORMAL PERIOD 1981 TO 2010
CLIMATE RECORD PERIOD 1895 TO 2016

WEATHER ITEM   OBSERVED TIME   RECORD YEAR NORMAL DEPARTURE LAST
                VALUE   (LST)  VALUE       VALUE  FROM      YEAR
                                                  NORMAL
..................................................................
TEMPERATURE (F)
 YESTERDAY
  MAXIMUM         44    345 PM  82    1998  49     -5       59
  MINIMUM         29    241 AM  -4    1929  23      6       21
  AVERAGE         37                        36      1       40

PRECIPITATION (IN)
  YESTERDAY        0.11          0.23 1994   0.02   0.09     0.00
  MONTH TO DATE    0.21                      0.56  -0.35     0.77
  SINCE SEP 1      2.74                      3.15  -0.41     3.50
  SINCE JAN 1     16.78                     19.05  -2.27    20.25

SNOWFALL (IN)
  YESTERDAY        T                         0.1   -0.1      0.0
  MONTH TO DATE    0.6                       3.1   -2.5      6.7
  SINCE SEP 1      0.6                       5.7   -5.1      6.7
  SINCE JUL 1      0.6                       5.7   -5.1      6.7
  SNOW DEPTH       0

DEGREE DAYS
 HEATING
  YESTERDAY       28                        29     -1       25
  MONTH TO DATE  366                       530   -164      465
  SINCE SEP 1    644                      1058   -414      774
  SINCE JUL 1    651                      1070   -419      780

 COOLING
  YESTERDAY        0                         0      0        0
  MONTH TO DATE    0                         0      0        0
  SINCE SEP 1    154                       108     46      237
  SINCE JAN 1   1103                       941    162     1145
..................................................................

WIND (MPH)
  HIGHEST WIND SPEED    33   HIGHEST WIND DIRECTION     N (340)
  HIGHEST GUST SPEED    42   HIGHEST GUST DIRECTION     N (340)
  AVERAGE WIND SPEED    19.3


SKY COVER
  AVERAGE SKY COVER 0.9


WEATHER CONDITIONS
 THE FOLLOWING WEATHER WAS RECORDED YESTERDAY.
  RAIN
  LIGHT RAIN
  LIGHT SNOW
  FOG


RELATIVE HUMIDITY (PERCENT)
 HIGHEST   100
 LOWEST     70
 AVERAGE    85

..........................................................


THE GOODLAND KS CLIMATE NORMALS FOR TODAY
                         NORMAL    RECORD    YEAR
 MAXIMUM TEMPERATURE (F)   48        72      1925
 MINIMUM TEMPERATURE (F)   22         0      1941


SUNRISE AND SUNSET
NOVEMBER 23 2016......SUNRISE   640 AM MST   SUNSET   427 PM MST
NOVEMBER 24 2016......SUNRISE   641 AM MST   SUNSET   426 PM MST


-  INDICATES NEGATIVE NUMBERS.
R  INDICATES RECORD WAS SET OR TIED.
MM INDICATES DATA IS MISSING.
T  INDICATES TRACE AMOUNT.

&&

THE AVERAGE SOIL TEMPERATURE AT THE FOUR INCH DEPTH... 44
THE CURRENT DEPTH OF FROST... 00 INCHES

$$
