000
CDUS43 KGLD 260741
CLIGLD

CLIMATE REPORT
NATIONAL WEATHER SERVICE GOODLAND
140 AM MDT FRI SEP 26 2014

...................................

...THE GOODLAND KS CLIMATE SUMMARY FOR SEPTEMBER 25 2014...

CLIMATE NORMAL PERIOD 1981 TO 2010
CLIMATE RECORD PERIOD 1895 TO 2014

WEATHER ITEM   OBSERVED TIME   RECORD YEAR NORMAL DEPARTURE LAST
                VALUE   (LST)  VALUE       VALUE  FROM      YEAR
                                                  NORMAL
..................................................................
TEMPERATURE (F)
 YESTERDAY
  MAXIMUM         86    206 PM  97    1998  75     11       88
  MINIMUM         55    531 AM  21    1926  46      9       46
  AVERAGE         71                        60     11       67

PRECIPITATION (IN)
  YESTERDAY        0.00          0.85 1955   0.04  -0.04     0.00
  MONTH TO DATE    1.69                      1.02   0.67     6.27
  SINCE SEP 1      1.69                      1.02   0.67     6.27
  SINCE JAN 1     15.59                     16.92  -1.33    15.06

SNOWFALL (IN)
  YESTERDAY        0.0                       0.0    0.0      0.0
  MONTH TO DATE    T                         0.3   -0.3      0.0
  SINCE SEP 1      T                         0.3   -0.3      0.0
  SINCE JUL 1      T                         0.3   -0.3      0.0
  SNOW DEPTH       0

DEGREE DAYS
 HEATING
  YESTERDAY        0                         6     -6        0
  MONTH TO DATE   95                        76     19       29
  SINCE SEP 1     95                        76     19       29
  SINCE JUL 1    108                        88     20       36

 COOLING
  YESTERDAY        6                         2      4        2
  MONTH TO DATE  100                        96      4      182
  SINCE SEP 1    100                        96      4      182
  SINCE JAN 1    902                       929    -27     1180
..................................................................

WIND (MPH)
  HIGHEST WIND SPEED    20   HIGHEST WIND DIRECTION    SE (150)
  HIGHEST GUST SPEED    24   HIGHEST GUST DIRECTION    SE (150)
  AVERAGE WIND SPEED     9.1


SKY COVER
  AVERAGE SKY COVER 0.0


WEATHER CONDITIONS
THE FOLLOWING WEATHER WAS RECORDED YESTERDAY.
  NO SIGNIFICANT WEATHER WAS OBSERVED.


RELATIVE HUMIDITY (PERCENT)
 HIGHEST    86
 LOWEST     27
 AVERAGE    57

..........................................................


THE GOODLAND KS CLIMATE NORMALS FOR TODAY
                         NORMAL    RECORD    YEAR
 MAXIMUM TEMPERATURE (F)   74        90      2008
                                             1974
                                             1938
 MINIMUM TEMPERATURE (F)   45        22      1942


SUNRISE AND SUNSET
SEPTEMBER 26 2014.....SUNRISE   638 AM MDT   SUNSET   637 PM MDT
SEPTEMBER 27 2014.....SUNRISE   639 AM MDT   SUNSET   636 PM MDT


-  INDICATES NEGATIVE NUMBERS.
R  INDICATES RECORD WAS SET OR TIED.
MM INDICATES DATA IS MISSING.
T  INDICATES TRACE AMOUNT.

&&

THE AVERAGE SOIL TEMPERATURE AT THE FOUR INCH DEPTH... 67

$$
