000
CDUS43 KGLD 130045
CLIGLD

CLIMATE REPORT
NATIONAL WEATHER SERVICE GOODLAND
643 PM MDT SAT APR 12 2014

...................................

...THE GOODLAND KS CLIMATE SUMMARY FOR APRIL 12 2014...
VALID TODAY AS OF 0600 PM LOCAL TIME.

CLIMATE NORMAL PERIOD 1981 TO 2010
CLIMATE RECORD PERIOD 1895 TO 2014

WEATHER ITEM   OBSERVED TIME   RECORD YEAR NORMAL DEPARTURE LAST
                VALUE   (LST)  VALUE       VALUE  FROM      YEAR
                                                  NORMAL
..................................................................
TEMPERATURE (F)
 TODAY
  MAXIMUM         82R  1246 PM  82    2010  63     19       61
  MINIMUM         49    259 AM   5    1997  33     16       23
  AVERAGE         66                        48     18       42

PRECIPITATION (IN)
  TODAY            0.00          1.10 1896   0.05  -0.05     0.14
  MONTH TO DATE    0.16                      0.54  -0.38     0.18
  SINCE MAR 1      0.58                      1.61  -1.03     1.63
  SINCE JAN 1      1.52                      2.48  -0.96     2.48

SNOWFALL (IN)
  TODAY            0.0                       0.1   -0.1       T
  MONTH TO DATE    T                         2.3   -2.3      0.8
  SINCE MAR 1      3.5                       9.1   -5.6     20.6
  SINCE JUL 1     28.7                      33.1   -4.4     43.8
  SNOW DEPTH       0

DEGREE DAYS
 HEATING
  TODAY            0                        17    -17       23
  MONTH TO DATE  197                       224    -27      272
  SINCE MAR 1    965                       982    -17     1115
  SINCE JUL 1   5509                      5399    110     5402

 COOLING
  TODAY            1                         0      1        0
  MONTH TO DATE    1                         0      1        0
  SINCE MAR 1      1                         0      1        0
  SINCE JAN 1      1                         0      1        0
..................................................................

WIND (MPH)
  HIGHEST WIND SPEED    20   HIGHEST WIND DIRECTION     N (340)
  HIGHEST GUST SPEED    24   HIGHEST GUST DIRECTION     N (360)
  AVERAGE WIND SPEED    11.9


SKY COVER
  AVERAGE SKY COVER 0.0


WEATHER CONDITIONS
THE FOLLOWING WEATHER WAS RECORDED TODAY.
  NO SIGNIFICANT WEATHER WAS OBSERVED.


RELATIVE HUMIDITY (PERCENT)
 HIGHEST    59          1200 AM
 LOWEST     14           100 PM
 AVERAGE    37

..........................................................


THE GOODLAND KS CLIMATE NORMALS FOR TOMORROW
                         NORMAL    RECORD    YEAR
 MAXIMUM TEMPERATURE (F)   63        90      2006
 MINIMUM TEMPERATURE (F)   34        12      1997


SUNRISE AND SUNSET
APRIL 12 2014.........SUNRISE   614 AM MDT   SUNSET   722 PM MDT
APRIL 13 2014.........SUNRISE   613 AM MDT   SUNSET   723 PM MDT


-  INDICATES NEGATIVE NUMBERS.
R  INDICATES RECORD WAS SET OR TIED.
MM INDICATES DATA IS MISSING.
T  INDICATES TRACE AMOUNT.

&&

THE AVERAGE SOIL TEMPERATURE AT THE FOUR INCH DEPTH... 52

$$
