000
CDUS43 KGLD 190749
CLIGLD

CLIMATE REPORT
NATIONAL WEATHER SERVICE GOODLAND
149 AM MDT FRI AUG 19 2016

...................................

...THE GOODLAND KS CLIMATE SUMMARY FOR AUGUST 18 2016...

CLIMATE NORMAL PERIOD 1981 TO 2010
CLIMATE RECORD PERIOD 1895 TO 2016

WEATHER ITEM   OBSERVED TIME   RECORD YEAR NORMAL DEPARTURE LAST
                VALUE   (LST)  VALUE       VALUE  FROM      YEAR
                                                  NORMAL
..................................................................
TEMPERATURE (F)
 YESTERDAY
  MAXIMUM         94    207 PM 104    1897  88      6       76
  MINIMUM         62    516 AM  50    2002  60      2       55
  AVERAGE         78                        74      4       66

PRECIPITATION (IN)
  YESTERDAY        0.00          1.67 1989   0.08  -0.08     0.02
  MONTH TO DATE    0.79                      1.79  -1.00     0.33
  SINCE JUN 1      5.16                      8.51  -3.35     4.92
  SINCE JAN 1     12.52                     14.99  -2.47    16.71

SNOWFALL (IN)
  YESTERDAY        0.0                       0.0    0.0      0.0
  MONTH TO DATE    0.0                       0.0    0.0      0.0
  SINCE JUN 1      0.0                       0.0    0.0      0.0
  SINCE JUL 1      0.0                       0.0    0.0      0.0
  SNOW DEPTH       0

DEGREE DAYS
 HEATING
  YESTERDAY        0                         0      0        0
  MONTH TO DATE    0                         0      0        0
  SINCE JUN 1      2                        41    -39        6
  SINCE JUL 1      0                         4     -4        1

 COOLING
  YESTERDAY       13                         9      4        1
  MONTH TO DATE  187                       177     10      207
  SINCE JUN 1    878                       690    188      792
  SINCE JAN 1    902                       731    171      798
..................................................................

WIND (MPH)
  HIGHEST WIND SPEED    23   HIGHEST WIND DIRECTION     S (160)
  HIGHEST GUST SPEED    36   HIGHEST GUST DIRECTION    SE (150)
  AVERAGE WIND SPEED    12.7


SKY COVER
  AVERAGE SKY COVER 0.0


WEATHER CONDITIONS
 THE FOLLOWING WEATHER WAS RECORDED YESTERDAY.
  NO SIGNIFICANT WEATHER WAS OBSERVED.


RELATIVE HUMIDITY (PERCENT)
 HIGHEST    57
 LOWEST     12
 AVERAGE    35

..........................................................


THE GOODLAND KS CLIMATE NORMALS FOR TODAY
                         NORMAL    RECORD    YEAR
 MAXIMUM TEMPERATURE (F)   87       101      1952
 MINIMUM TEMPERATURE (F)   60        44      2012
                                             1960
                                             1927


SUNRISE AND SUNSET
AUGUST 19 2016........SUNRISE   604 AM MDT   SUNSET   736 PM MDT
AUGUST 20 2016........SUNRISE   605 AM MDT   SUNSET   735 PM MDT


-  INDICATES NEGATIVE NUMBERS.
R  INDICATES RECORD WAS SET OR TIED.
MM INDICATES DATA IS MISSING.
T  INDICATES TRACE AMOUNT.

&&

THE AVERAGE SOIL TEMPERATURE AT THE FOUR INCH DEPTH... 74

$$
