000
CDUS43 KGLD 090909
CLIGLD

CLIMATE REPORT
NATIONAL WEATHER SERVICE GOODLAND
208 AM MST TUE JAN 9 2018

...................................

...THE GOODLAND KS CLIMATE SUMMARY FOR JANUARY 8 2018...

CLIMATE NORMAL PERIOD 1981 TO 2010
CLIMATE RECORD PERIOD 1895 TO 2018

WEATHER ITEM   OBSERVED TIME   RECORD YEAR NORMAL DEPARTURE LAST
                VALUE   (LST)  VALUE       VALUE  FROM      YEAR
                                                  NORMAL
..................................................................
TEMPERATURE (F)
 YESTERDAY
  MAXIMUM         57    216 PM  74    2002  42     15       51
  MINIMUM         23   1258 AM -14    1937  17      6        7
  AVERAGE         40                        30     10       29

PRECIPITATION (IN)
  YESTERDAY        0.00          0.26 1962   0.02  -0.02     0.00
  MONTH TO DATE    0.00                      0.10  -0.10     0.15
  SINCE DEC 1      0.09                      0.56  -0.47     0.75
  SINCE JAN 1      0.00                      0.10  -0.10     0.15

SNOWFALL (IN)
  YESTERDAY        0.0                       0.2   -0.2      0.0
  MONTH TO DATE    0.0                       1.5   -1.5      2.5
  SINCE DEC 1      1.5                       7.0   -5.5      7.5
  SINCE JUL 1      1.6                      14.2  -12.6      8.1
  SNOW DEPTH       0

DEGREE DAYS
 HEATING
  YESTERDAY       25                        35    -10       36
  MONTH TO DATE  284                       282      2      393
  SINCE DEC 1   1358                      1370    -12     1595
  SINCE JUL 1   2509                      2689   -180     2458

 COOLING
  YESTERDAY        0                         0      0        0
  MONTH TO DATE    0                         0      0        0
  SINCE DEC 1      0                         0      0        0
  SINCE JAN 1      0                         0      0        0
..................................................................

WIND (MPH)
  HIGHEST WIND SPEED    24   HIGHEST WIND DIRECTION     S (200)
  HIGHEST GUST SPEED    31   HIGHEST GUST DIRECTION    SW (220)
  AVERAGE WIND SPEED    13.4


SKY COVER
  AVERAGE SKY COVER 0.0


WEATHER CONDITIONS
 THE FOLLOWING WEATHER WAS RECORDED YESTERDAY.
  NO SIGNIFICANT WEATHER WAS OBSERVED.


RELATIVE HUMIDITY (PERCENT)
 HIGHEST    81
 LOWEST     30
 AVERAGE    56

..........................................................


THE GOODLAND KS CLIMATE NORMALS FOR TODAY
                         NORMAL    RECORD    YEAR
 MAXIMUM TEMPERATURE (F)   42        65      1908
 MINIMUM TEMPERATURE (F)   17        -9      1973
                                             1937


SUNRISE AND SUNSET
JANUARY  9 2018.......SUNRISE   707 AM MST   SUNSET   442 PM MST
JANUARY 10 2018.......SUNRISE   706 AM MST   SUNSET   443 PM MST


-  INDICATES NEGATIVE NUMBERS.
R  INDICATES RECORD WAS SET OR TIED.
MM INDICATES DATA IS MISSING.
T  INDICATES TRACE AMOUNT.

&&

THE AVERAGE SOIL TEMPERATURE AT THE FOUR INCH DEPTH... 32
THE CURRENT DEPTH OF FROST... 14 INCHES

$$
