000
CDUS43 KGLD 210744
CLIGLD

CLIMATE REPORT
NATIONAL WEATHER SERVICE GOODLAND
1245 AM MST FRI NOV 21 2014

...................................

...THE GOODLAND KS CLIMATE SUMMARY FOR NOVEMBER 20 2014...

CLIMATE NORMAL PERIOD 1981 TO 2010
CLIMATE RECORD PERIOD 1895 TO 2014

WEATHER ITEM   OBSERVED TIME   RECORD YEAR NORMAL DEPARTURE LAST
                VALUE   (LST)  VALUE       VALUE  FROM      YEAR
                                                  NORMAL
..................................................................
TEMPERATURE (F)
 YESTERDAY
  MAXIMUM         55    220 PM  75    1955  50      5       64
  MINIMUM         13    207 AM   4    1929  24    -11       36
  AVERAGE         34                        37     -3       50

PRECIPITATION (IN)
  YESTERDAY        0.00          0.90 1930   0.02  -0.02     0.00
  MONTH TO DATE    T                         0.52  -0.52     0.16
  SINCE SEP 1      2.49                      3.11  -0.62     7.89
  SINCE JAN 1     16.39                     19.01  -2.62    16.68

SNOWFALL (IN)
  YESTERDAY        0.0                       0.1   -0.1      0.0
  MONTH TO DATE    0.2                       2.8   -2.6       T
  SINCE SEP 1      0.2                       5.4   -5.2      4.0
  SINCE JUL 1      0.2                       5.4   -5.2      4.0
  SNOW DEPTH       0

DEGREE DAYS
 HEATING
  YESTERDAY       31                        28      3       15
  MONTH TO DATE  586                       472    114      434
  SINCE SEP 1   1001                      1000      1      938
  SINCE JUL 1   1014                      1012      2      945

 COOLING
  YESTERDAY        0                         0      0        0
  MONTH TO DATE    0                         0      0        0
  SINCE SEP 1    118                       108     10      183
  SINCE JAN 1    920                       941    -21     1181
..................................................................

WIND (MPH)
  HIGHEST WIND SPEED    10   HIGHEST WIND DIRECTION     S (180)
  HIGHEST GUST SPEED    12   HIGHEST GUST DIRECTION     S (200)
  AVERAGE WIND SPEED     6.6


SKY COVER
  AVERAGE SKY COVER 0.0


WEATHER CONDITIONS
 THE FOLLOWING WEATHER WAS RECORDED YESTERDAY.
  NO SIGNIFICANT WEATHER WAS OBSERVED.


RELATIVE HUMIDITY (PERCENT)
 HIGHEST    88
 LOWEST     24
 AVERAGE    56

..........................................................


THE GOODLAND KS CLIMATE NORMALS FOR TODAY
                         NORMAL    RECORD    YEAR
 MAXIMUM TEMPERATURE (F)   49        75      2012
 MINIMUM TEMPERATURE (F)   23         4      1929


SUNRISE AND SUNSET
NOVEMBER 21 2014......SUNRISE   637 AM MST   SUNSET   428 PM MST
NOVEMBER 22 2014......SUNRISE   638 AM MST   SUNSET   427 PM MST


-  INDICATES NEGATIVE NUMBERS.
R  INDICATES RECORD WAS SET OR TIED.
MM INDICATES DATA IS MISSING.
T  INDICATES TRACE AMOUNT.

&&

THE AVERAGE SOIL TEMPERATURE AT THE FOUR INCH DEPTH... 32
THE CURRENT DEPTH OF FROST... 2 INCHES

$$
