974
CDUS43 KGLD 190938
CLIGLD

CLIMATE REPORT
NATIONAL WEATHER SERVICE GOODLAND
236 AM MST SUN NOV 19 2017

...................................

...THE GOODLAND KS CLIMATE SUMMARY FOR NOVEMBER 18 2017...

CLIMATE NORMAL PERIOD 1981 TO 2010
CLIMATE RECORD PERIOD 1895 TO 2017

WEATHER ITEM   OBSERVED TIME   RECORD YEAR NORMAL DEPARTURE LAST
                VALUE   (LST)  VALUE       VALUE  FROM      YEAR
                                                  NORMAL
..................................................................
TEMPERATURE (F)
 YESTERDAY
  MAXIMUM         47    307 PM  77    2008  51     -4       36
                                      1995
  MINIMUM         22   1159 PM  11    1937  25     -3       14
                                      1926
  AVERAGE         35                        38     -3       25

PRECIPITATION (IN)
  YESTERDAY        0.01          0.44 2004   0.02  -0.01      T
  MONTH TO DATE    0.03                      0.48  -0.45     0.10
  SINCE SEP 1      4.32                      3.07   1.25     2.63
  SINCE JAN 1     26.28                     18.97   7.31    16.67

SNOWFALL (IN)
  YESTERDAY        0.0                       0.1   -0.1       T
  MONTH TO DATE    0.0                       2.5   -2.5      0.6
  SINCE SEP 1      0.1                       5.1   -5.0      0.6
  SINCE JUL 1      0.1                       5.1   -5.0      0.6
  SNOW DEPTH       0

DEGREE DAYS
 HEATING
  YESTERDAY       30                        27      3       40
  MONTH TO DATE  433                       416     17      263
  SINCE SEP 1    944                       944      0      541
  SINCE JUL 1    944                       956    -12      548

 COOLING
  YESTERDAY        0                         0      0        0
  MONTH TO DATE    0                         0      0        0
  SINCE SEP 1    140                       108     32      154
  SINCE JAN 1    959                       941     18     1103
..................................................................

WIND (MPH)
  HIGHEST WIND SPEED    33   HIGHEST WIND DIRECTION     N (340)
  HIGHEST GUST SPEED    43   HIGHEST GUST DIRECTION     N (340)
  AVERAGE WIND SPEED    17.4


SKY COVER
  AVERAGE SKY COVER 0.0


WEATHER CONDITIONS
 THE FOLLOWING WEATHER WAS RECORDED YESTERDAY.
  LIGHT RAIN


RELATIVE HUMIDITY (PERCENT)
 HIGHEST    82
 LOWEST     26
 AVERAGE    54

..........................................................


THE GOODLAND KS CLIMATE NORMALS FOR TODAY
                         NORMAL    RECORD    YEAR
 MAXIMUM TEMPERATURE (F)   51        80      2007
                                             1996
 MINIMUM TEMPERATURE (F)   24         4      1937


SUNRISE AND SUNSET
NOVEMBER 19 2017......SUNRISE   635 AM MST   SUNSET   429 PM MST
NOVEMBER 20 2017......SUNRISE   636 AM MST   SUNSET   428 PM MST


-  INDICATES NEGATIVE NUMBERS.
R  INDICATES RECORD WAS SET OR TIED.
MM INDICATES DATA IS MISSING.
T  INDICATES TRACE AMOUNT.

&&

THE AVERAGE SOIL TEMPERATURE AT THE FOUR INCH DEPTH... 49
THE CURRENT DEPTH OF FROST... 00 INCHES

$$
