000
CDUS43 KGLD 120746
CLIGLD

CLIMATE REPORT
NATIONAL WEATHER SERVICE GOODLAND
144 AM MDT FRI SEP 12 2014

...................................

...THE GOODLAND KS CLIMATE SUMMARY FOR SEPTEMBER 11 2014...

CLIMATE NORMAL PERIOD 1981 TO 2010
CLIMATE RECORD PERIOD 1895 TO 2014

WEATHER ITEM   OBSERVED TIME   RECORD YEAR NORMAL DEPARTURE LAST
                VALUE   (LST)  VALUE       VALUE  FROM      YEAR
                                                  NORMAL
..................................................................
TEMPERATURE (F)
 YESTERDAY
  MAXIMUM         51   1250 AM  99    1895  81    -30       82
  MINIMUM         38   1159 PM  37    1989  52    -14       59
  AVERAGE         45                        67    -22       71

PRECIPITATION (IN)
  YESTERDAY        0.75          1.85 1933   0.04   0.71     1.23
  MONTH TO DATE    1.05                      0.49   0.56     1.24
  SINCE SEP 1      1.05                      0.49   0.56     1.24
  SINCE JAN 1     14.95                     16.39  -1.44    10.03

SNOWFALL (IN)
  YESTERDAY        0.0                       0.0    0.0      0.0
  MONTH TO DATE    0.0                       0.0    0.0      0.0
  SINCE SEP 1      0.0                       0.0    0.0      0.0
  SINCE JUL 1      0.0                       0.0    0.0      0.0
  SNOW DEPTH       0

DEGREE DAYS
 HEATING
  YESTERDAY       20                         2     18        0
  MONTH TO DATE   39                        16     23        0
  SINCE SEP 1     39                        16     23        0
  SINCE JUL 1     52                        28     24        7

 COOLING
  YESTERDAY        0                         4     -4        6
  MONTH TO DATE   50                        58     -8      149
  SINCE SEP 1     50                        58     -8      149
  SINCE JAN 1    852                       891    -39     1147
..................................................................

WIND (MPH)
  HIGHEST WIND SPEED    22   HIGHEST WIND DIRECTION     N (20)
  HIGHEST GUST SPEED    27   HIGHEST GUST DIRECTION     N (20)
  AVERAGE WIND SPEED    13.4

SKY COVER
  AVERAGE SKY COVER 1.0

WEATHER CONDITIONS
 THE FOLLOWING WEATHER WAS RECORDED YESTERDAY.
  THUNDERSTORM
  HEAVY RAIN
  LIGHT RAIN
  FOG

RELATIVE HUMIDITY (PERCENT)
 HIGHEST   100
 LOWEST     93
 AVERAGE    97

..........................................................

THE GOODLAND KS CLIMATE NORMALS FOR TODAY
                         NORMAL    RECORD    YEAR
 MAXIMUM TEMPERATURE (F)   81       100      1931
 MINIMUM TEMPERATURE (F)   52        36      1974

SUNRISE AND SUNSET
SEPTEMBER 12 2014.....SUNRISE   625 AM MDT   SUNSET   700 PM MDT
SEPTEMBER 13 2014.....SUNRISE   626 AM MDT   SUNSET   658 PM MDT

-  INDICATES NEGATIVE NUMBERS.
R  INDICATES RECORD WAS SET OR TIED.
MM INDICATES DATA IS MISSING.
T  INDICATES TRACE AMOUNT.

&&

THE AVERAGE SOIL TEMPERATURE AT THE FOUR INCH DEPTH... 65

$$
