000
CDUS43 KGLD 130749
CLIGLD

CLIMATE REPORT
NATIONAL WEATHER SERVICE GOODLAND
140 AM MDT TUE JUN 13 2017

...................................

...THE GOODLAND KS CLIMATE SUMMARY FOR JUNE 12 2017...

CLIMATE NORMAL PERIOD 1981 TO 2010
CLIMATE RECORD PERIOD 1895 TO 2017

WEATHER ITEM   OBSERVED TIME   RECORD YEAR NORMAL DEPARTURE LAST
                VALUE   (LST)  VALUE       VALUE  FROM      YEAR
                                                  NORMAL
..................................................................
TEMPERATURE (F)
 YESTERDAY
  MAXIMUM         92    514 PM 103    1952  83      9       92
  MINIMUM         59    433 AM  37    1947  55      4       63
  AVERAGE         76                        69      7       78

PRECIPITATION (IN)
  YESTERDAY        0.00          1.20 2010   0.11  -0.11     0.43
  MONTH TO DATE    1.82                      1.34   0.48     0.43
  SINCE JUN 1      1.82                      1.34   0.48     0.43
  SINCE JAN 1     14.21                      7.82   6.39     7.79

SNOWFALL (IN)
  YESTERDAY        0.0                       0.0    0.0      0.0
  MONTH TO DATE    0.0                       0.0    0.0      0.0
  SINCE JUN 1      0.0                       0.0    0.0      0.0
  SINCE JUL 1     14.2                      35.5  -21.3     30.1
  SNOW DEPTH       0

DEGREE DAYS
 HEATING
  YESTERDAY        0                         1     -1        0
  MONTH TO DATE    0                        27    -27        2
  SINCE JUN 1      0                        27    -27        2
  SINCE JUL 1   5118                      5893   -775     5131

 COOLING
  YESTERDAY       11                         5      6       13
  MONTH TO DATE   78                        47     31       80
  SINCE JUN 1     78                        47     31       80
  SINCE JAN 1    116                        88     28      104
..................................................................

WIND (MPH)
  HIGHEST WIND SPEED    32   HIGHEST WIND DIRECTION     S (180)
  HIGHEST GUST SPEED    41   HIGHEST GUST DIRECTION     S (170)
  AVERAGE WIND SPEED    13.8


SKY COVER
  AVERAGE SKY COVER 0.2


WEATHER CONDITIONS
 THE FOLLOWING WEATHER WAS RECORDED YESTERDAY.
  FOG
  FOG W/VISIBILITY <= 1/4 MILE


RELATIVE HUMIDITY (PERCENT)
 HIGHEST   100
 LOWEST     26
 AVERAGE    63

..........................................................


THE GOODLAND KS CLIMATE NORMALS FOR TODAY
                         NORMAL    RECORD    YEAR
 MAXIMUM TEMPERATURE (F)   83       101      1952
                                             1924
 MINIMUM TEMPERATURE (F)   55        37      1947


SUNRISE AND SUNSET
JUNE 13 2017..........SUNRISE   519 AM MDT   SUNSET   815 PM MDT
JUNE 14 2017..........SUNRISE   519 AM MDT   SUNSET   815 PM MDT


-  INDICATES NEGATIVE NUMBERS.
R  INDICATES RECORD WAS SET OR TIED.
MM INDICATES DATA IS MISSING.
T  INDICATES TRACE AMOUNT.

&&

THE AVERAGE SOIL TEMPERATURE AT THE FOUR INCH DEPTH... 75

$$
