000
CDUS43 KGLD 130814
CLIGLD

CLIMATE REPORT
NATIONAL WEATHER SERVICE GOODLAND
1257 AM MST SAT JAN 13 2018

...................................

...THE GOODLAND KS CLIMATE SUMMARY FOR JANUARY 12 2018...

CLIMATE NORMAL PERIOD 1981 TO 2010
CLIMATE RECORD PERIOD 1895 TO 2018

WEATHER ITEM   OBSERVED TIME   RECORD YEAR NORMAL DEPARTURE LAST
                VALUE   (LST)  VALUE       VALUE  FROM      YEAR
                                                  NORMAL
..................................................................
TEMPERATURE (F)
 YESTERDAY
  MAXIMUM         27    242 PM  75    1953  43    -16       37
  MINIMUM          7    122 AM -20    1912  17    -10       10
  AVERAGE         17                        30    -13       24

PRECIPITATION (IN)
  YESTERDAY        0.02          0.32 1979   0.01   0.01     0.00
  MONTH TO DATE    0.12                      0.14  -0.02     0.21
  SINCE DEC 1      0.21                      0.60  -0.39     0.81
  SINCE JAN 1      0.12                      0.14  -0.02     0.21

SNOWFALL (IN)
  YESTERDAY        0.2                       0.2    0.0      0.0
  MONTH TO DATE    0.6                       2.2   -1.6      2.5
  SINCE DEC 1      2.1                       7.7   -5.6      7.5
  SINCE JUL 1      2.2                      14.9  -12.7      8.1
  SNOW DEPTH       T

DEGREE DAYS
 HEATING
  YESTERDAY       48                        35     13       41
  MONTH TO DATE  414                       422     -8      509
  SINCE DEC 1   1488                      1510    -22     1711
  SINCE JUL 1   2639                      2829   -190     2574

 COOLING
  YESTERDAY        0                         0      0        0
  MONTH TO DATE    0                         0      0        0
  SINCE DEC 1      0                         0      0        0
  SINCE JAN 1      0                         0      0        0
..................................................................

WIND (MPH)
  HIGHEST WIND SPEED    23   HIGHEST WIND DIRECTION     S (170)
  HIGHEST GUST SPEED    28   HIGHEST GUST DIRECTION     S (170)
  AVERAGE WIND SPEED    12.2


SKY COVER
  AVERAGE SKY COVER 0.9


WEATHER CONDITIONS
 THE FOLLOWING WEATHER WAS RECORDED YESTERDAY.
  LIGHT SNOW
  FOG


RELATIVE HUMIDITY (PERCENT)
 HIGHEST    91
 LOWEST     73
 AVERAGE    82

..........................................................


THE GOODLAND KS CLIMATE NORMALS FOR TODAY
                         NORMAL    RECORD    YEAR
 MAXIMUM TEMPERATURE (F)   43        72      1996
 MINIMUM TEMPERATURE (F)   17       -17      1997


SUNRISE AND SUNSET
JANUARY 13 2018.......SUNRISE   706 AM MST   SUNSET   446 PM MST
JANUARY 14 2018.......SUNRISE   705 AM MST   SUNSET   447 PM MST


-  INDICATES NEGATIVE NUMBERS.
R  INDICATES RECORD WAS SET OR TIED.
MM INDICATES DATA IS MISSING.
T  INDICATES TRACE AMOUNT.

&&

THE AVERAGE SOIL TEMPERATURE AT THE FOUR INCH DEPTH... 30
THE CURRENT DEPTH OF FROST... 2 INCHES

$$
