379
CDUS43 KGLD 210050
CLIGLD

CLIMATE REPORT
NATIONAL WEATHER SERVICE GOODLAND
636 PM MDT MON MAR 20 2017

...................................

...THE GOODLAND KS CLIMATE SUMMARY FOR MARCH 20 2017...
VALID TODAY AS OF 0600 PM LOCAL TIME.

CLIMATE NORMAL PERIOD 1981 TO 2010
CLIMATE RECORD PERIOD 1895 TO 2017

WEATHER ITEM   OBSERVED TIME   RECORD YEAR NORMAL DEPARTURE LAST
                VALUE   (LST)  VALUE       VALUE  FROM      YEAR
                                                  NORMAL
..................................................................
TEMPERATURE (F)
 TODAY
  MAXIMUM         72    315 PM  90    1907  56     16       55
  MINIMUM         39    601 AM -17    1965  28     11       12
  AVERAGE         56                        42     14       34

PRECIPITATION (IN)
  TODAY            0.00          1.73 2006   0.04  -0.04     0.00
  MONTH TO DATE    0.02                      0.63  -0.61     0.09
  SINCE MAR 1      0.02                      0.63  -0.61     0.09
  SINCE JAN 1      0.95                      1.50  -0.55     0.95

SNOWFALL (IN)
  TODAY            0.0                       0.3   -0.3      0.0
  MONTH TO DATE    T                         4.1   -4.1      0.8
  SINCE MAR 1      T                         4.1   -4.1      0.8
  SINCE JUL 1      9.4                      28.1  -18.7     24.2
  SNOW DEPTH       0

DEGREE DAYS
 HEATING
  TODAY            9                        23    -14       31
  MONTH TO DATE  390                       519   -129      388
  SINCE MAR 1    390                       519   -129      388
  SINCE JUL 1   4275                      4936   -661     4234

 COOLING
  TODAY            0                         0      0        0
  MONTH TO DATE    0                         0      0        0
  SINCE MAR 1      0                         0      0        0
  SINCE JAN 1      0                         0      0        0
..................................................................

WIND (MPH)
  HIGHEST WIND SPEED    17   HIGHEST WIND DIRECTION     E (90)
  HIGHEST GUST SPEED    21   HIGHEST GUST DIRECTION     E (100)
  AVERAGE WIND SPEED    10.2


SKY COVER
  AVERAGE SKY COVER 0.0


WEATHER CONDITIONS
 THE FOLLOWING WEATHER WAS RECORDED TODAY.
  NO SIGNIFICANT WEATHER WAS OBSERVED.


RELATIVE HUMIDITY (PERCENT)
 HIGHEST    54           600 AM
 LOWEST     27           300 PM
 AVERAGE    41

..........................................................


THE GOODLAND KS CLIMATE NORMALS FOR TOMORROW
                         NORMAL    RECORD    YEAR
 MAXIMUM TEMPERATURE (F)   56        84      2011
                                             1907
 MINIMUM TEMPERATURE (F)   28         0      1913


SUNRISE AND SUNSET
MARCH 20 2017.........SUNRISE   650 AM MDT   SUNSET   659 PM MDT
MARCH 21 2017.........SUNRISE   648 AM MDT   SUNSET   700 PM MDT


-  INDICATES NEGATIVE NUMBERS.
R  INDICATES RECORD WAS SET OR TIED.
MM INDICATES DATA IS MISSING.
T  INDICATES TRACE AMOUNT.

&&

THE AVERAGE SOIL TEMPERATURE AT THE FOUR INCH DEPTH... 57
THE CURRENT DEPTH OF FROST... 0 INCHES

$$
