000
CDUS43 KGLD 070750
CLIGLD

CLIMATE REPORT
NATIONAL WEATHER SERVICE GOODLAND
148 AM MDT SAT OCT 7 2017

...................................

...THE GOODLAND KS CLIMATE SUMMARY FOR OCTOBER 6 2017...

CLIMATE NORMAL PERIOD 1981 TO 2010
CLIMATE RECORD PERIOD 1895 TO 2017

WEATHER ITEM   OBSERVED TIME   RECORD YEAR NORMAL DEPARTURE LAST
                VALUE   (LST)  VALUE       VALUE  FROM      YEAR
                                                  NORMAL
..................................................................
TEMPERATURE (F)
 YESTERDAY
  MAXIMUM         66    111 PM  91    2007  70     -4       58
  MINIMUM         45   1159 PM  19    1952  41      4       34
  AVERAGE         56                        56      0       46

PRECIPITATION (IN)
  YESTERDAY        0.08          1.07 2004   0.05   0.03      T
  MONTH TO DATE    0.39                      0.29   0.10      T
  SINCE SEP 1      4.24                      1.51   2.73     2.49
  SINCE JAN 1     26.20                     17.41   8.79    16.53

SNOWFALL (IN)
  YESTERDAY        0.0                       0.0    0.0      0.0
  MONTH TO DATE    0.0                       0.2   -0.2      0.0
  SINCE SEP 1      0.0                       0.6   -0.6       T
  SINCE JUL 1      T                         0.6   -0.6       T
  SNOW DEPTH       0

DEGREE DAYS
 HEATING
  YESTERDAY        9                        10     -1       19
  MONTH TO DATE   40                        54    -14       51
  SINCE SEP 1    148                       166    -18      109
  SINCE JUL 1    148                       178    -30      116

 COOLING
  YESTERDAY        0                         0      0        0
  MONTH TO DATE    0                         5     -5        6
  SINCE SEP 1    139                       105     34      128
  SINCE JAN 1    958                       938     20     1077
..................................................................

WIND (MPH)
  HIGHEST WIND SPEED    39   HIGHEST WIND DIRECTION    NW (330)
  HIGHEST GUST SPEED    52   HIGHEST GUST DIRECTION    NW (330)
  AVERAGE WIND SPEED    10.4


SKY COVER
  AVERAGE SKY COVER 0.8


WEATHER CONDITIONS
 THE FOLLOWING WEATHER WAS RECORDED YESTERDAY.
  THUNDERSTORM
  RAIN
  LIGHT RAIN
  FOG
  FOG W/VISIBILITY <= 1/4 MILE


RELATIVE HUMIDITY (PERCENT)
 HIGHEST   100
 LOWEST     74
 AVERAGE    87

..........................................................


THE GOODLAND KS CLIMATE NORMALS FOR TODAY
                         NORMAL    RECORD    YEAR
 MAXIMUM TEMPERATURE (F)   70        95      1934
 MINIMUM TEMPERATURE (F)   41        13      1952


SUNRISE AND SUNSET
OCTOBER  7 2017.......SUNRISE   649 AM MDT   SUNSET   619 PM MDT
OCTOBER  8 2017.......SUNRISE   650 AM MDT   SUNSET   618 PM MDT


-  INDICATES NEGATIVE NUMBERS.
R  INDICATES RECORD WAS SET OR TIED.
MM INDICATES DATA IS MISSING.
T  INDICATES TRACE AMOUNT.

&&

THE AVERAGE SOIL TEMPERATURE AT THE FOUR INCH DEPTH... 61

$$
