000
CDUS43 KGLD 130738
CLIGLD

CLIMATE REPORT
NATIONAL WEATHER SERVICE GOODLAND
136 AM MDT FRI MAY 13 2016

...................................

...THE GOODLAND KS CLIMATE SUMMARY FOR MAY 12 2016...

CLIMATE NORMAL PERIOD 1981 TO 2010
CLIMATE RECORD PERIOD 1895 TO 2016

WEATHER ITEM   OBSERVED TIME   RECORD YEAR NORMAL DEPARTURE LAST
                VALUE   (LST)  VALUE       VALUE  FROM      YEAR
                                                  NORMAL
..................................................................
TEMPERATURE (F)
 YESTERDAY
  MAXIMUM         74    245 PM  99    1962  72      2       72
  MINIMUM         38    449 AM  27    1953  45     -7       34
  AVERAGE         56                        58     -2       53

PRECIPITATION (IN)
  YESTERDAY        0.00          1.21 1975   0.09  -0.09     0.00
  MONTH TO DATE    0.48                      0.95  -0.47     1.98
  SINCE MAR 1      5.02                      3.61   1.41     6.93
  SINCE JAN 1      5.88                      4.48   1.40     8.01

SNOWFALL (IN)
  YESTERDAY        0.0                       0.0    0.0      0.0
  MONTH TO DATE    T                         0.4   -0.4      0.0
  SINCE MAR 1      6.7                      11.4   -4.7      2.6
  SINCE JUL 1     30.1                      35.4   -5.3     24.7
  SNOW DEPTH       0

DEGREE DAYS
 HEATING
  YESTERDAY        9                         8      1       12
  MONTH TO DATE  104                       113     -9      109
  SINCE MAR 1   1144                      1351   -207     1070
  SINCE JUL 1   4990                      5768   -778     5285

 COOLING
  YESTERDAY        0                         1     -1        0
  MONTH TO DATE    6                        10     -4        2
  SINCE MAR 1      6                        14     -8        2
  SINCE JAN 1      6                        14     -8        2
..................................................................

WIND (MPH)
  HIGHEST WIND SPEED    22   HIGHEST WIND DIRECTION    SW (210)
  HIGHEST GUST SPEED    32   HIGHEST GUST DIRECTION    SW (220)
  AVERAGE WIND SPEED     9.6


SKY COVER
  AVERAGE SKY COVER 0.1


WEATHER CONDITIONS
 THE FOLLOWING WEATHER WAS RECORDED YESTERDAY.
  NO SIGNIFICANT WEATHER WAS OBSERVED.


RELATIVE HUMIDITY (PERCENT)
 HIGHEST    92
 LOWEST     25
 AVERAGE    59

..........................................................


THE GOODLAND KS CLIMATE NORMALS FOR TODAY
                         NORMAL    RECORD    YEAR
 MAXIMUM TEMPERATURE (F)   72        97      1941
 MINIMUM TEMPERATURE (F)   45        25      1953


SUNRISE AND SUNSET
MAY 13 2016...........SUNRISE   534 AM MDT   SUNSET   752 PM MDT
MAY 14 2016...........SUNRISE   534 AM MDT   SUNSET   753 PM MDT


-  INDICATES NEGATIVE NUMBERS.
R  INDICATES RECORD WAS SET OR TIED.
MM INDICATES DATA IS MISSING.
T  INDICATES TRACE AMOUNT.

&&

THE AVERAGE SOIL TEMPERATURE AT THE FOUR INCH DEPTH... 57

$$
