000
CDUS43 KGLD 251354
CLIGLD

CLIMATE REPORT
NATIONAL WEATHER SERVICE GOODLAND
752 AM MDT MON AUG 25 2014

...................................

...THE GOODLAND KS CLIMATE SUMMARY FOR AUGUST 24 2014...

CLIMATE NORMAL PERIOD 1981 TO 2010
CLIMATE RECORD PERIOD 1895 TO 2014

WEATHER ITEM   OBSERVED TIME   RECORD YEAR NORMAL DEPARTURE LAST
                VALUE   (LST)  VALUE       VALUE  FROM      YEAR
                                                  NORMAL
..................................................................
TEMPERATURE (F)
 YESTERDAY
  MAXIMUM         85    418 PM 105    1936  87     -2       96
  MINIMUM         57    539 AM  43    1928  59     -2       62
  AVERAGE         71                        73     -2       79

PRECIPITATION (IN)
  YESTERDAY        0.02          1.32 1947   0.07  -0.05     0.00
  MONTH TO DATE    1.83                      2.23  -0.40     0.79
  SINCE JUN 1      9.43                      8.95   0.48     4.28
  SINCE JAN 1     12.97                     15.43  -2.46     8.64

SNOWFALL (IN)
  YESTERDAY        0.0                       0.0    0.0      0.0
  MONTH TO DATE    0.0                       0.0    0.0      0.0
  SINCE JUN 1      0.0                       0.0    0.0      0.0
  SINCE JUL 1      0.0                       0.0    0.0      0.0
  SNOW DEPTH       0

DEGREE DAYS
 HEATING
  YESTERDAY        0                         0      0        0
  MONTH TO DATE    0                         0      0        0
  SINCE JUN 1     51                        41     10       38
  SINCE JUL 1     13                         4      9        7

 COOLING
  YESTERDAY        6                         8     -2       14
  MONTH TO DATE  265                       227     38      215
  SINCE JUN 1    717                       740    -23      796
  SINCE JAN 1    763                       781    -18      885
..................................................................

WIND (MPH)
  HIGHEST WIND SPEED    16   HIGHEST WIND DIRECTION    SE (150)
  HIGHEST GUST SPEED    22   HIGHEST GUST DIRECTION    SE (150)
  AVERAGE WIND SPEED     8.5


SKY COVER
  AVERAGE SKY COVER 0.0


WEATHER CONDITIONS
 THE FOLLOWING WEATHER WAS RECORDED YESTERDAY.
  THUNDERSTORM
  LIGHT RAIN


RELATIVE HUMIDITY (PERCENT)
 HIGHEST    97
 LOWEST     27
 AVERAGE    62

..........................................................


THE GOODLAND KS CLIMATE NORMALS FOR TODAY
                         NORMAL    RECORD    YEAR
 MAXIMUM TEMPERATURE (F)   86       103      1955
 MINIMUM TEMPERATURE (F)   59        40      1964


SUNRISE AND SUNSET
AUGUST 25 2014........SUNRISE   609 AM MDT   SUNSET   728 PM MDT
AUGUST 26 2014........SUNRISE   610 AM MDT   SUNSET   727 PM MDT


-  INDICATES NEGATIVE NUMBERS.
R  INDICATES RECORD WAS SET OR TIED.
MM INDICATES DATA IS MISSING.
T  INDICATES TRACE AMOUNT.

&&

THE AVERAGE SOIL TEMPERATURE AT THE FOUR INCH DEPTH... 75

$$
