000
CDUS43 KGLD 300737
CLIGLD

CLIMATE REPORT
NATIONAL WEATHER SERVICE GOODLAND
135 AM MDT MON MAY 30 2016

...................................

...THE GOODLAND KS CLIMATE SUMMARY FOR MAY 29 2016...

CLIMATE NORMAL PERIOD 1981 TO 2010
CLIMATE RECORD PERIOD 1895 TO 2016

WEATHER ITEM   OBSERVED TIME   RECORD YEAR NORMAL DEPARTURE LAST
                VALUE   (LST)  VALUE       VALUE  FROM      YEAR
                                                  NORMAL
..................................................................
TEMPERATURE (F)
 YESTERDAY
  MAXIMUM         85    250 PM 104    2003  77      8       74
  MINIMUM         47    446 AM  30    1947  50     -3       49
  AVERAGE         66                        64      2       62

PRECIPITATION (IN)
  YESTERDAY        0.02          1.36 1964   0.12  -0.10      T
                                      1929
  MONTH TO DATE    1.77                      2.71  -0.94     5.76
  SINCE MAR 1      6.31                      5.37   0.94    10.71
  SINCE JAN 1      7.17                      6.24   0.93    11.79

SNOWFALL (IN)
  YESTERDAY        0.0                       0.0    0.0      0.0
  MONTH TO DATE    T                         0.5   -0.5       T
  SINCE MAR 1      6.7                      11.5   -4.8      2.6
  SINCE JUL 1     30.1                      35.5   -5.4     24.7
  SNOW DEPTH       0

DEGREE DAYS
 HEATING
  YESTERDAY        0                         4     -4        3
  MONTH TO DATE  238                       205     33      239
  SINCE MAR 1   1278                      1443   -165     1200
  SINCE JUL 1   5124                      5860   -736     5415

 COOLING
  YESTERDAY        1                         2     -1        0
  MONTH TO DATE   21                        35    -14        6
  SINCE MAR 1     21                        39    -18        6
  SINCE JAN 1     21                        39    -18        6
..................................................................

WIND (MPH)
  HIGHEST WIND SPEED    40   HIGHEST WIND DIRECTION     S (160)
  HIGHEST GUST SPEED    48   HIGHEST GUST DIRECTION     S (160)
  AVERAGE WIND SPEED    12.7


SKY COVER
  AVERAGE SKY COVER 0.1


WEATHER CONDITIONS
 THE FOLLOWING WEATHER WAS RECORDED YESTERDAY.
  THUNDERSTORM
  LIGHT RAIN


RELATIVE HUMIDITY (PERCENT)
 HIGHEST    93
 LOWEST     31
 AVERAGE    62

..........................................................


THE GOODLAND KS CLIMATE NORMALS FOR TODAY
                         NORMAL    RECORD    YEAR
 MAXIMUM TEMPERATURE (F)   78        96      1934
                                             1928
 MINIMUM TEMPERATURE (F)   51        39      1946
                                             1931


SUNRISE AND SUNSET
MAY 30 2016...........SUNRISE   523 AM MDT   SUNSET   807 PM MDT
MAY 31 2016...........SUNRISE   522 AM MDT   SUNSET   807 PM MDT


-  INDICATES NEGATIVE NUMBERS.
R  INDICATES RECORD WAS SET OR TIED.
MM INDICATES DATA IS MISSING.
T  INDICATES TRACE AMOUNT.

&&

THE AVERAGE SOIL TEMPERATURE AT THE FOUR INCH DEPTH... 61

$$
