000
CDUS43 KGLD 270755
CLIGLD

CLIMATE REPORT
NATIONAL WEATHER SERVICE GOODLAND
150 AM MDT TUE JUN 27 2017

...................................

...THE GOODLAND KS CLIMATE SUMMARY FOR JUNE 26 2017...

CLIMATE NORMAL PERIOD 1981 TO 2010
CLIMATE RECORD PERIOD 1895 TO 2017

WEATHER ITEM   OBSERVED TIME   RECORD YEAR NORMAL DEPARTURE LAST
                VALUE   (LST)  VALUE       VALUE  FROM      YEAR
                                                  NORMAL
..................................................................
TEMPERATURE (F)
 YESTERDAY
  MAXIMUM         85    329 PM 110    2012  88     -3       90
  MINIMUM         57    519 AM  42    1968  59     -2       60
  AVERAGE         71                        73     -2       75

PRECIPITATION (IN)
  YESTERDAY        0.00          1.73 1982   0.10  -0.10     0.00
  MONTH TO DATE    3.59                      2.84   0.75     0.54
  SINCE JUN 1      3.59                      2.84   0.75     0.54
  SINCE JAN 1     15.98                      9.32   6.66     7.90

SNOWFALL (IN)
  YESTERDAY        0.0                       0.0    0.0      0.0
  MONTH TO DATE    T                         0.0    0.0      0.0
  SINCE JUN 1      T                         0.0    0.0      0.0
  SINCE JUL 1     14.2                      35.5  -21.3     30.1
  SNOW DEPTH       0

DEGREE DAYS
 HEATING
  YESTERDAY        0                         0      0        0
  MONTH TO DATE   13                        36    -23        2
  SINCE JUN 1     13                        36    -23        2
  SINCE JUL 1   5131                      5902   -771     5131

 COOLING
  YESTERDAY        6                         8     -2       10
  MONTH TO DATE  188                       143     45      248
  SINCE JUN 1    188                       143     45      248
  SINCE JAN 1    226                       184     42      272
..................................................................

WIND (MPH)
  HIGHEST WIND SPEED    25   HIGHEST WIND DIRECTION     E (70)
  HIGHEST GUST SPEED    31   HIGHEST GUST DIRECTION    NE (60)
  AVERAGE WIND SPEED     8.6


SKY COVER
  AVERAGE SKY COVER 0.3


WEATHER CONDITIONS
 THE FOLLOWING WEATHER WAS RECORDED YESTERDAY.
  FOG


RELATIVE HUMIDITY (PERCENT)
 HIGHEST   100
 LOWEST     37
 AVERAGE    69

..........................................................


THE GOODLAND KS CLIMATE NORMALS FOR TODAY
                         NORMAL    RECORD    YEAR
 MAXIMUM TEMPERATURE (F)   88       110      2012
 MINIMUM TEMPERATURE (F)   59        43      1985


SUNRISE AND SUNSET
JUNE 27 2017..........SUNRISE   522 AM MDT   SUNSET   818 PM MDT
JUNE 28 2017..........SUNRISE   523 AM MDT   SUNSET   818 PM MDT


-  INDICATES NEGATIVE NUMBERS.
R  INDICATES RECORD WAS SET OR TIED.
MM INDICATES DATA IS MISSING.
T  INDICATES TRACE AMOUNT.

&&

THE AVERAGE SOIL TEMPERATURE AT THE FOUR INCH DEPTH... 61

$$
