000
CDUS43 KGLD 070803
CLIGLD

CLIMATE REPORT
NATIONAL WEATHER SERVICE GOODLAND
202 AM MDT THU SEP 7 2017

...................................

...THE GOODLAND KS CLIMATE SUMMARY FOR SEPTEMBER 6 2017...

CLIMATE NORMAL PERIOD 1981 TO 2010
CLIMATE RECORD PERIOD 1895 TO 2017

WEATHER ITEM   OBSERVED TIME   RECORD YEAR NORMAL DEPARTURE LAST
                VALUE   (LST)  VALUE       VALUE  FROM      YEAR
                                                  NORMAL
..................................................................
TEMPERATURE (F)
 YESTERDAY
  MAXIMUM         80    335 PM 102    1939  83     -3       77
  MINIMUM         41    540 AM  37    1956  54    -13       62
  AVERAGE         61                        69     -8       70

PRECIPITATION (IN)
  YESTERDAY        0.00          0.97 1942   0.05  -0.05     0.00
  MONTH TO DATE    0.00                      0.29  -0.29     1.67
  SINCE SEP 1      0.00                      0.29  -0.29     1.67
  SINCE JAN 1     21.96                     16.19   5.77    15.71

SNOWFALL (IN)
  YESTERDAY        0.0                       0.0    0.0      0.0
  MONTH TO DATE    0.0                       0.0    0.0       T
  SINCE SEP 1      0.0                       0.0    0.0       T
  SINCE JUL 1      T                         0.0    0.0       T
  SNOW DEPTH       0

DEGREE DAYS
 HEATING
  YESTERDAY        4                         1      3        0
  MONTH TO DATE   11                         6      5        0
  SINCE SEP 1     11                         6      5        0
  SINCE JUL 1     11                        18     -7        7

 COOLING
  YESTERDAY        0                         5     -5        5
  MONTH TO DATE   30                        35     -5       49
  SINCE SEP 1     30                        35     -5       49
  SINCE JAN 1    849                       868    -19      998
..................................................................

WIND (MPH)
  HIGHEST WIND SPEED    10   HIGHEST WIND DIRECTION    SE (120)
  HIGHEST GUST SPEED    13   HIGHEST GUST DIRECTION    NW (320)
  AVERAGE WIND SPEED     4.5


SKY COVER
  AVERAGE SKY COVER 0.0


WEATHER CONDITIONS
 THE FOLLOWING WEATHER WAS RECORDED YESTERDAY.
  HAZE


RELATIVE HUMIDITY (PERCENT)
 HIGHEST    86
 LOWEST     27
 AVERAGE    57

..........................................................


THE GOODLAND KS CLIMATE NORMALS FOR TODAY
                         NORMAL    RECORD    YEAR
 MAXIMUM TEMPERATURE (F)   83       102      1971
                                             1908
 MINIMUM TEMPERATURE (F)   54        39      1956


SUNRISE AND SUNSET
SEPTEMBER  7 2017.....SUNRISE   621 AM MDT   SUNSET   708 PM MDT
SEPTEMBER  8 2017.....SUNRISE   622 AM MDT   SUNSET   706 PM MDT


-  INDICATES NEGATIVE NUMBERS.
R  INDICATES RECORD WAS SET OR TIED.
MM INDICATES DATA IS MISSING.
T  INDICATES TRACE AMOUNT.

&&

THE AVERAGE SOIL TEMPERATURE AT THE FOUR INCH DEPTH... 68

$$
