000
CDUS43 KGLD 160744
CLIGLD

CLIMATE REPORT
NATIONAL WEATHER SERVICE GOODLAND
142 AM MDT TUE SEP 16 2014

...................................

...THE GOODLAND KS CLIMATE SUMMARY FOR SEPTEMBER 15 2014...

CLIMATE NORMAL PERIOD 1981 TO 2010
CLIMATE RECORD PERIOD 1895 TO 2014

WEATHER ITEM   OBSERVED TIME   RECORD YEAR NORMAL DEPARTURE LAST
                VALUE   (LST)  VALUE       VALUE  FROM      YEAR
                                                  NORMAL
..................................................................
TEMPERATURE (F)
 YESTERDAY
  MAXIMUM         68    352 PM  99    1955  80    -12       67
  MINIMUM         50   1133 PM  34    1951  50      0       57
                                      1934
  AVERAGE         59                        65     -6       62

PRECIPITATION (IN)
  YESTERDAY        0.00          1.46 1964   0.04  -0.04     0.01
  MONTH TO DATE    1.07                      0.64   0.43     6.15
  SINCE SEP 1      1.07                      0.64   0.43     6.15
  SINCE JAN 1     14.97                     16.54  -1.57    14.94

SNOWFALL (IN)
  YESTERDAY        0.0                       0.0    0.0      0.0
  MONTH TO DATE    T                         0.1   -0.1      0.0
  SINCE SEP 1      T                         0.1   -0.1      0.0
  SINCE JUL 1      T                         0.1   -0.1      0.0
  SNOW DEPTH       0

DEGREE DAYS
 HEATING
  YESTERDAY        6                         3      3        3
  MONTH TO DATE   90                        27     63        8
  SINCE SEP 1     90                        27     63        8
  SINCE JUL 1    103                        39     64       15

 COOLING
  YESTERDAY        0                         3     -3        0
  MONTH TO DATE   50                        72    -22      155
  SINCE SEP 1     50                        72    -22      155
  SINCE JAN 1    852                       905    -53     1153
..................................................................

WIND (MPH)
  HIGHEST WIND SPEED    21   HIGHEST WIND DIRECTION     N (10)
  HIGHEST GUST SPEED    26   HIGHEST GUST DIRECTION     N (20)
  AVERAGE WIND SPEED    10.4

SKY COVER
  AVERAGE SKY COVER 0.3

WEATHER CONDITIONS
 THE FOLLOWING WEATHER WAS RECORDED YESTERDAY.
  LIGHT RAIN
  FOG
  HAZE

RELATIVE HUMIDITY (PERCENT)
 HIGHEST   100
 LOWEST     52
 AVERAGE    76

..........................................................

THE GOODLAND KS CLIMATE NORMALS FOR TODAY
                         NORMAL    RECORD    YEAR
 MAXIMUM TEMPERATURE (F)   79        98      1955
 MINIMUM TEMPERATURE (F)   50        34      1965
                                             1951

SUNRISE AND SUNSET
SEPTEMBER 16 2014.....SUNRISE   629 AM MDT   SUNSET   654 PM MDT
SEPTEMBER 17 2014.....SUNRISE   630 AM MDT   SUNSET   652 PM MDT

-  INDICATES NEGATIVE NUMBERS.
R  INDICATES RECORD WAS SET OR TIED.
MM INDICATES DATA IS MISSING.
T  INDICATES TRACE AMOUNT.

&&

THE AVERAGE SOIL TEMPERATURE AT THE FOUR INCH DEPTH... 59

$$
