000
CDUS43 KGLD 070808
CLIGLD

CLIMATE REPORT
NATIONAL WEATHER SERVICE GOODLAND
102 AM MST TUE FEB 7 2017

...................................

...THE GOODLAND KS CLIMATE SUMMARY FOR FEBRUARY 6 2017...

CLIMATE NORMAL PERIOD 1981 TO 2010
CLIMATE RECORD PERIOD 1895 TO 2017

WEATHER ITEM   OBSERVED TIME   RECORD YEAR NORMAL DEPARTURE LAST
                VALUE   (LST)  VALUE       VALUE  FROM      YEAR
                                                  NORMAL
..................................................................
TEMPERATURE (F)
 YESTERDAY
  MAXIMUM         68    217 PM  77    2015  43     25       42
  MINIMUM         34   1159 PM -13    1914  18     16       13
  AVERAGE         51                        30     21       28

PRECIPITATION (IN)
  YESTERDAY        0.00          0.20 1919   0.02  -0.02     0.00
                                      1914
  MONTH TO DATE    T                         0.09  -0.09     0.81
  SINCE DEC 1      1.52                      0.93   0.59     1.01
  SINCE JAN 1      0.92                      0.47   0.45     0.85

SNOWFALL (IN)
  YESTERDAY        0.0                       0.2   -0.2      0.0
  MONTH TO DATE    T                         1.3   -1.3     13.3
  SINCE DEC 1      8.8                      12.7   -3.9     15.2
  SINCE JUL 1      9.4                      19.9  -10.5     23.4
  SNOW DEPTH       0

DEGREE DAYS
 HEATING
  YESTERDAY       14                        35    -21       37
  MONTH TO DATE  188                       210    -22      247
  SINCE DEC 1   2506                      2394    112     2248
  SINCE JUL 1   3369                      3713   -344     3308

 COOLING
  YESTERDAY        0                         0      0        0
  MONTH TO DATE    0                         0      0        0
  SINCE DEC 1      0                         0      0        0
  SINCE JAN 1      0                         0      0        0
..................................................................

WIND (MPH)
  HIGHEST WIND SPEED    23   HIGHEST WIND DIRECTION    NW (320)
  HIGHEST GUST SPEED    28   HIGHEST GUST DIRECTION    NW (320)
  AVERAGE WIND SPEED    11.5


SKY COVER
  AVERAGE SKY COVER 0.0


WEATHER CONDITIONS
 THE FOLLOWING WEATHER WAS RECORDED YESTERDAY.
  NO SIGNIFICANT WEATHER WAS OBSERVED.


RELATIVE HUMIDITY (PERCENT)
 HIGHEST    92
 LOWEST     15
 AVERAGE    54

..........................................................


THE GOODLAND KS CLIMATE NORMALS FOR TODAY
                         NORMAL    RECORD    YEAR
 MAXIMUM TEMPERATURE (F)   43        79      2015
 MINIMUM TEMPERATURE (F)   18       -16      1933


SUNRISE AND SUNSET
FEBRUARY  7 2017......SUNRISE   648 AM MST   SUNSET   515 PM MST
FEBRUARY  8 2017......SUNRISE   647 AM MST   SUNSET   516 PM MST


-  INDICATES NEGATIVE NUMBERS.
R  INDICATES RECORD WAS SET OR TIED.
MM INDICATES DATA IS MISSING.
T  INDICATES TRACE AMOUNT.

&&

THE AVERAGE SOIL TEMPERATURE AT THE FOUR INCH DEPTH... 32
THE CURRENT DEPTH OF FROST... 7 INCHES

$$
