000
CDUS43 KGLD 170054
CLIGLD

CLIMATE REPORT
NATIONAL WEATHER SERVICE GOODLAND
652 PM MDT FRI JUN 16 2017

...................................

...THE GOODLAND KS CLIMATE SUMMARY FOR JUNE 16 2017...
VALID TODAY AS OF 0600 PM LOCAL TIME.

CLIMATE NORMAL PERIOD 1981 TO 2010
CLIMATE RECORD PERIOD 1895 TO 2017

WEATHER ITEM   OBSERVED TIME   RECORD YEAR NORMAL DEPARTURE LAST
                VALUE   (LST)  VALUE       VALUE  FROM      YEAR
                                                  NORMAL
..................................................................
TEMPERATURE (F)
 TODAY
  MAXIMUM         94    213 PM 101    1946  84     10       96
  MINIMUM         58    439 AM  40    1981  56      2       61
                                      1945
  AVERAGE         76                        70      6       79

PRECIPITATION (IN)
  TODAY            0.00          2.50 1972   0.10  -0.10     0.00
  MONTH TO DATE    1.82                      1.76   0.06     0.48
  SINCE JUN 1      1.82                      1.76   0.06     0.48
  SINCE JAN 1     14.21                      8.24   5.97     7.84

SNOWFALL (IN)
  TODAY            0.0                       0.0    0.0      0.0
  MONTH TO DATE    0.0                       0.0    0.0      0.0
  SINCE JUN 1      0.0                       0.0    0.0      0.0
  SINCE JUL 1     14.2                      35.5  -21.3     30.1
  SNOW DEPTH       0

DEGREE DAYS
 HEATING
  TODAY            0                         1     -1        0
  MONTH TO DATE    0                        31    -31        2
  SINCE JUN 1      0                        31    -31        2
  SINCE JUL 1   5118                      5897   -779     5131

 COOLING
  TODAY           11                         6      5       14
  MONTH TO DATE  114                        70     44      120
  SINCE JUN 1    114                        70     44      120
  SINCE JAN 1    152                       111     41      144
..................................................................

WIND (MPH)
  HIGHEST WIND SPEED    20   HIGHEST WIND DIRECTION    NW (330)
  HIGHEST GUST SPEED    24   HIGHEST GUST DIRECTION    NW (300)
  AVERAGE WIND SPEED     7.5


SKY COVER
  AVERAGE SKY COVER 0.0


WEATHER CONDITIONS
 THE FOLLOWING WEATHER WAS RECORDED TODAY.
  NO SIGNIFICANT WEATHER WAS OBSERVED.


RELATIVE HUMIDITY (PERCENT)
 HIGHEST    87           400 AM
 LOWEST     18           200 PM
 AVERAGE    53

..........................................................


THE GOODLAND KS CLIMATE NORMALS FOR TOMORROW
                         NORMAL    RECORD    YEAR
 MAXIMUM TEMPERATURE (F)   85       102      2002
                                             1939
 MINIMUM TEMPERATURE (F)   56        34      1895


SUNRISE AND SUNSET
JUNE 16 2017..........SUNRISE   520 AM MDT   SUNSET   816 PM MDT
JUNE 17 2017..........SUNRISE   520 AM MDT   SUNSET   816 PM MDT


-  INDICATES NEGATIVE NUMBERS.
R  INDICATES RECORD WAS SET OR TIED.
MM INDICATES DATA IS MISSING.
T  INDICATES TRACE AMOUNT.

&&

THE AVERAGE SOIL TEMPERATURE AT THE FOUR INCH DEPTH... 73

$$
