000
CDUS43 KGLD 040037
CLIGLD

CLIMATE REPORT
NATIONAL WEATHER SERVICE GOODLAND
536 PM MST TUE JAN 3 2017

...................................

...THE GOODLAND KS CLIMATE SUMMARY FOR JANUARY 3 2017...
VALID TODAY AS OF 0500 PM LOCAL TIME.

CLIMATE NORMAL PERIOD 1981 TO 2010
CLIMATE RECORD PERIOD 1895 TO 2017

WEATHER ITEM   OBSERVED TIME   RECORD YEAR NORMAL DEPARTURE LAST
                VALUE   (LST)  VALUE       VALUE  FROM      YEAR
                                                  NORMAL
..................................................................
TEMPERATURE (F)
 TODAY
  MAXIMUM         22    315 PM  68    2006  42    -20       50
  MINIMUM          6    714 AM -26    1959  17    -11       16
  AVERAGE         14                        30    -16       33

PRECIPITATION (IN)
  TODAY            0.00          0.29 1949   0.02  -0.02     0.00
  MONTH TO DATE    0.00                      0.04  -0.04     0.00
  SINCE DEC 1      0.60                      0.50   0.10     0.16
  SINCE JAN 1      0.00                      0.04  -0.04     0.00

SNOWFALL (IN)
  TODAY            0.0                       0.1   -0.1      0.0
  MONTH TO DATE    0.0                       0.5   -0.5      0.0
  SINCE DEC 1      3.4                       6.0   -2.6      1.7
  SINCE JUL 1      4.0                      13.2   -9.2      9.9
  SNOW DEPTH       0

DEGREE DAYS
 HEATING
  TODAY           51                        35     16       32
  MONTH TO DATE  126                       107     19      105
  SINCE DEC 1   1328                      1195    133     1087
  SINCE JUL 1   2191                      2514   -323     2147

 COOLING
  TODAY            0                         0      0        0
  MONTH TO DATE    0                         0      0        0
  SINCE DEC 1      0                         0      0        0
  SINCE JAN 1      0                         0      0        0
..................................................................

WIND (MPH)
  HIGHEST WIND SPEED    21   HIGHEST WIND DIRECTION     N (350)
  HIGHEST GUST SPEED    25   HIGHEST GUST DIRECTION     N (350)
  AVERAGE WIND SPEED    13.8


SKY COVER
  AVERAGE SKY COVER 0.2


WEATHER CONDITIONS
 THE FOLLOWING WEATHER WAS RECORDED TODAY.
  NO SIGNIFICANT WEATHER WAS OBSERVED.


RELATIVE HUMIDITY (PERCENT)
 HIGHEST    92           300 AM
 LOWEST     47           300 PM
 AVERAGE    70

..........................................................


THE GOODLAND KS CLIMATE NORMALS FOR TOMORROW
                         NORMAL    RECORD    YEAR
 MAXIMUM TEMPERATURE (F)   42        70      2001
 MINIMUM TEMPERATURE (F)   17       -19      1959


SUNRISE AND SUNSET
JANUARY  3 2017.......SUNRISE   707 AM MST   SUNSET   436 PM MST
JANUARY  4 2017.......SUNRISE   707 AM MST   SUNSET   437 PM MST


-  INDICATES NEGATIVE NUMBERS.
R  INDICATES RECORD WAS SET OR TIED.
MM INDICATES DATA IS MISSING.
T  INDICATES TRACE AMOUNT.

&&

THE AVERAGE SOIL TEMPERATURE AT THE FOUR INCH DEPTH... 29
THE CURRENT DEPTH OF FROST... 6 INCHES

$$
