000
CDUS43 KGLD 190742
CLIGLD

CLIMATE REPORT
NATIONAL WEATHER SERVICE GOODLAND
138 AM MDT THU MAR 19 2015

...................................

...THE GOODLAND KS CLIMATE SUMMARY FOR MARCH 18 2015...

CLIMATE NORMAL PERIOD 1981 TO 2010
CLIMATE RECORD PERIOD 1895 TO 2015

WEATHER ITEM   OBSERVED TIME   RECORD YEAR NORMAL DEPARTURE LAST
                VALUE   (LST)  VALUE       VALUE  FROM      YEAR
                                                  NORMAL
..................................................................
TEMPERATURE (F)
 YESTERDAY
  MAXIMUM         60    349 PM  88    1907  55      5       45
  MINIMUM         34    611 AM  -5    1896  27      7       26
  AVERAGE         47                        41      6       36

PRECIPITATION (IN)
  YESTERDAY        0.00          0.94 1984   0.04  -0.04     0.23
  MONTH TO DATE    0.03                      0.56  -0.53     0.31
  SINCE MAR 1      0.03                      0.56  -0.53     0.31
  SINCE JAN 1      1.11                      1.43  -0.32     1.25

SNOWFALL (IN)
  YESTERDAY        0.0                       0.2   -0.2      2.5
  MONTH TO DATE    0.6                       3.6   -3.0      3.1
  SINCE MAR 1      0.6                       3.6   -3.0      3.1
  SINCE JUL 1     22.7                      27.6   -4.9     28.3
  SNOW DEPTH       0

DEGREE DAYS
 HEATING
  YESTERDAY       18                        24     -6       29
  MONTH TO DATE  385                       472    -87      462
  SINCE MAR 1    385                       472    -87      462
  SINCE JUL 1   4600                      4889   -289     5006

 COOLING
  YESTERDAY        0                         0      0        0
  MONTH TO DATE    0                         0      0        0
  SINCE MAR 1      0                         0      0        0
  SINCE JAN 1      0                         0      0        0
..................................................................

WIND (MPH)
  HIGHEST WIND SPEED    21   HIGHEST WIND DIRECTION     S (170)
  HIGHEST GUST SPEED    26   HIGHEST GUST DIRECTION     S (170)
  AVERAGE WIND SPEED    11.5


SKY COVER
  AVERAGE SKY COVER 0.1


WEATHER CONDITIONS
 THE FOLLOWING WEATHER WAS RECORDED YESTERDAY.
  NO SIGNIFICANT WEATHER WAS OBSERVED.


RELATIVE HUMIDITY (PERCENT)
 HIGHEST    62
 LOWEST     25
 AVERAGE    44

..........................................................


THE GOODLAND KS CLIMATE NORMALS FOR TODAY
                         NORMAL    RECORD    YEAR
 MAXIMUM TEMPERATURE (F)   56        90      1907
 MINIMUM TEMPERATURE (F)   27        -3      1896


SUNRISE AND SUNSET
MARCH 19 2015.........SUNRISE   652 AM MDT   SUNSET   658 PM MDT
MARCH 20 2015.........SUNRISE   651 AM MDT   SUNSET   659 PM MDT


-  INDICATES NEGATIVE NUMBERS.
R  INDICATES RECORD WAS SET OR TIED.
MM INDICATES DATA IS MISSING.
T  INDICATES TRACE AMOUNT.

&&

THE AVERAGE SOIL TEMPERATURE AT THE FOUR INCH DEPTH... 46
THE CURRENT DEPTH OF FROST... 0 INCHES

$$
