000
CDUS43 KGLD 180751
CLIGLD

CLIMATE REPORT
NATIONAL WEATHER SERVICE GOODLAND
149 AM MDT TUE APR 18 2017

...................................

...THE GOODLAND KS CLIMATE SUMMARY FOR APRIL 17 2017...

CLIMATE NORMAL PERIOD 1981 TO 2010
CLIMATE RECORD PERIOD 1895 TO 2017

WEATHER ITEM   OBSERVED TIME   RECORD YEAR NORMAL DEPARTURE LAST
                VALUE   (LST)  VALUE       VALUE  FROM      YEAR
                                                  NORMAL
..................................................................
TEMPERATURE (F)
 YESTERDAY
  MAXIMUM         64    519 PM  90    2004  64      0       46
  MINIMUM         43    522 AM  18    1907  35      8       36
  AVERAGE         54                        50      4       41

PRECIPITATION (IN)
  YESTERDAY        T             1.28 2009   0.05  -0.05     0.01
  MONTH TO DATE    0.32                      0.79  -0.47     2.65
  SINCE MAR 1      2.00                      1.86   0.14     3.20
  SINCE JAN 1      2.93                      2.73   0.20     4.06

SNOWFALL (IN)
  YESTERDAY        0.0                       0.1   -0.1      0.0
  MONTH TO DATE    0.0                       3.0   -3.0      0.0
  SINCE MAR 1      T                         9.8   -9.8      4.4
  SINCE JUL 1      9.4                      33.8  -24.4     27.8
  SNOW DEPTH       0

DEGREE DAYS
 HEATING
  YESTERDAY       11                        16     -5       24
  MONTH TO DATE  209                       306    -97      231
  SINCE MAR 1    804                      1064   -260      836
  SINCE JUL 1   4689                      5481   -792     4682

 COOLING
  YESTERDAY        0                         0      0        0
  MONTH TO DATE    7                         0      7        0
  SINCE MAR 1      7                         0      7        0
  SINCE JAN 1      7                         0      7        0
..................................................................

WIND (MPH)
  HIGHEST WIND SPEED    26   HIGHEST WIND DIRECTION     S (160)
  HIGHEST GUST SPEED    31   HIGHEST GUST DIRECTION     S (170)
  AVERAGE WIND SPEED    14.3


SKY COVER
  AVERAGE SKY COVER 0.7


WEATHER CONDITIONS
 THE FOLLOWING WEATHER WAS RECORDED YESTERDAY.
  FOG
  HAZE


RELATIVE HUMIDITY (PERCENT)
 HIGHEST   100
 LOWEST     73
 AVERAGE    87

..........................................................


THE GOODLAND KS CLIMATE NORMALS FOR TODAY
                         NORMAL    RECORD    YEAR
 MAXIMUM TEMPERATURE (F)   64        91      1987
 MINIMUM TEMPERATURE (F)   35        14      1944


SUNRISE AND SUNSET
APRIL 18 2017.........SUNRISE   605 AM MDT   SUNSET   728 PM MDT
APRIL 19 2017.........SUNRISE   604 AM MDT   SUNSET   729 PM MDT


-  INDICATES NEGATIVE NUMBERS.
R  INDICATES RECORD WAS SET OR TIED.
MM INDICATES DATA IS MISSING.
T  INDICATES TRACE AMOUNT.

&&

THE AVERAGE SOIL TEMPERATURE AT THE FOUR INCH DEPTH... 60

$$
