000
CDUS43 KGLD 060040
CLIGLD

CLIMATE REPORT
NATIONAL WEATHER SERVICE GOODLAND
537 PM MST SUN NOV 5 2017

...................................

...THE GOODLAND KS CLIMATE SUMMARY FOR NOVEMBER 5 2017...
VALID TODAY AS OF 0500 PM LOCAL TIME.

CLIMATE NORMAL PERIOD 1981 TO 2010
CLIMATE RECORD PERIOD 1895 TO 2017

WEATHER ITEM   OBSERVED TIME   RECORD YEAR NORMAL DEPARTURE LAST
                VALUE   (LST)  VALUE       VALUE  FROM      YEAR
                                                  NORMAL
..................................................................
TEMPERATURE (F)
 TODAY
  MAXIMUM         45    234 PM  82    1914  58    -13       73
  MINIMUM         32    752 AM   8    1967  30      2       35
  AVERAGE         39                        44     -5       54

PRECIPITATION (IN)
  TODAY            0.00          0.54 1953   0.03  -0.03     0.00
  MONTH TO DATE    0.00                      0.16  -0.16     0.00
  SINCE SEP 1      4.29                      2.75   1.54     2.53
  SINCE JAN 1     26.25                     18.65   7.60    16.57

SNOWFALL (IN)
  TODAY            0.0                       0.1   -0.1      0.0
  MONTH TO DATE    0.0                       0.6   -0.6      0.0
  SINCE SEP 1      0.1                       3.2   -3.1       T
  SINCE JUL 1      0.1                       3.2   -3.1       T
  SNOW DEPTH       0

DEGREE DAYS
 HEATING
  TODAY           26                        21      5       11
  MONTH TO DATE  108                       101      7       53
  SINCE SEP 1    619                       629    -10      331
  SINCE JUL 1    619                       641    -22      338

 COOLING
  TODAY            0                         0      0        0
  MONTH TO DATE    0                         0      0        0
  SINCE SEP 1    140                       108     32      154
  SINCE JAN 1    959                       941     18     1103
..................................................................

WIND (MPH)
  HIGHEST WIND SPEED    24   HIGHEST WIND DIRECTION     N (20)
  HIGHEST GUST SPEED    31   HIGHEST GUST DIRECTION     N (20)
  AVERAGE WIND SPEED    10.1


SKY COVER
  AVERAGE SKY COVER 0.8


WEATHER CONDITIONS
 THE FOLLOWING WEATHER WAS RECORDED TODAY.
  FOG


RELATIVE HUMIDITY (PERCENT)
 HIGHEST    92           200 AM
 LOWEST     65           200 PM
 AVERAGE    79

..........................................................


THE GOODLAND KS CLIMATE NORMALS FOR TOMORROW
                         NORMAL    RECORD    YEAR
 MAXIMUM TEMPERATURE (F)   57        84      1980
 MINIMUM TEMPERATURE (F)   30        10      1959


SUNRISE AND SUNSET
NOVEMBER  5 2017......SUNRISE   620 AM MST   SUNSET   441 PM MST
NOVEMBER  6 2017......SUNRISE   621 AM MST   SUNSET   440 PM MST


-  INDICATES NEGATIVE NUMBERS.
R  INDICATES RECORD WAS SET OR TIED.
MM INDICATES DATA IS MISSING.
T  INDICATES TRACE AMOUNT.

&&

THE AVERAGE SOIL TEMPERATURE AT THE FOUR INCH DEPTH... 47
THE CURRENT DEPTH OF FROST... 0 INCHES

$$
