000
CDUS43 KGLD 080751
CLIGLD

CLIMATE REPORT
NATIONAL WEATHER SERVICE GOODLAND
149 AM MDT SAT APR 8 2017

...................................

...THE GOODLAND KS CLIMATE SUMMARY FOR APRIL 7 2017...

CLIMATE NORMAL PERIOD 1981 TO 2010
CLIMATE RECORD PERIOD 1895 TO 2017

WEATHER ITEM   OBSERVED TIME   RECORD YEAR NORMAL DEPARTURE LAST
                VALUE   (LST)  VALUE       VALUE  FROM      YEAR
                                                  NORMAL
..................................................................
TEMPERATURE (F)
 YESTERDAY
  MAXIMUM         78    312 PM  87    1978  61     17       64
  MINIMUM         39    551 AM  12    1997  32      7       34
  AVERAGE         59                        46     13       49

PRECIPITATION (IN)
  YESTERDAY        0.00          1.53 1915   0.05  -0.05     0.00
  MONTH TO DATE    0.32                      0.30   0.02     0.07
  SINCE MAR 1      2.00                      1.37   0.63     0.62
  SINCE JAN 1      2.93                      2.24   0.69     1.48

SNOWFALL (IN)
  YESTERDAY        0.0                       0.2   -0.2      0.0
  MONTH TO DATE    0.0                       1.5   -1.5      0.0
  SINCE MAR 1      T                         8.3   -8.3      4.4
  SINCE JUL 1      9.4                      32.3  -22.9     27.8
  SNOW DEPTH       0

DEGREE DAYS
 HEATING
  YESTERDAY        6                        19    -13       16
  MONTH TO DATE  125                       136    -11       97
  SINCE MAR 1    720                       894   -174      702
  SINCE JUL 1   4605                      5311   -706     4548

 COOLING
  YESTERDAY        0                         0      0        0
  MONTH TO DATE    0                         0      0        0
  SINCE MAR 1      0                         0      0        0
  SINCE JAN 1      0                         0      0        0
..................................................................

WIND (MPH)
  HIGHEST WIND SPEED    30   HIGHEST WIND DIRECTION     S (180)
  HIGHEST GUST SPEED    36   HIGHEST GUST DIRECTION     S (190)
  AVERAGE WIND SPEED    17.8


SKY COVER
  AVERAGE SKY COVER 0.0


WEATHER CONDITIONS
 THE FOLLOWING WEATHER WAS RECORDED YESTERDAY.
  NO SIGNIFICANT WEATHER WAS OBSERVED.


RELATIVE HUMIDITY (PERCENT)
 HIGHEST    79
 LOWEST     22
 AVERAGE    51

..........................................................


THE GOODLAND KS CLIMATE NORMALS FOR TODAY
                         NORMAL    RECORD    YEAR
 MAXIMUM TEMPERATURE (F)   61        82      2011
                                             1930
 MINIMUM TEMPERATURE (F)   32        12      1973
                                             1957
                                             1914


SUNRISE AND SUNSET
APRIL  8 2017.........SUNRISE   620 AM MDT   SUNSET   718 PM MDT
APRIL  9 2017.........SUNRISE   618 AM MDT   SUNSET   719 PM MDT


-  INDICATES NEGATIVE NUMBERS.
R  INDICATES RECORD WAS SET OR TIED.
MM INDICATES DATA IS MISSING.
T  INDICATES TRACE AMOUNT.

&&

THE AVERAGE SOIL TEMPERATURE AT THE FOUR INCH DEPTH... 50

$$
