000
CDUS43 KGLD 080742
CLIGLD

CLIMATE REPORT
NATIONAL WEATHER SERVICE GOODLAND
140 AM MDT FRI SEP 8 2017

...................................

...THE GOODLAND KS CLIMATE SUMMARY FOR SEPTEMBER 7 2017...

CLIMATE NORMAL PERIOD 1981 TO 2010
CLIMATE RECORD PERIOD 1895 TO 2017

WEATHER ITEM   OBSERVED TIME   RECORD YEAR NORMAL DEPARTURE LAST
                VALUE   (LST)  VALUE       VALUE  FROM      YEAR
                                                  NORMAL
..................................................................
TEMPERATURE (F)
 YESTERDAY
  MAXIMUM         85    251 PM 102    1971  83      2       86
                                      1908
  MINIMUM         49    315 AM  39    1956  54     -5       62
  AVERAGE         67                        68     -1       74

PRECIPITATION (IN)
  YESTERDAY        0.00          2.33 1963   0.04  -0.04     0.00
  MONTH TO DATE    0.00                      0.33  -0.33     1.67
  SINCE SEP 1      0.00                      0.33  -0.33     1.67
  SINCE JAN 1     21.96                     16.23   5.73    15.71

SNOWFALL (IN)
  YESTERDAY        0.0                       0.0    0.0      0.0
  MONTH TO DATE    0.0                       0.0    0.0       T
  SINCE SEP 1      0.0                       0.0    0.0       T
  SINCE JUL 1      T                         0.0    0.0       T
  SNOW DEPTH       0

DEGREE DAYS
 HEATING
  YESTERDAY        0                         2     -2        0
  MONTH TO DATE   11                         8      3        0
  SINCE SEP 1     11                         8      3        0
  SINCE JUL 1     11                        20     -9        7

 COOLING
  YESTERDAY        2                         5     -3        9
  MONTH TO DATE   32                        40     -8       58
  SINCE SEP 1     32                        40     -8       58
  SINCE JAN 1    851                       873    -22     1007
..................................................................

WIND (MPH)
  HIGHEST WIND SPEED    17   HIGHEST WIND DIRECTION    SE (150)
  HIGHEST GUST SPEED    26   HIGHEST GUST DIRECTION    SE (120)
  AVERAGE WIND SPEED     7.8


SKY COVER
  AVERAGE SKY COVER 0.0


WEATHER CONDITIONS
 THE FOLLOWING WEATHER WAS RECORDED YESTERDAY.
  NO SIGNIFICANT WEATHER WAS OBSERVED.


RELATIVE HUMIDITY (PERCENT)
 HIGHEST    72
 LOWEST     32
 AVERAGE    52

..........................................................


THE GOODLAND KS CLIMATE NORMALS FOR TODAY
                         NORMAL    RECORD    YEAR
 MAXIMUM TEMPERATURE (F)   83       100      1931
                                             1908
 MINIMUM TEMPERATURE (F)   54        38      1962


SUNRISE AND SUNSET
SEPTEMBER  8 2017.....SUNRISE   622 AM MDT   SUNSET   706 PM MDT
SEPTEMBER  9 2017.....SUNRISE   623 AM MDT   SUNSET   704 PM MDT


-  INDICATES NEGATIVE NUMBERS.
R  INDICATES RECORD WAS SET OR TIED.
MM INDICATES DATA IS MISSING.
T  INDICATES TRACE AMOUNT.

&&

THE AVERAGE SOIL TEMPERATURE AT THE FOUR INCH DEPTH... 67

$$
