000
CDUS43 KGLD 160744
CLIGLD

CLIMATE REPORT
NATIONAL WEATHER SERVICE GOODLAND
1239 AM MST TUE JAN 16 2018

...................................

...THE GOODLAND KS CLIMATE SUMMARY FOR JANUARY 15 2018...

CLIMATE NORMAL PERIOD 1981 TO 2010
CLIMATE RECORD PERIOD 1895 TO 2018

WEATHER ITEM   OBSERVED TIME   RECORD YEAR NORMAL DEPARTURE LAST
                VALUE   (LST)  VALUE       VALUE  FROM      YEAR
                                                  NORMAL
..................................................................
TEMPERATURE (F)
 YESTERDAY
  MAXIMUM         31   1234 AM  68    1943  43    -12       31
  MINIMUM         -1   1151 PM  -6    2007  17    -18       29
                                      1930
  AVERAGE         15                        30    -15       30

PRECIPITATION (IN)
  YESTERDAY        T             0.33 2017   0.01  -0.01     0.33
  MONTH TO DATE    0.13                      0.17  -0.04     0.54
  SINCE DEC 1      0.22                      0.63  -0.41     1.14
  SINCE JAN 1      0.13                      0.17  -0.04     0.54

SNOWFALL (IN)
  YESTERDAY        0.1                       0.2   -0.1      0.2
  MONTH TO DATE    0.7                       2.7   -2.0      2.7
  SINCE DEC 1      2.2                       8.2   -6.0      7.7
  SINCE JUL 1      2.3                      15.4  -13.1      8.3
  SNOW DEPTH       T

DEGREE DAYS
 HEATING
  YESTERDAY       50                        35     15       35
  MONTH TO DATE  527                       527      0      624
  SINCE DEC 1   1601                      1615    -14     1826
  SINCE JUL 1   2752                      2934   -182     2689

 COOLING
  YESTERDAY        0                         0      0        0
  MONTH TO DATE    0                         0      0        0
  SINCE DEC 1      0                         0      0        0
  SINCE JAN 1      0                         0      0        0
..................................................................

WIND (MPH)
  HIGHEST WIND SPEED    26   HIGHEST WIND DIRECTION     N (360)
  HIGHEST GUST SPEED    35   HIGHEST GUST DIRECTION     N (350)
  AVERAGE WIND SPEED    17.1


SKY COVER
  AVERAGE SKY COVER 0.5


WEATHER CONDITIONS
 THE FOLLOWING WEATHER WAS RECORDED YESTERDAY.
  LIGHT SNOW
  FOG


RELATIVE HUMIDITY (PERCENT)
 HIGHEST    92
 LOWEST     49
 AVERAGE    71

..........................................................


THE GOODLAND KS CLIMATE NORMALS FOR TODAY
                         NORMAL    RECORD    YEAR
 MAXIMUM TEMPERATURE (F)   42        65      1951
 MINIMUM TEMPERATURE (F)   17       -11      1930


SUNRISE AND SUNSET
JANUARY 16 2018.......SUNRISE   705 AM MST   SUNSET   449 PM MST
JANUARY 17 2018.......SUNRISE   704 AM MST   SUNSET   450 PM MST


-  INDICATES NEGATIVE NUMBERS.
R  INDICATES RECORD WAS SET OR TIED.
MM INDICATES DATA IS MISSING.
T  INDICATES TRACE AMOUNT.

&&

THE AVERAGE SOIL TEMPERATURE AT THE FOUR INCH DEPTH... 6
THE CURRENT DEPTH OF FROST... 36 INCHES

$$
