000
CDUS43 KGLD 040813
CLIGLD

CLIMATE REPORT
NATIONAL WEATHER SERVICE GOODLAND
107 AM MST THU FEB 4 2016

...................................

...THE GOODLAND KS CLIMATE SUMMARY FOR FEBRUARY 3 2016...

CLIMATE NORMAL PERIOD 1981 TO 2010
CLIMATE RECORD PERIOD 1895 TO 2016

WEATHER ITEM   OBSERVED TIME   RECORD YEAR NORMAL DEPARTURE LAST
                VALUE   (LST)  VALUE       VALUE  FROM      YEAR
                                                  NORMAL
..................................................................
TEMPERATURE (F)
 YESTERDAY
  MAXIMUM         27    222 PM  74    1962  43    -16       66
  MINIMUM          8   1153 PM -19    1996  17     -9       30
  AVERAGE         18                        30    -12       48

PRECIPITATION (IN)
  YESTERDAY        0.00          0.51 1960   0.02  -0.02     0.00
  MONTH TO DATE    0.81                      0.05   0.76      T
  SINCE DEC 1      1.01                      0.89   0.12     1.74
  SINCE JAN 1      0.85                      0.43   0.42     0.28

SNOWFALL (IN)
  YESTERDAY        0.0                       0.2   -0.2      0.0
  MONTH TO DATE   13.3                       0.6   12.7       T
  SINCE DEC 1     15.2                      12.0    3.2     12.1
  SINCE JUL 1     23.4                      19.2    4.2     12.3
  SNOW DEPTH      11

DEGREE DAYS
 HEATING
  YESTERDAY       47                        35     12       17
  MONTH TO DATE  125                       105     20      101
  SINCE DEC 1   2126                      2289   -163     2176
  SINCE JUL 1   3186                      3608   -422     3431

 COOLING
  YESTERDAY        0                         0      0        0
  MONTH TO DATE    0                         0      0        0
  SINCE DEC 1      0                         0      0        0
  SINCE JAN 1      0                         0      0        0
..................................................................

WIND (MPH)
  HIGHEST WIND SPEED    21   HIGHEST WIND DIRECTION    NW (310)
  HIGHEST GUST SPEED    25   HIGHEST GUST DIRECTION    NW (320)
  AVERAGE WIND SPEED    13.1


SKY COVER
  AVERAGE SKY COVER 0.0


WEATHER CONDITIONS
 THE FOLLOWING WEATHER WAS RECORDED YESTERDAY.
  LIGHT SNOW


RELATIVE HUMIDITY (PERCENT)
 HIGHEST    88
 LOWEST     57
 AVERAGE    73

..........................................................


THE GOODLAND KS CLIMATE NORMALS FOR TODAY
                         NORMAL    RECORD    YEAR
 MAXIMUM TEMPERATURE (F)   43        68      1935
 MINIMUM TEMPERATURE (F)   18       -15      1985


SUNRISE AND SUNSET
FEBRUARY  4 2016......SUNRISE   652 AM MST   SUNSET   510 PM MST
FEBRUARY  5 2016......SUNRISE   651 AM MST   SUNSET   511 PM MST


-  INDICATES NEGATIVE NUMBERS.
R  INDICATES RECORD WAS SET OR TIED.
MM INDICATES DATA IS MISSING.
T  INDICATES TRACE AMOUNT.

&&

THE AVERAGE SOIL TEMPERATURE AT THE FOUR INCH DEPTH... 33
THE CURRENT DEPTH OF FROST... 7 INCHES

$$
