000
CDUS43 KGLD 120045
CLIGLD

CLIMATE REPORT
NATIONAL WEATHER SERVICE GOODLAND
642 PM MDT THU MAY 11 2017

...................................

...THE GOODLAND KS CLIMATE SUMMARY FOR MAY 11 2017...
VALID TODAY AS OF 0600 PM LOCAL TIME.

CLIMATE NORMAL PERIOD 1981 TO 2010
CLIMATE RECORD PERIOD 1895 TO 2017

WEATHER ITEM   OBSERVED TIME   RECORD YEAR NORMAL DEPARTURE LAST
                VALUE   (LST)  VALUE       VALUE  FROM      YEAR
                                                  NORMAL
..................................................................
TEMPERATURE (F)
 TODAY
  MAXIMUM         63    451 PM  99    1962  71     -8       65
  MINIMUM         49    844 AM  26    1918  44      5       40
  AVERAGE         56                        58     -2       53

PRECIPITATION (IN)
  TODAY            0.90R         0.62 1930   0.09   0.81      T
  MONTH TO DATE    2.79                      0.86   1.93     0.48
  SINCE MAR 1      6.59                      3.52   3.07     5.02
  SINCE JAN 1      7.52                      4.39   3.13     5.88

SNOWFALL (IN)
  TODAY            0.0                       0.1   -0.1      0.0
  MONTH TO DATE    0.0                       0.4   -0.4       T
  SINCE MAR 1      4.8                      11.4   -6.6      6.7
  SINCE JUL 1     14.2                      35.4  -21.2     30.1
  SNOW DEPTH       0

DEGREE DAYS
 HEATING
  TODAY            9                         8      1       12
  MONTH TO DATE   84                       105    -21       95
  SINCE MAR 1   1095                      1343   -248     1135
  SINCE JUL 1   4980                      5760   -780     4981

 COOLING
  TODAY            0                         1     -1        0
  MONTH TO DATE   12                         9      3        6
  SINCE MAR 1     19                        13      6        6
  SINCE JAN 1     19                        13      6        6
..................................................................

WIND (MPH)
  HIGHEST WIND SPEED    22   HIGHEST WIND DIRECTION     N (20)
  HIGHEST GUST SPEED    29   HIGHEST GUST DIRECTION    NE (30)
  AVERAGE WIND SPEED    13.3


SKY COVER
  AVERAGE SKY COVER 0.9


WEATHER CONDITIONS
 THE FOLLOWING WEATHER WAS RECORDED TODAY.
  HEAVY RAIN
  RAIN
  LIGHT RAIN
  FOG


RELATIVE HUMIDITY (PERCENT)
 HIGHEST   100          1200 AM
 LOWEST     56           500 PM
 AVERAGE    78

..........................................................


THE GOODLAND KS CLIMATE NORMALS FOR TOMORROW
                         NORMAL    RECORD    YEAR
 MAXIMUM TEMPERATURE (F)   72        99      1962
 MINIMUM TEMPERATURE (F)   45        27      1953


SUNRISE AND SUNSET
MAY 11 2017...........SUNRISE   537 AM MDT   SUNSET   750 PM MDT
MAY 12 2017...........SUNRISE   536 AM MDT   SUNSET   751 PM MDT


-  INDICATES NEGATIVE NUMBERS.
R  INDICATES RECORD WAS SET OR TIED.
MM INDICATES DATA IS MISSING.
T  INDICATES TRACE AMOUNT.

&&

THE AVERAGE SOIL TEMPERATURE AT THE FOUR INCH DEPTH... 60

$$
