000
CDUS43 KGLD 280750
CLIGLD

CLIMATE REPORT
NATIONAL WEATHER SERVICE GOODLAND
1246 AM MST TUE NOV 28 2017

...................................

...THE GOODLAND KS CLIMATE SUMMARY FOR NOVEMBER 27 2017...

CLIMATE NORMAL PERIOD 1981 TO 2010
CLIMATE RECORD PERIOD 1895 TO 2017

WEATHER ITEM   OBSERVED TIME   RECORD YEAR NORMAL DEPARTURE LAST
                VALUE   (LST)  VALUE       VALUE  FROM      YEAR
                                                  NORMAL
..................................................................
TEMPERATURE (F)
 YESTERDAY
  MAXIMUM         82R   250 PM  75    1949  47     35       63
  MINIMUM         45    704 AM -10    1952  21     24       35
  AVERAGE         64                        34     30       49

PRECIPITATION (IN)
  YESTERDAY        0.00          0.95 1983   0.02  -0.02      T
  MONTH TO DATE    0.03                      0.66  -0.63     0.21
  SINCE SEP 1      4.32                      3.25   1.07     2.74
  SINCE JAN 1     26.28                     19.15   7.13    16.78

SNOWFALL (IN)
  YESTERDAY        0.0                       0.2   -0.2      0.0
  MONTH TO DATE    0.0                       4.0   -4.0      0.6
  SINCE SEP 1      0.1                       6.6   -6.5      0.6
  SINCE JUL 1      0.1                       6.6   -6.5      0.6
  SNOW DEPTH       0

DEGREE DAYS
 HEATING
  YESTERDAY        1                        31    -30       16
  MONTH TO DATE  560                       682   -122      485
  SINCE SEP 1   1071                      1210   -139      763
  SINCE JUL 1   1071                      1222   -151      770

 COOLING
  YESTERDAY        0                         0      0        0
  MONTH TO DATE    0                         0      0        0
  SINCE SEP 1    140                       108     32      154
  SINCE JAN 1    959                       941     18     1103
..................................................................

WIND (MPH)
  HIGHEST WIND SPEED    28   HIGHEST WIND DIRECTION     N (360)
  HIGHEST GUST SPEED    40   HIGHEST GUST DIRECTION     N (10)
  AVERAGE WIND SPEED    12.5


SKY COVER
  AVERAGE SKY COVER 0.0


WEATHER CONDITIONS
 THE FOLLOWING WEATHER WAS RECORDED YESTERDAY.
  LIGHT RAIN
  HAZE


RELATIVE HUMIDITY (PERCENT)
 HIGHEST    42
 LOWEST      9
 AVERAGE    26

..........................................................


THE GOODLAND KS CLIMATE NORMALS FOR TODAY
                         NORMAL    RECORD    YEAR
 MAXIMUM TEMPERATURE (F)   46        80      2014
 MINIMUM TEMPERATURE (F)   21       -12      1952


SUNRISE AND SUNSET
NOVEMBER 28 2017......SUNRISE   645 AM MST   SUNSET   425 PM MST
NOVEMBER 29 2017......SUNRISE   646 AM MST   SUNSET   424 PM MST


-  INDICATES NEGATIVE NUMBERS.
R  INDICATES RECORD WAS SET OR TIED.
MM INDICATES DATA IS MISSING.
T  INDICATES TRACE AMOUNT.

&&

THE AVERAGE SOIL TEMPERATURE AT THE FOUR INCH DEPTH... 47
THE CURRENT DEPTH OF FROST... 0 INCHES

$$
