000
CDUS43 KGLD 110742
CLIGLD

CLIMATE REPORT
NATIONAL WEATHER SERVICE GOODLAND
139 AM MDT WED MAY 11 2016

...................................

...THE GOODLAND KS CLIMATE SUMMARY FOR MAY 10 2016...

CLIMATE NORMAL PERIOD 1981 TO 2010
CLIMATE RECORD PERIOD 1895 TO 2016

WEATHER ITEM   OBSERVED TIME   RECORD YEAR NORMAL DEPARTURE LAST
                VALUE   (LST)  VALUE       VALUE  FROM      YEAR
                                                  NORMAL
..................................................................
TEMPERATURE (F)
 YESTERDAY
  MAXIMUM         78   1227 PM  94    1962  71      7       50
  MINIMUM         43    434 AM  25    1918  44     -1       32
  AVERAGE         61                        57      4       41

PRECIPITATION (IN)
  YESTERDAY        0.14          1.12 1930   0.08   0.06     0.00
  MONTH TO DATE    0.48                      0.77  -0.29     1.98
  SINCE MAR 1      5.02                      3.43   1.59     6.93
  SINCE JAN 1      5.88                      4.30   1.58     8.01

SNOWFALL (IN)
  YESTERDAY        0.0                       0.0    0.0      0.0
  MONTH TO DATE    T                         0.3   -0.3      0.0
  SINCE MAR 1      6.7                      11.3   -4.6      2.6
  SINCE JUL 1     30.1                      35.3   -5.2     24.7
  SNOW DEPTH       0

DEGREE DAYS
 HEATING
  YESTERDAY        4                         8     -4       24
  MONTH TO DATE   83                        97    -14       78
  SINCE MAR 1   1123                      1335   -212     1039
  SINCE JUL 1   4969                      5752   -783     5254

 COOLING
  YESTERDAY        0                         1     -1        0
  MONTH TO DATE    6                         8     -2        2
  SINCE MAR 1      6                        12     -6        2
  SINCE JAN 1      6                        12     -6        2
..................................................................

WIND (MPH)
  HIGHEST WIND SPEED    30   HIGHEST WIND DIRECTION     N (20)
  HIGHEST GUST SPEED    39   HIGHEST GUST DIRECTION    NE (30)
  AVERAGE WIND SPEED    13.2


SKY COVER
  AVERAGE SKY COVER 0.3


WEATHER CONDITIONS
 THE FOLLOWING WEATHER WAS RECORDED YESTERDAY.
  THUNDERSTORM
  RAIN
  LIGHT RAIN
  FOG


RELATIVE HUMIDITY (PERCENT)
 HIGHEST    83
 LOWEST     29
 AVERAGE    56

..........................................................


THE GOODLAND KS CLIMATE NORMALS FOR TODAY
                         NORMAL    RECORD    YEAR
 MAXIMUM TEMPERATURE (F)   71        99      1962
 MINIMUM TEMPERATURE (F)   44        26      1918


SUNRISE AND SUNSET
MAY 11 2016...........SUNRISE   536 AM MDT   SUNSET   750 PM MDT
MAY 12 2016...........SUNRISE   535 AM MDT   SUNSET   751 PM MDT


-  INDICATES NEGATIVE NUMBERS.
R  INDICATES RECORD WAS SET OR TIED.
MM INDICATES DATA IS MISSING.
T  INDICATES TRACE AMOUNT.

&&

THE AVERAGE SOIL TEMPERATURE AT THE FOUR INCH DEPTH... 57

$$
