000
CDUS43 KGLD 010745
CLIGLD

CLIMATE REPORT
NATIONAL WEATHER SERVICE GOODLAND
141 AM MDT WED JUL 1 2015

...................................

...THE GOODLAND KS CLIMATE SUMMARY FOR JUNE 30 2015...

CLIMATE NORMAL PERIOD 1981 TO 2010
CLIMATE RECORD PERIOD 1895 TO 2015

WEATHER ITEM   OBSERVED TIME   RECORD YEAR NORMAL DEPARTURE LAST
                VALUE   (LST)  VALUE       VALUE  FROM      YEAR
                                                  NORMAL
..................................................................
TEMPERATURE (F)
 YESTERDAY
  MAXIMUM         95    423 PM 105    1933  89      6       89
  MINIMUM         62    437 AM  42    1918  59      3       62
  AVERAGE         79                        74      5       76

PRECIPITATION (IN)
  YESTERDAY        0.00          1.22 1957   0.10  -0.10      T
  MONTH TO DATE    2.31                      3.25  -0.94     5.53
  SINCE JUN 1      2.31                      3.25  -0.94     5.53
  SINCE JAN 1     14.10                      9.73   4.37     9.07

SNOWFALL (IN)
  YESTERDAY        0.0                       0.0    0.0      0.0
  MONTH TO DATE    0.0                       0.0    0.0      0.0
  SINCE JUN 1      0.0                       0.0    0.0      0.0
  SINCE JUL 1     24.7                      35.5  -10.8     29.1
  SNOW DEPTH       0

DEGREE DAYS
 HEATING
  YESTERDAY        0                         0      0        0
  MONTH TO DATE    5                        36    -31       38
  SINCE JUN 1      5                        37    -32       38
  SINCE JUL 1   5432                      5903   -471     5996

 COOLING
  YESTERDAY       14                         9      5       11
  MONTH TO DATE  242                       179     63      149
  SINCE JUN 1    242                       179     63      149
  SINCE JAN 1    248                       220     28      195
..................................................................

WIND (MPH)
  HIGHEST WIND SPEED    17   HIGHEST WIND DIRECTION     W (260)
  HIGHEST GUST SPEED    25   HIGHEST GUST DIRECTION     W (260)
  AVERAGE WIND SPEED     8.2


SKY COVER
  AVERAGE SKY COVER 0.0


WEATHER CONDITIONS
 THE FOLLOWING WEATHER WAS RECORDED YESTERDAY.
  NO SIGNIFICANT WEATHER WAS OBSERVED.


RELATIVE HUMIDITY (PERCENT)
 HIGHEST    72
 LOWEST     19
 AVERAGE    46

..........................................................


THE GOODLAND KS CLIMATE NORMALS FOR TODAY
                         NORMAL    RECORD    YEAR
 MAXIMUM TEMPERATURE (F)   89       106      1990
                                             1953
 MINIMUM TEMPERATURE (F)   60        44      1959


SUNRISE AND SUNSET
JULY  1 2015..........SUNRISE   524 AM MDT   SUNSET   818 PM MDT
JULY  2 2015..........SUNRISE   524 AM MDT   SUNSET   817 PM MDT


-  INDICATES NEGATIVE NUMBERS.
R  INDICATES RECORD WAS SET OR TIED.
MM INDICATES DATA IS MISSING.
T  INDICATES TRACE AMOUNT.

&&

THE AVERAGE SOIL TEMPERATURE AT THE FOUR INCH DEPTH... 77

$$
