000
CDUS43 KGLD 220740
CLIGLD

CLIMATE REPORT
NATIONAL WEATHER SERVICE GOODLAND
1240 AM MST TUE NOV 22 2016

...................................

...THE GOODLAND KS CLIMATE SUMMARY FOR NOVEMBER 21 2016...

CLIMATE NORMAL PERIOD 1981 TO 2010
CLIMATE RECORD PERIOD 1895 TO 2016

WEATHER ITEM   OBSERVED TIME   RECORD YEAR NORMAL DEPARTURE LAST
                VALUE   (LST)  VALUE       VALUE  FROM      YEAR
                                                  NORMAL
..................................................................
TEMPERATURE (F)
 YESTERDAY
  MAXIMUM         56   1009 AM  75    2012  49      7       38
  MINIMUM         31   1010 PM   4    1929  23      8       20
  AVERAGE         44                        36      8       29

PRECIPITATION (IN)
  YESTERDAY        0.00          0.50 1942   0.02  -0.02      T
  MONTH TO DATE    0.10                      0.54  -0.44     0.77
  SINCE SEP 1      2.63                      3.13  -0.50     3.50
  SINCE JAN 1     16.67                     19.03  -2.36    20.25

SNOWFALL (IN)
  YESTERDAY        0.0                       0.2   -0.2       T
  MONTH TO DATE    0.6                       3.0   -2.4      6.7
  SINCE SEP 1      0.6                       5.6   -5.0      6.7
  SINCE JUL 1      0.6                       5.6   -5.0      6.7
  SNOW DEPTH       0

DEGREE DAYS
 HEATING
  YESTERDAY       21                        29     -8       36
  MONTH TO DATE  338                       501   -163      440
  SINCE SEP 1    616                      1029   -413      749
  SINCE JUL 1    623                      1041   -418      755

 COOLING
  YESTERDAY        0                         0      0        0
  MONTH TO DATE    0                         0      0        0
  SINCE SEP 1    154                       108     46      237
  SINCE JAN 1   1103                       941    162     1145
..................................................................

WIND (MPH)
  HIGHEST WIND SPEED    26   HIGHEST WIND DIRECTION     S (160)
  HIGHEST GUST SPEED    32   HIGHEST GUST DIRECTION    SE (150)
  AVERAGE WIND SPEED    11.3


SKY COVER
  AVERAGE SKY COVER 0.4


WEATHER CONDITIONS
 THE FOLLOWING WEATHER WAS RECORDED YESTERDAY.
  NO SIGNIFICANT WEATHER WAS OBSERVED.


RELATIVE HUMIDITY (PERCENT)
 HIGHEST    89
 LOWEST     32
 AVERAGE    61

..........................................................


THE GOODLAND KS CLIMATE NORMALS FOR TODAY
                         NORMAL    RECORD    YEAR
 MAXIMUM TEMPERATURE (F)   49        82      1998
 MINIMUM TEMPERATURE (F)   23        -4      1929


SUNRISE AND SUNSET
NOVEMBER 22 2016......SUNRISE   639 AM MST   SUNSET   427 PM MST
NOVEMBER 23 2016......SUNRISE   640 AM MST   SUNSET   427 PM MST


-  INDICATES NEGATIVE NUMBERS.
R  INDICATES RECORD WAS SET OR TIED.
MM INDICATES DATA IS MISSING.
T  INDICATES TRACE AMOUNT.

&&

THE AVERAGE SOIL TEMPERATURE AT THE FOUR INCH DEPTH... 41
THE CURRENT DEPTH OF FROST... 0 INCHES

$$
