000
CDUS43 KGLD 020758
CLIGLD

CLIMATE REPORT
NATIONAL WEATHER SERVICE GOODLAND
1255 AM MST THU FEB 2 2017

...................................

...THE GOODLAND KS CLIMATE SUMMARY FOR FEBRUARY 1 2017...

CLIMATE NORMAL PERIOD 1981 TO 2010
CLIMATE RECORD PERIOD 1895 TO 2017

WEATHER ITEM   OBSERVED TIME   RECORD YEAR NORMAL DEPARTURE LAST
                VALUE   (LST)  VALUE       VALUE  FROM      YEAR
                                                  NORMAL
..................................................................
TEMPERATURE (F)
 YESTERDAY
  MAXIMUM         32   1230 AM  78    2003  43    -11       34
  MINIMUM         21   1159 PM -21    1951  17      4       27
  AVERAGE         27                        30     -3       31

PRECIPITATION (IN)
  YESTERDAY        0.00          0.42 1982   0.02  -0.02     0.24
  MONTH TO DATE    0.00                      0.02  -0.02     0.24
  SINCE DEC 1      1.52                      0.86   0.66     0.44
  SINCE JAN 1      0.92                      0.40   0.52     0.28

SNOWFALL (IN)
  YESTERDAY        0.0                       0.2   -0.2      3.8
  MONTH TO DATE    0.0                       0.2   -0.2      3.8
  SINCE DEC 1      8.8                      11.6   -2.8      5.7
  SINCE JUL 1      9.4                      18.8   -9.4     13.9
  SNOW DEPTH       0

DEGREE DAYS
 HEATING
  YESTERDAY       38                        35      3       34
  MONTH TO DATE   38                        35      3       34
  SINCE DEC 1   2356                      2219    137     2035
  SINCE JUL 1   3219                      3538   -319     3095

 COOLING
  YESTERDAY        0                         0      0        0
  MONTH TO DATE    0                         0      0        0
  SINCE DEC 1      0                         0      0        0
  SINCE JAN 1      0                         0      0        0
..................................................................

WIND (MPH)
  HIGHEST WIND SPEED    16   HIGHEST WIND DIRECTION    NE (60)
  HIGHEST GUST SPEED    20   HIGHEST GUST DIRECTION    NE (60)
  AVERAGE WIND SPEED    11.6


SKY COVER
  AVERAGE SKY COVER 0.8


WEATHER CONDITIONS
 THE FOLLOWING WEATHER WAS RECORDED YESTERDAY.
  FOG
  FOG W/VISIBILITY <= 1/4 MILE


RELATIVE HUMIDITY (PERCENT)
 HIGHEST   100
 LOWEST     72
 AVERAGE    86

..........................................................


THE GOODLAND KS CLIMATE NORMALS FOR TODAY
                         NORMAL    RECORD    YEAR
 MAXIMUM TEMPERATURE (F)   43        72      1934
 MINIMUM TEMPERATURE (F)   17       -13      2011
                                             1989
                                             1917


SUNRISE AND SUNSET
FEBRUARY  2 2017......SUNRISE   653 AM MST   SUNSET   509 PM MST
FEBRUARY  3 2017......SUNRISE   652 AM MST   SUNSET   510 PM MST


-  INDICATES NEGATIVE NUMBERS.
R  INDICATES RECORD WAS SET OR TIED.
MM INDICATES DATA IS MISSING.
T  INDICATES TRACE AMOUNT.

&&

THE AVERAGE SOIL TEMPERATURE AT THE FOUR INCH DEPTH... 32
THE CURRENT DEPTH OF FROST... 8 INCHES

$$
