000
CDUS43 KGLD 150744
CLIGLD

CLIMATE REPORT
NATIONAL WEATHER SERVICE GOODLAND
143 AM MDT TUE JUL 15 2014

...................................

...THE GOODLAND KS CLIMATE SUMMARY FOR JULY 14 2014...

CLIMATE NORMAL PERIOD 1981 TO 2010
CLIMATE RECORD PERIOD 1895 TO 2014

WEATHER ITEM   OBSERVED TIME   RECORD YEAR NORMAL DEPARTURE LAST
                VALUE   (LST)  VALUE       VALUE  FROM      YEAR
                                                  NORMAL
..................................................................
TEMPERATURE (F)
 YESTERDAY
  MAXIMUM         82    337 PM 107    1934  91     -9       83
  MINIMUM         57   1159 PM  47    1990  62     -5       65
  AVERAGE         70                        76     -6       74

PRECIPITATION (IN)
  YESTERDAY        0.00          1.13 1928   0.11  -0.11      T
  MONTH TO DATE    1.40                      1.55  -0.15     0.02
  SINCE JUN 1      6.93                      4.80   2.13     3.06
  SINCE JAN 1     10.47                     11.28  -0.81     7.42

SNOWFALL (IN)
  YESTERDAY        0.0                       0.0    0.0      0.0
  MONTH TO DATE    0.0                       0.0    0.0      0.0
  SINCE JUN 1      0.0                       0.0    0.0      0.0
  SINCE JUL 1      0.0                       0.0    0.0      0.0
  SNOW DEPTH       0

DEGREE DAYS
 HEATING
  YESTERDAY        0                         0      0        0
  MONTH TO DATE    0                         0      0        0
  SINCE JUN 1     38                        37      1       31
  SINCE JUL 1      0                         0      0        0

 COOLING
  YESTERDAY        5                        11     -6        9
  MONTH TO DATE  140                       147     -7      179
  SINCE JUN 1    289                       326    -37      436
  SINCE JAN 1    335                       367    -32      525
..................................................................

WIND (MPH)
  HIGHEST WIND SPEED    21   HIGHEST WIND DIRECTION    NE (60)
  HIGHEST GUST SPEED    27   HIGHEST GUST DIRECTION     E (70)
  AVERAGE WIND SPEED    12.3

SKY COVER
  AVERAGE SKY COVER 0.1

WEATHER CONDITIONS
THE FOLLOWING WEATHER WAS RECORDED YESTERDAY.
  NO SIGNIFICANT WEATHER WAS OBSERVED.

RELATIVE HUMIDITY (PERCENT)
 HIGHEST    93
 LOWEST     39
 AVERAGE    66

..........................................................

THE GOODLAND KS CLIMATE NORMALS FOR TODAY
                         NORMAL    RECORD    YEAR
 MAXIMUM TEMPERATURE (F)   91       106      1925
 MINIMUM TEMPERATURE (F)   62        52      1990
                                             1912


SUNRISE AND SUNSET
JULY 15 2014..........SUNRISE   532 AM MDT   SUNSET   813 PM MDT
JULY 16 2014..........SUNRISE   533 AM MDT   SUNSET   812 PM MDT

-  INDICATES NEGATIVE NUMBERS.
R  INDICATES RECORD WAS SET OR TIED.
MM INDICATES DATA IS MISSING.
T  INDICATES TRACE AMOUNT.

&&

THE AVERAGE SOIL TEMPERATURE AT THE FOUR INCH DEPTH... 75

$$
