000
CDUS43 KGLD 020747
CLIGLD

CLIMATE REPORT
NATIONAL WEATHER SERVICE GOODLAND
143 AM MDT SAT SEP 2 2017

...................................

...THE GOODLAND KS CLIMATE SUMMARY FOR SEPTEMBER 1 2017...

CLIMATE NORMAL PERIOD 1981 TO 2010
CLIMATE RECORD PERIOD 1895 TO 2017

WEATHER ITEM   OBSERVED TIME   RECORD YEAR NORMAL DEPARTURE LAST
                VALUE   (LST)  VALUE       VALUE  FROM      YEAR
                                                  NORMAL
..................................................................
TEMPERATURE (F)
 YESTERDAY
  MAXIMUM         84    346 PM 102    1939  85     -1       77
  MINIMUM         57    356 AM  42    1956  56      1       61
  AVERAGE         71                        71      0       69

PRECIPITATION (IN)
  YESTERDAY        0.00          0.61 1972   0.05  -0.05     0.00
  MONTH TO DATE    0.00                      0.05  -0.05     0.00
  SINCE SEP 1      0.00                      0.05  -0.05     0.00
  SINCE JAN 1     21.96                     15.95   6.01    14.04

SNOWFALL (IN)
  YESTERDAY        0.0                       0.0    0.0      0.0
  MONTH TO DATE    0.0                       0.0    0.0      0.0
  SINCE SEP 1      0.0                       0.0    0.0      0.0
  SINCE JUL 1      T                         0.0    0.0      0.0
  SNOW DEPTH       0

DEGREE DAYS
 HEATING
  YESTERDAY        0                         1     -1        0
  MONTH TO DATE    0                         1     -1        0
  SINCE SEP 1      0                         1     -1        0
  SINCE JUL 1      0                        13    -13        7

 COOLING
  YESTERDAY        6                         6      0        4
  MONTH TO DATE    6                         6      0        4
  SINCE SEP 1      6                         6      0        4
  SINCE JAN 1    825                       839    -14      953
..................................................................

WIND (MPH)
  HIGHEST WIND SPEED    21   HIGHEST WIND DIRECTION     S (170)
  HIGHEST GUST SPEED    25   HIGHEST GUST DIRECTION    SE (150)
  AVERAGE WIND SPEED     7.6


SKY COVER
  AVERAGE SKY COVER 0.1


WEATHER CONDITIONS
 THE FOLLOWING WEATHER WAS RECORDED YESTERDAY.
  HAZE


RELATIVE HUMIDITY (PERCENT)
 HIGHEST    87
 LOWEST     43
 AVERAGE    65

..........................................................


THE GOODLAND KS CLIMATE NORMALS FOR TODAY
                         NORMAL    RECORD    YEAR
 MAXIMUM TEMPERATURE (F)   85       105      1939
 MINIMUM TEMPERATURE (F)   56        38      1974


SUNRISE AND SUNSET
SEPTEMBER  2 2017.....SUNRISE   616 AM MDT   SUNSET   716 PM MDT
SEPTEMBER  3 2017.....SUNRISE   617 AM MDT   SUNSET   714 PM MDT


-  INDICATES NEGATIVE NUMBERS.
R  INDICATES RECORD WAS SET OR TIED.
MM INDICATES DATA IS MISSING.
T  INDICATES TRACE AMOUNT.

&&

THE AVERAGE SOIL TEMPERATURE AT THE FOUR INCH DEPTH... 71

$$
