000
CDUS43 KGLD 300747
CLIGLD

CLIMATE REPORT
NATIONAL WEATHER SERVICE GOODLAND
1245 AM MST TUE JAN 30 2018

...................................

...THE GOODLAND KS CLIMATE SUMMARY FOR JANUARY 29 2018...

CLIMATE NORMAL PERIOD 1981 TO 2010
CLIMATE RECORD PERIOD 1895 TO 2018

WEATHER ITEM   OBSERVED TIME   RECORD YEAR NORMAL DEPARTURE LAST
                VALUE   (LST)  VALUE       VALUE  FROM      YEAR
                                                  NORMAL
..................................................................
TEMPERATURE (F)
 YESTERDAY
  MAXIMUM         55    412 PM  69    1976  43     12       60
                                      1920
  MINIMUM         19    532 AM -13    1951  17      2       32
  AVERAGE         37                        30      7       46

PRECIPITATION (IN)
  YESTERDAY        0.00          0.82 1981   0.01  -0.01     0.00
  MONTH TO DATE    0.68                      0.35   0.33     0.92
  SINCE DEC 1      0.77                      0.81  -0.04     1.52
  SINCE JAN 1      0.68                      0.35   0.33     0.92

SNOWFALL (IN)
  YESTERDAY        0.0                       0.2   -0.2      0.0
  MONTH TO DATE    9.0                       5.5    3.5      3.8
  SINCE DEC 1     10.5                      11.0   -0.5      8.8
  SINCE JUL 1     10.6                      18.2   -7.6      9.4
  SNOW DEPTH       T

DEGREE DAYS
 HEATING
  YESTERDAY       28                        35     -7       19
  MONTH TO DATE  986                      1017    -31     1073
  SINCE DEC 1   2060                      2105    -45     2275
  SINCE JUL 1   3211                      3424   -213     3138

 COOLING
  YESTERDAY        0                         0      0        0
  MONTH TO DATE    0                         0      0        0
  SINCE DEC 1      0                         0      0        0
  SINCE JAN 1      0                         0      0        0
..................................................................

WIND (MPH)
  HIGHEST WIND SPEED    20   HIGHEST WIND DIRECTION    SW (220)
  HIGHEST GUST SPEED    25   HIGHEST GUST DIRECTION    SW (210)
  AVERAGE WIND SPEED     9.4


SKY COVER
  AVERAGE SKY COVER 0.2


WEATHER CONDITIONS
 THE FOLLOWING WEATHER WAS RECORDED YESTERDAY.
  NO SIGNIFICANT WEATHER WAS OBSERVED.


RELATIVE HUMIDITY (PERCENT)
 HIGHEST   100
 LOWEST     32
 AVERAGE    66

..........................................................


THE GOODLAND KS CLIMATE NORMALS FOR TODAY
                         NORMAL    RECORD    YEAR
 MAXIMUM TEMPERATURE (F)   43        72      1986
 MINIMUM TEMPERATURE (F)   17       -15      1918


SUNRISE AND SUNSET
JANUARY 30 2018.......SUNRISE   656 AM MST   SUNSET   505 PM MST
JANUARY 31 2018.......SUNRISE   655 AM MST   SUNSET   506 PM MST


-  INDICATES NEGATIVE NUMBERS.
R  INDICATES RECORD WAS SET OR TIED.
MM INDICATES DATA IS MISSING.
T  INDICATES TRACE AMOUNT.

&&

THE AVERAGE SOIL TEMPERATURE AT THE FOUR INCH DEPTH... 31
THE CURRENT DEPTH OF FROST... 3 INCHES

$$
