000
CDUS43 KGLD 301216
CLIGLD

CLIMATE REPORT
NATIONAL WEATHER SERVICE GOODLAND
158 AM MDT FRI JUN 30 2017

...................................

...THE GOODLAND KS CLIMATE SUMMARY FOR JUNE 29 2017...

CLIMATE NORMAL PERIOD 1981 TO 2010
CLIMATE RECORD PERIOD 1895 TO 2017

WEATHER ITEM   OBSERVED TIME   RECORD YEAR NORMAL DEPARTURE LAST
                VALUE   (LST)  VALUE       VALUE  FROM      YEAR
                                                  NORMAL
..................................................................
TEMPERATURE (F)
 YESTERDAY
  MAXIMUM         84    221 PM 107    1963  89     -5       88
  MINIMUM         56    507 PM  45    1908  59     -3       61
  AVERAGE         70                        74     -4       75

PRECIPITATION (IN)
  YESTERDAY        0.71          1.78 1982   0.10   0.61     0.01
  MONTH TO DATE    4.39                      3.15   1.24     1.28
  SINCE JUN 1      4.39                      3.15   1.24     1.28
  SINCE JAN 1     16.78                      9.63   7.15     8.64

SNOWFALL (IN)
  YESTERDAY        0.0                       0.0    0.0      0.0
  MONTH TO DATE    T                         0.0    0.0      0.0
  SINCE JUN 1      T                         0.0    0.0      0.0
  SINCE JUL 1     14.2                      35.5  -21.3     30.1
  SNOW DEPTH       0

DEGREE DAYS
 HEATING
  YESTERDAY        0                         0      0        0
  MONTH TO DATE   13                        36    -23        2
  SINCE JUN 1     13                        36    -23        2
  SINCE JUL 1   5131                      5902   -771     5131

 COOLING
  YESTERDAY        5                         9     -4       10
  MONTH TO DATE  215                       170     45      280
  SINCE JUN 1    215                       170     45      280
  SINCE JAN 1    253                       211     42      304
..................................................................

WIND (MPH)
  HIGHEST WIND SPEED    30   HIGHEST WIND DIRECTION    NW (320)
  HIGHEST GUST SPEED    36   HIGHEST GUST DIRECTION    SW (240)
  AVERAGE WIND SPEED     8.7


SKY COVER
  AVERAGE SKY COVER 0.1


WEATHER CONDITIONS
 THE FOLLOWING WEATHER WAS RECORDED YESTERDAY.
  THUNDERSTORM
  HEAVY RAIN
  RAIN
  LIGHT RAIN
  FOG


RELATIVE HUMIDITY (PERCENT)
 HIGHEST    90
 LOWEST     43
 AVERAGE    67

..........................................................


THE GOODLAND KS CLIMATE NORMALS FOR TODAY
                         NORMAL    RECORD    YEAR
 MAXIMUM TEMPERATURE (F)   89       105      1933
 MINIMUM TEMPERATURE (F)   59        42      1918


SUNRISE AND SUNSET
JUNE 30 2017..........SUNRISE   523 AM MDT   SUNSET   818 PM MDT
JULY  1 2017..........SUNRISE   524 AM MDT   SUNSET   817 PM MDT


-  INDICATES NEGATIVE NUMBERS.
R  INDICATES RECORD WAS SET OR TIED.
MM INDICATES DATA IS MISSING.
T  INDICATES TRACE AMOUNT.

&&

THE AVERAGE SOIL TEMPERATURE AT THE FOUR INCH DEPTH... 71

$$
