000
CDUS43 KGLD 010740
CLIGLD

CLIMATE REPORT
NATIONAL WEATHER SERVICE GOODLAND
1240 AM MST WED FEB 1 2017

...................................

...THE GOODLAND KS CLIMATE SUMMARY FOR JANUARY 31 2017...

CLIMATE NORMAL PERIOD 1981 TO 2010
CLIMATE RECORD PERIOD 1895 TO 2017

WEATHER ITEM   OBSERVED TIME   RECORD YEAR NORMAL DEPARTURE LAST
                VALUE   (LST)  VALUE       VALUE  FROM      YEAR
                                                  NORMAL
..................................................................
TEMPERATURE (F)
 YESTERDAY
  MAXIMUM         61    224 PM  75    1989  43     18       46
  MINIMUM         21    601 AM -19    1951  17      4       30
                                      1918
  AVERAGE         41                        30     11       38

PRECIPITATION (IN)
  YESTERDAY        0.00          0.17 2014   0.01  -0.01     0.00
  MONTH TO DATE    0.92                      0.38   0.54     0.04
  SINCE DEC 1      1.52                      0.84   0.68     0.20
  SINCE JAN 1      0.92                      0.38   0.54     0.04

SNOWFALL (IN)
  YESTERDAY        0.0                       0.2   -0.2      0.0
  MONTH TO DATE    3.8                       5.9   -2.1      0.2
  SINCE DEC 1      8.8                      11.4   -2.6      1.9
  SINCE JUL 1      9.4                      18.6   -9.2     10.1
  SNOW DEPTH       0

DEGREE DAYS
 HEATING
  YESTERDAY       24                        35    -11       27
  MONTH TO DATE 1116                      1087     29     1019
  SINCE DEC 1   2318                      2184    134     2001
  SINCE JUL 1   3181                      3503   -322     3061

 COOLING
  YESTERDAY        0                         0      0        0
  MONTH TO DATE    0                         0      0        0
  SINCE DEC 1      0                         0      0        0
  SINCE JAN 1      0                         0      0        0
..................................................................

WIND (MPH)
  HIGHEST WIND SPEED    22   HIGHEST WIND DIRECTION     S (180)
  HIGHEST GUST SPEED    32   HIGHEST GUST DIRECTION     S (180)
  AVERAGE WIND SPEED     8.1


SKY COVER
  AVERAGE SKY COVER 0.0


WEATHER CONDITIONS
 THE FOLLOWING WEATHER WAS RECORDED YESTERDAY.
  HAZE


RELATIVE HUMIDITY (PERCENT)
 HIGHEST    81
 LOWEST     28
 AVERAGE    55

..........................................................


THE GOODLAND KS CLIMATE NORMALS FOR TODAY
                         NORMAL    RECORD    YEAR
 MAXIMUM TEMPERATURE (F)   43        78      2003
 MINIMUM TEMPERATURE (F)   17       -21      1951


SUNRISE AND SUNSET
FEBRUARY  1 2017......SUNRISE   654 AM MST   SUNSET   508 PM MST
FEBRUARY  2 2017......SUNRISE   653 AM MST   SUNSET   509 PM MST


-  INDICATES NEGATIVE NUMBERS.
R  INDICATES RECORD WAS SET OR TIED.
MM INDICATES DATA IS MISSING.
T  INDICATES TRACE AMOUNT.

&&

THE AVERAGE SOIL TEMPERATURE AT THE FOUR INCH DEPTH... 31
THE CURRENT DEPTH OF FROST... 5 INCHES

$$
