000
CDUS43 KGLD 130746
CLIGLD

CLIMATE REPORT
NATIONAL WEATHER SERVICE GOODLAND
143 AM MDT WED APR 13 2016

...................................

...THE GOODLAND KS CLIMATE SUMMARY FOR APRIL 12 2016...

CLIMATE NORMAL PERIOD 1981 TO 2010
CLIMATE RECORD PERIOD 1895 TO 2016

WEATHER ITEM   OBSERVED TIME   RECORD YEAR NORMAL DEPARTURE LAST
                VALUE   (LST)  VALUE       VALUE  FROM      YEAR
                                                  NORMAL
..................................................................
TEMPERATURE (F)
 YESTERDAY
  MAXIMUM         65    406 PM  82    2014  63      2       78
                                      2010
  MINIMUM         37    509 AM   5    1997  33      4       37
  AVERAGE         51                        48      3       58

PRECIPITATION (IN)
  YESTERDAY        0.00          1.10 1896   0.05  -0.05     0.00
  MONTH TO DATE    0.18                      0.54  -0.36     0.62
  SINCE MAR 1      0.73                      1.61  -0.88     0.73
  SINCE JAN 1      1.59                      2.48  -0.89     1.81

SNOWFALL (IN)
  YESTERDAY        0.0                       0.1   -0.1      0.0
  MONTH TO DATE    0.0                       2.3   -2.3      2.0
  SINCE MAR 1      4.4                       9.1   -4.7      2.6
  SINCE JUL 1     27.8                      33.1   -5.3     24.7
  SNOW DEPTH       0

DEGREE DAYS
 HEATING
  YESTERDAY       14                        17     -3        7
  MONTH TO DATE  163                       224    -61      161
  SINCE MAR 1    768                       982   -214      726
  SINCE JUL 1   4614                      5399   -785     4941

 COOLING
  YESTERDAY        0                         0      0        0
  MONTH TO DATE    0                         0      0        0
  SINCE MAR 1      0                         0      0        0
  SINCE JAN 1      0                         0      0        0
..................................................................

WIND (MPH)
  HIGHEST WIND SPEED    29   HIGHEST WIND DIRECTION     S (180)
  HIGHEST GUST SPEED    35   HIGHEST GUST DIRECTION     S (170)
  AVERAGE WIND SPEED    17.0


SKY COVER
  AVERAGE SKY COVER 0.0


WEATHER CONDITIONS
 THE FOLLOWING WEATHER WAS RECORDED YESTERDAY.
  NO SIGNIFICANT WEATHER WAS OBSERVED.


RELATIVE HUMIDITY (PERCENT)
 HIGHEST    92
 LOWEST     43
 AVERAGE    68

..........................................................


THE GOODLAND KS CLIMATE NORMALS FOR TODAY
                         NORMAL    RECORD    YEAR
 MAXIMUM TEMPERATURE (F)   63        90      2006
 MINIMUM TEMPERATURE (F)   34        12      1997


SUNRISE AND SUNSET
APRIL 13 2016.........SUNRISE   612 AM MDT   SUNSET   723 PM MDT
APRIL 14 2016.........SUNRISE   610 AM MDT   SUNSET   724 PM MDT


-  INDICATES NEGATIVE NUMBERS.
R  INDICATES RECORD WAS SET OR TIED.
MM INDICATES DATA IS MISSING.
T  INDICATES TRACE AMOUNT.

&&

THE AVERAGE SOIL TEMPERATURE AT THE FOUR INCH DEPTH... 53

$$
