000
CDUS43 KGLD 130806
CLIGLD

CLIMATE REPORT
NATIONAL WEATHER SERVICE GOODLAND
103 AM MST THU NOV 13 2014

...................................

...THE GOODLAND KS CLIMATE SUMMARY FOR NOVEMBER 12 2014...

CLIMATE NORMAL PERIOD 1981 TO 2010
CLIMATE RECORD PERIOD 1895 TO 2014

WEATHER ITEM   OBSERVED TIME   RECORD YEAR NORMAL DEPARTURE LAST
                VALUE   (LST)  VALUE       VALUE  FROM      YEAR
                                                  NORMAL
..................................................................
TEMPERATURE (F)
 YESTERDAY
  MAXIMUM         14    315 PM  78    1989  54    -40       49
  MINIMUM          0   1153 PM  -2    1911  27    -27       23
  AVERAGE          7                        41    -34       36

PRECIPITATION (IN)
  YESTERDAY        T             0.45 1912   0.02  -0.02      T
  MONTH TO DATE    T                         0.34  -0.34     0.16
  SINCE SEP 1      2.49                      2.93  -0.44     7.89
  SINCE JAN 1     16.39                     18.83  -2.44    16.68

SNOWFALL (IN)
  YESTERDAY        0.1                       0.1    0.0       T
  MONTH TO DATE    0.1                       1.5   -1.4       T
  SINCE SEP 1      0.1                       4.1   -4.0      4.0
  SINCE JUL 1      0.1                       4.1   -4.0      4.0
  SNOW DEPTH       T

DEGREE DAYS
 HEATING
  YESTERDAY       58                        24     34       29
  MONTH TO DATE  265                       260      5      274
  SINCE SEP 1    680                       788   -108      778
  SINCE JUL 1    693                       800   -107      785

 COOLING
  YESTERDAY        0                         0      0        0
  MONTH TO DATE    0                         0      0        0
  SINCE SEP 1    118                       108     10      183
  SINCE JAN 1    920                       941    -21     1181
..................................................................

WIND (MPH)
  HIGHEST WIND SPEED    24   HIGHEST WIND DIRECTION     N (340)
  HIGHEST GUST SPEED    30   HIGHEST GUST DIRECTION     N (350)
  AVERAGE WIND SPEED    15.0


SKY COVER
  AVERAGE SKY COVER 0.8


WEATHER CONDITIONS
 THE FOLLOWING WEATHER WAS RECORDED YESTERDAY.
  LIGHT SNOW
  HAZE


RELATIVE HUMIDITY (PERCENT)
 HIGHEST    80
 LOWEST     53
 AVERAGE    67

..........................................................


THE GOODLAND KS CLIMATE NORMALS FOR TODAY
                         NORMAL    RECORD    YEAR
 MAXIMUM TEMPERATURE (F)   54        80      2007
 MINIMUM TEMPERATURE (F)   27        -4      1916


SUNRISE AND SUNSET
NOVEMBER 13 2014......SUNRISE   628 AM MST   SUNSET   433 PM MST
NOVEMBER 14 2014......SUNRISE   629 AM MST   SUNSET   433 PM MST


-  INDICATES NEGATIVE NUMBERS.
R  INDICATES RECORD WAS SET OR TIED.
MM INDICATES DATA IS MISSING.
T  INDICATES TRACE AMOUNT.

&&

THE AVERAGE SOIL TEMPERATURE AT THE FOUR INCH DEPTH... 37
THE CURRENT DEPTH OF FROST... 0 INCHES

$$
