000
CDUS43 KGLD 080745
CLIGLD

CLIMATE REPORT
NATIONAL WEATHER SERVICE GOODLAND
141 AM MDT MON SEP 8 2014

...................................

...THE GOODLAND KS CLIMATE SUMMARY FOR SEPTEMBER 7 2014...

CLIMATE NORMAL PERIOD 1981 TO 2010
CLIMATE RECORD PERIOD 1895 TO 2014

WEATHER ITEM   OBSERVED TIME   RECORD YEAR NORMAL DEPARTURE LAST
                VALUE   (LST)  VALUE       VALUE  FROM      YEAR
                                                  NORMAL
..................................................................
TEMPERATURE (F)
 YESTERDAY
  MAXIMUM         83    348 PM 102    1971  83      0      100
                                      1908
  MINIMUM         51    601 AM  39    1956  54     -3       62
  AVERAGE         67                        68     -1       81

PRECIPITATION (IN)
  YESTERDAY        0.00          2.33 1963   0.04  -0.04     0.00
  MONTH TO DATE    0.24                      0.33  -0.09     0.00
  SINCE SEP 1      0.24                      0.33  -0.09     0.00
  SINCE JAN 1     14.14                     16.23  -2.09     8.79

SNOWFALL (IN)
  YESTERDAY        0.0                       0.0    0.0      0.0
  MONTH TO DATE    0.0                       0.0    0.0      0.0
  SINCE SEP 1      0.0                       0.0    0.0      0.0
  SINCE JUL 1      0.0                       0.0    0.0      0.0
  SNOW DEPTH       0

DEGREE DAYS
 HEATING
  YESTERDAY        0                         2     -2        0
  MONTH TO DATE   12                         8      4        0
  SINCE SEP 1     12                         8      4        0
  SINCE JUL 1     25                        20      5        7

 COOLING
  YESTERDAY        2                         5     -3       16
  MONTH TO DATE   29                        40    -11       97
  SINCE SEP 1     29                        40    -11       97
  SINCE JAN 1    831                       873    -42     1095
..................................................................

WIND (MPH)
  HIGHEST WIND SPEED    23   HIGHEST WIND DIRECTION     S (190)
  HIGHEST GUST SPEED    30   HIGHEST GUST DIRECTION     S (170)
  AVERAGE WIND SPEED    14.7


SKY COVER
  AVERAGE SKY COVER 0.0


WEATHER CONDITIONS
 THE FOLLOWING WEATHER WAS RECORDED YESTERDAY.
  NO SIGNIFICANT WEATHER WAS OBSERVED.


RELATIVE HUMIDITY (PERCENT)
 HIGHEST    96
 LOWEST     40
 AVERAGE    68

..........................................................


THE GOODLAND KS CLIMATE NORMALS FOR TODAY
                         NORMAL    RECORD    YEAR
 MAXIMUM TEMPERATURE (F)   83       100      1931
                                             1908
 MINIMUM TEMPERATURE (F)   54        38      1962


SUNRISE AND SUNSET
SEPTEMBER  8 2014.....SUNRISE   622 AM MDT   SUNSET   706 PM MDT
SEPTEMBER  9 2014.....SUNRISE   623 AM MDT   SUNSET   705 PM MDT


-  INDICATES NEGATIVE NUMBERS.
R  INDICATES RECORD WAS SET OR TIED.
MM INDICATES DATA IS MISSING.
T  INDICATES TRACE AMOUNT.

&&

THE AVERAGE SOIL TEMPERATURE AT THE FOUR INCH DEPTH... 67

$$
