000
CDUS43 KGLD 200747
CLIGLD

CLIMATE REPORT
NATIONAL WEATHER SERVICE GOODLAND
1245 AM MST FRI FEB 20 2015

...................................

...THE GOODLAND KS CLIMATE SUMMARY FOR FEBRUARY 19 2015...

CLIMATE NORMAL PERIOD 1981 TO 2010
CLIMATE RECORD PERIOD 1895 TO 2015

WEATHER ITEM   OBSERVED TIME   RECORD YEAR NORMAL DEPARTURE LAST
                VALUE   (LST)  VALUE       VALUE  FROM      YEAR
                                                  NORMAL
..................................................................
TEMPERATURE (F)
 YESTERDAY
  MAXIMUM         63    144 PM  75    1986  46     17       58
  MINIMUM         14    703 AM  -4    1908  20     -6       34
  AVERAGE         39                        33      6       46

PRECIPITATION (IN)
  YESTERDAY        0.00          0.31 1919   0.02  -0.02     0.00
  MONTH TO DATE    0.13                      0.30  -0.17     0.22
  SINCE DEC 1      1.87                      1.14   0.73     0.84
  SINCE JAN 1      0.41                      0.68  -0.27     0.79

SNOWFALL (IN)
  YESTERDAY        0.0                       0.2   -0.2      0.0
  MONTH TO DATE    0.9                       3.9   -3.0      5.8
  SINCE DEC 1     13.0                      15.3   -2.3     17.9
  SINCE JUL 1     13.2                      22.5   -9.3     22.2
  SNOW DEPTH       0

DEGREE DAYS
 HEATING
  YESTERDAY       26                        32     -6       19
  MONTH TO DATE  495                       642   -147      781
  SINCE DEC 1   2570                      2826   -256     2951
  SINCE JUL 1   3825                      4145   -320     4224

 COOLING
  YESTERDAY        0                         0      0        0
  MONTH TO DATE    0                         0      0        0
  SINCE DEC 1      0                         0      0        0
  SINCE JAN 1      0                         0      0        0
..................................................................

WIND (MPH)
  HIGHEST WIND SPEED    18   HIGHEST WIND DIRECTION     S (190)
  HIGHEST GUST SPEED    22   HIGHEST GUST DIRECTION     S (200)
  AVERAGE WIND SPEED     9.6


SKY COVER
  AVERAGE SKY COVER 0.0


WEATHER CONDITIONS
 THE FOLLOWING WEATHER WAS RECORDED YESTERDAY.
  NO SIGNIFICANT WEATHER WAS OBSERVED.


RELATIVE HUMIDITY (PERCENT)
 HIGHEST    88
 LOWEST     19
 AVERAGE    54

..........................................................


THE GOODLAND KS CLIMATE NORMALS FOR TODAY
                         NORMAL    RECORD    YEAR
 MAXIMUM TEMPERATURE (F)   47        73      1972
                                             1930
 MINIMUM TEMPERATURE (F)   20        -1      1953


SUNRISE AND SUNSET
FEBRUARY 20 2015......SUNRISE   633 AM MST   SUNSET   529 PM MST
FEBRUARY 21 2015......SUNRISE   631 AM MST   SUNSET   530 PM MST


-  INDICATES NEGATIVE NUMBERS.
R  INDICATES RECORD WAS SET OR TIED.
MM INDICATES DATA IS MISSING.
T  INDICATES TRACE AMOUNT.

&&

THE AVERAGE SOIL TEMPERATURE AT THE FOUR INCH DEPTH... 34
THE CURRENT DEPTH OF FROST... 2 INCHES

$$
