000
CDUS43 KGLD 100751
CLIGLD

CLIMATE REPORT
NATIONAL WEATHER SERVICE GOODLAND
1249 AM MST SAT FEB 10 2018

...................................

...THE GOODLAND KS CLIMATE SUMMARY FOR FEBRUARY 9 2018...

CLIMATE NORMAL PERIOD 1981 TO 2010
CLIMATE RECORD PERIOD 1895 TO 2018

WEATHER ITEM   OBSERVED TIME   RECORD YEAR NORMAL DEPARTURE LAST
                VALUE   (LST)  VALUE       VALUE  FROM      YEAR
                                                  NORMAL
..................................................................
TEMPERATURE (F)
 YESTERDAY
  MAXIMUM         43    218 AM  78    1976  44     -1       65
  MINIMUM          8   1159 PM -22    1933  18    -10       18
  AVERAGE         26                        31     -5       42

PRECIPITATION (IN)
  YESTERDAY        T             0.53 1998   0.02  -0.02     0.00
  MONTH TO DATE    0.33                      0.14   0.19      T
  SINCE DEC 1      1.10                      0.98   0.12     1.52
  SINCE JAN 1      1.01                      0.52   0.49     0.92

SNOWFALL (IN)
  YESTERDAY        T                         0.2   -0.2      0.0
  MONTH TO DATE    5.3                       1.9    3.4       T
  SINCE DEC 1     15.8                      13.3    2.5      8.8
  SINCE JUL 1     15.9                      20.5   -4.6      9.4
  SNOW DEPTH       T

DEGREE DAYS
 HEATING
  YESTERDAY       39                        34      5       23
  MONTH TO DATE  319                       312      7      275
  SINCE DEC 1   2421                      2496    -75     2593
  SINCE JUL 1   3572                      3815   -243     3456

 COOLING
  YESTERDAY        0                         0      0        0
  MONTH TO DATE    0                         0      0        0
  SINCE DEC 1      0                         0      0        0
  SINCE JAN 1      0                         0      0        0
..................................................................

WIND (MPH)
  HIGHEST WIND SPEED    24   HIGHEST WIND DIRECTION     N (20)
  HIGHEST GUST SPEED    34   HIGHEST GUST DIRECTION    NE (50)
  AVERAGE WIND SPEED    13.8


SKY COVER
  AVERAGE SKY COVER 0.9


WEATHER CONDITIONS
 THE FOLLOWING WEATHER WAS RECORDED YESTERDAY.
  LIGHT SNOW
  FOG
  HAZE


RELATIVE HUMIDITY (PERCENT)
 HIGHEST   100
 LOWEST     64
 AVERAGE    82

..........................................................


THE GOODLAND KS CLIMATE NORMALS FOR TODAY
                         NORMAL    RECORD    YEAR
 MAXIMUM TEMPERATURE (F)   44        87      2017
 MINIMUM TEMPERATURE (F)   18       -17      1981


SUNRISE AND SUNSET
FEBRUARY 10 2018......SUNRISE   645 AM MST   SUNSET   518 PM MST
FEBRUARY 11 2018......SUNRISE   643 AM MST   SUNSET   519 PM MST


-  INDICATES NEGATIVE NUMBERS.
R  INDICATES RECORD WAS SET OR TIED.
MM INDICATES DATA IS MISSING.
T  INDICATES TRACE AMOUNT.

&&

THE AVERAGE SOIL TEMPERATURE AT THE FOUR INCH DEPTH... 32
THE CURRENT DEPTH OF FROST... 3 INCHES

$$
