000
CDUS43 KGLD 090754
CLIGLD

CLIMATE REPORT
NATIONAL WEATHER SERVICE GOODLAND
1251 AM MST THU FEB 9 2017

...................................

...THE GOODLAND KS CLIMATE SUMMARY FOR FEBRUARY 8 2017...

CLIMATE NORMAL PERIOD 1981 TO 2010
CLIMATE RECORD PERIOD 1895 TO 2017

WEATHER ITEM   OBSERVED TIME   RECORD YEAR NORMAL DEPARTURE LAST
                VALUE   (LST)  VALUE       VALUE  FROM      YEAR
                                                  NORMAL
..................................................................
TEMPERATURE (F)
 YESTERDAY
  MAXIMUM         35    309 PM  76    1943  44     -9       38
  MINIMUM         15    153 AM -22    1936  18     -3       20
  AVERAGE         25                        31     -6       29

PRECIPITATION (IN)
  YESTERDAY        T             0.34 2011   0.01  -0.01     0.00
  MONTH TO DATE    T                         0.12  -0.12     0.81
  SINCE DEC 1      1.52                      0.96   0.56     1.01
  SINCE JAN 1      0.92                      0.50   0.42     0.85

SNOWFALL (IN)
  YESTERDAY        T                         0.2   -0.2      0.0
  MONTH TO DATE    T                         1.7   -1.7     13.3
  SINCE DEC 1      8.8                      13.1   -4.3     15.2
  SINCE JUL 1      9.4                      20.3  -10.9     23.4
  SNOW DEPTH       0

DEGREE DAYS
 HEATING
  YESTERDAY       40                        34      6       36
  MONTH TO DATE  252                       278    -26      317
  SINCE DEC 1   2570                      2462    108     2318
  SINCE JUL 1   3433                      3781   -348     3378

 COOLING
  YESTERDAY        0                         0      0        0
  MONTH TO DATE    0                         0      0        0
  SINCE DEC 1      0                         0      0        0
  SINCE JAN 1      0                         0      0        0
..................................................................

WIND (MPH)
  HIGHEST WIND SPEED    17   HIGHEST WIND DIRECTION     S (190)
  HIGHEST GUST SPEED    21   HIGHEST GUST DIRECTION     N (10)
  AVERAGE WIND SPEED     8.6


SKY COVER
  AVERAGE SKY COVER 0.2


WEATHER CONDITIONS
 THE FOLLOWING WEATHER WAS RECORDED YESTERDAY.
  FOG


RELATIVE HUMIDITY (PERCENT)
 HIGHEST    92
 LOWEST     47
 AVERAGE    70

..........................................................


THE GOODLAND KS CLIMATE NORMALS FOR TODAY
                         NORMAL    RECORD    YEAR
 MAXIMUM TEMPERATURE (F)   44        78      1976
 MINIMUM TEMPERATURE (F)   18       -22      1933


SUNRISE AND SUNSET
FEBRUARY  9 2017......SUNRISE   645 AM MST   SUNSET   517 PM MST
FEBRUARY 10 2017......SUNRISE   644 AM MST   SUNSET   518 PM MST


-  INDICATES NEGATIVE NUMBERS.
R  INDICATES RECORD WAS SET OR TIED.
MM INDICATES DATA IS MISSING.
T  INDICATES TRACE AMOUNT.

&&

THE AVERAGE SOIL TEMPERATURE AT THE FOUR INCH DEPTH... 34
THE CURRENT DEPTH OF FROST... 7 INCHES

$$
