000
CDUS43 KGLD 130059
CLIGLD

CLIMATE REPORT
NATIONAL WEATHER SERVICE GOODLAND
548 PM MST MON FEB 12 2018

...................................

...THE GOODLAND KS CLIMATE SUMMARY FOR FEBRUARY 12 2018...
VALID TODAY AS OF 0500 PM LOCAL TIME.

CLIMATE NORMAL PERIOD 1981 TO 2010
CLIMATE RECORD PERIOD 1895 TO 2018

WEATHER ITEM   OBSERVED TIME   RECORD YEAR NORMAL DEPARTURE LAST
                VALUE   (LST)  VALUE       VALUE  FROM      YEAR
                                                  NORMAL
..................................................................
TEMPERATURE (F)
 TODAY
  MAXIMUM         34    403 PM  78    1962  44    -10       46
  MINIMUM         16   1227 AM -11    1948  19     -3       26
  AVERAGE         25                        32     -7       36

PRECIPITATION (IN)
  TODAY            0.00          0.48 1978   0.02  -0.02     0.00
  MONTH TO DATE    0.56                      0.19   0.37      T
  SINCE DEC 1      1.33                      1.03   0.30     1.52
  SINCE JAN 1      1.24                      0.57   0.67     0.92

SNOWFALL (IN)
  TODAY            0.0                       0.2   -0.2      0.0
  MONTH TO DATE    8.7                       2.6    6.1       T
  SINCE DEC 1     19.2                      14.0    5.2      8.8
  SINCE JUL 1     19.3                      21.2   -1.9      9.4
  SNOW DEPTH       2

DEGREE DAYS
 HEATING
  TODAY           40                        34      6       29
  MONTH TO DATE  459                       414     45      322
  SINCE DEC 1   2561                      2598    -37     2640
  SINCE JUL 1   3712                      3917   -205     3503

 COOLING
  TODAY            0                         0      0        0
  MONTH TO DATE    0                         0      0        0
  SINCE DEC 1      0                         0      0        0
  SINCE JAN 1      0                         0      0        0
..................................................................

WIND (MPH)
  HIGHEST WIND SPEED    37   HIGHEST WIND DIRECTION     S (160)
  HIGHEST GUST SPEED    46   HIGHEST GUST DIRECTION    SE (150)
  AVERAGE WIND SPEED    19.1


SKY COVER
  AVERAGE SKY COVER 0.1


WEATHER CONDITIONS
 THE FOLLOWING WEATHER WAS RECORDED TODAY.
  NO SIGNIFICANT WEATHER WAS OBSERVED.


RELATIVE HUMIDITY (PERCENT)
 HIGHEST    80          1200 AM
 LOWEST     47           300 PM
 AVERAGE    64

..........................................................


THE GOODLAND KS CLIMATE NORMALS FOR TOMORROW
                         NORMAL    RECORD    YEAR
 MAXIMUM TEMPERATURE (F)   45        77      1954
 MINIMUM TEMPERATURE (F)   19       -11      1948


SUNRISE AND SUNSET
FEBRUARY 12 2018......SUNRISE   642 AM MST   SUNSET   520 PM MST
FEBRUARY 13 2018......SUNRISE   641 AM MST   SUNSET   521 PM MST


-  INDICATES NEGATIVE NUMBERS.
R  INDICATES RECORD WAS SET OR TIED.
MM INDICATES DATA IS MISSING.
T  INDICATES TRACE AMOUNT.

&&

THE AVERAGE SOIL TEMPERATURE AT THE FOUR INCH DEPTH... 31
THE CURRENT DEPTH OF FROST... 5 INCHES

$$
