000
CDUS43 KGLD 100742
CLIGLD

CLIMATE REPORT
NATIONAL WEATHER SERVICE GOODLAND
138 AM MDT WED SEP 10 2014

...................................

...THE GOODLAND KS CLIMATE SUMMARY FOR SEPTEMBER 9 2014...

CLIMATE NORMAL PERIOD 1981 TO 2010
CLIMATE RECORD PERIOD 1895 TO 2014

WEATHER ITEM   OBSERVED TIME   RECORD YEAR NORMAL DEPARTURE LAST
                VALUE   (LST)  VALUE       VALUE  FROM      YEAR
                                                  NORMAL
..................................................................
TEMPERATURE (F)
 YESTERDAY
  MAXIMUM         89    220 PM 102    1931  82      7       97
  MINIMUM         62   1159 PM  34    1941  53      9       67
  AVERAGE         76                        68      8       82

PRECIPITATION (IN)
  YESTERDAY        0.06          1.13 2002   0.04   0.02     0.00
  MONTH TO DATE    0.30                      0.41  -0.11     0.00
  SINCE SEP 1      0.30                      0.41  -0.11     0.00
  SINCE JAN 1     14.20                     16.31  -2.11     8.79

SNOWFALL (IN)
  YESTERDAY        0.0                       0.0    0.0      0.0
  MONTH TO DATE    0.0                       0.0    0.0      0.0
  SINCE SEP 1      0.0                       0.0    0.0      0.0
  SINCE JUL 1      0.0                       0.0    0.0      0.0
  SNOW DEPTH       0

DEGREE DAYS
 HEATING
  YESTERDAY        0                         2     -2        0
  MONTH TO DATE   12                        12      0        0
  SINCE SEP 1     12                        12      0        0
  SINCE JUL 1     25                        24      1        7

 COOLING
  YESTERDAY       11                         5      6       17
  MONTH TO DATE   50                        50      0      135
  SINCE SEP 1     50                        50      0      135
  SINCE JAN 1    852                       883    -31     1133
..................................................................

WIND (MPH)
  HIGHEST WIND SPEED    29   HIGHEST WIND DIRECTION     N (360)
  HIGHEST GUST SPEED    37   HIGHEST GUST DIRECTION     N (360)
  AVERAGE WIND SPEED     9.8


SKY COVER
  AVERAGE SKY COVER 0.5


WEATHER CONDITIONS
 THE FOLLOWING WEATHER WAS RECORDED YESTERDAY.
  THUNDERSTORM
  LIGHT RAIN


RELATIVE HUMIDITY (PERCENT)
 HIGHEST    90
 LOWEST     40
 AVERAGE    65

..........................................................


THE GOODLAND KS CLIMATE NORMALS FOR TODAY
                         NORMAL    RECORD    YEAR
 MAXIMUM TEMPERATURE (F)   82       100      1936
                                             1895
 MINIMUM TEMPERATURE (F)   53        34      1907


SUNRISE AND SUNSET
SEPTEMBER 10 2014.....SUNRISE   623 AM MDT   SUNSET   703 PM MDT
SEPTEMBER 11 2014.....SUNRISE   624 AM MDT   SUNSET   702 PM MDT


-  INDICATES NEGATIVE NUMBERS.
R  INDICATES RECORD WAS SET OR TIED.
MM INDICATES DATA IS MISSING.
T  INDICATES TRACE AMOUNT.

&&

THE AVERAGE SOIL TEMPERATURE AT THE FOUR INCH DEPTH... 70

$$
