000
CDUS43 KGLD 070055
CLIGLD

WRKCLIGLD 000
TTAA00 KGLD 070055

CLIMATE REPORT
NATIONAL WEATHER SERVICE GOODLAND
553 PM MST SAT DEC 6 2014

...................................

...THE GOODLAND KS CLIMATE SUMMARY FOR DECEMBER 6 2014...
VALID TODAY AS OF 0500 PM LOCAL TIME.

CLIMATE NORMAL PERIOD 1981 TO 2010
CLIMATE RECORD PERIOD 1895 TO 2014

WEATHER ITEM   OBSERVED TIME   RECORD YEAR NORMAL DEPARTURE LAST
                VALUE   (LST)  VALUE       VALUE  FROM      YEAR
                                                  NORMAL
..................................................................
TEMPERATURE (F)
 TODAY
  MAXIMUM         47    239 PM  78    1939  43      4       14
  MINIMUM         17    445 AM -14    1950  18     -1       -2
  AVERAGE         32                        31      1        6

PRECIPITATION (IN)
  TODAY            0.00          0.24 1994   0.02  -0.02     0.00
  MONTH TO DATE    0.00                      0.10  -0.10     0.01
  SINCE DEC 1      0.00                      0.10  -0.10     0.01
  SINCE JAN 1     16.41                     19.30  -2.89    16.70

SNOWFALL (IN)
  TODAY            0.0                       0.1   -0.1      0.0
  MONTH TO DATE    0.0                       1.0   -1.0      0.2
  SINCE DEC 1      0.0                       1.0   -1.0      0.2
  SINCE JUL 1      0.2                       8.2   -8.0      4.5
  SNOW DEPTH       0

DEGREE DAYS
 HEATING
  TODAY           33                        34     -1       59
  MONTH TO DATE  185                       201    -16      236
  SINCE DEC 1    185                       201    -16      236
  SINCE JUL 1   1440                      1520    -80     1509

 COOLING
  TODAY            0                         0      0        0
  MONTH TO DATE    0                         0      0        0
  SINCE DEC 1      0                         0      0        0
  SINCE JAN 1    920                       941    -21     1181
..................................................................

WIND (MPH)
  HIGHEST WIND SPEED    22   HIGHEST WIND DIRECTION     S (160)
  HIGHEST GUST SPEED    26   HIGHEST GUST DIRECTION     S (170)
  AVERAGE WIND SPEED    10.4


SKY COVER
  AVERAGE SKY COVER 0.1


WEATHER CONDITIONS
 THE FOLLOWING WEATHER WAS RECORDED TODAY.
  NO SIGNIFICANT WEATHER WAS OBSERVED.


RELATIVE HUMIDITY (PERCENT)
 HIGHEST    91           300 AM
 LOWEST     42          1200 PM
 AVERAGE    67

..........................................................


THE GOODLAND KS CLIMATE NORMALS FOR TOMORROW
                         NORMAL    RECORD    YEAR
 MAXIMUM TEMPERATURE (F)   43        74      1923
 MINIMUM TEMPERATURE (F)   18       -10      2005


SUNRISE AND SUNSET
DECEMBER  6 2014......SUNRISE   652 AM MST   SUNSET   423 PM MST
DECEMBER  7 2014......SUNRISE   653 AM MST   SUNSET   423 PM MST


-  INDICATES NEGATIVE NUMBERS.
R  INDICATES RECORD WAS SET OR TIED.
MM INDICATES DATA IS MISSING.
T  INDICATES TRACE AMOUNT.

&&

THE AVERAGE SOIL TEMPERATURE AT THE FOUR INCH DEPTH... 39
THE CURRENT DEPTH OF FROST... 0 INCHES

$$
