000
CDUS43 KGLD 290746
CLIGLD

CLIMATE REPORT
NATIONAL WEATHER SERVICE GOODLAND
142 AM MDT SAT MAR 29 2014

...................................

...THE GOODLAND KS CLIMATE SUMMARY FOR MARCH 28 2014...

CLIMATE NORMAL PERIOD 1981 TO 2010
CLIMATE RECORD PERIOD 1895 TO 2014

WEATHER ITEM   OBSERVED TIME   RECORD YEAR NORMAL DEPARTURE LAST
                VALUE   (LST)  VALUE       VALUE  FROM      YEAR
                                                  NORMAL
..................................................................
TEMPERATURE (F)
 YESTERDAY
  MAXIMUM         59    153 PM  89    1963  58      1       61
  MINIMUM         24    304 AM   3    1931  29     -5       27
  AVERAGE         42                        44     -2       44

PRECIPITATION (IN)
  YESTERDAY        0.07          1.69 2007   0.04   0.03     0.00
  MONTH TO DATE    0.42                      0.93  -0.51     1.34
  SINCE MAR 1      0.42                      0.93  -0.51     1.34
  SINCE JAN 1      1.36                      1.80  -0.44     2.19

SNOWFALL (IN)
  YESTERDAY        T                         0.2   -0.2      0.0
  MONTH TO DATE    3.5                       6.0   -2.5     19.8
  SINCE MAR 1      3.5                       6.0   -2.5     19.8
  SINCE JUL 1     28.7                      30.0   -1.3     43.0
  SNOW DEPTH       T

DEGREE DAYS
 HEATING
  YESTERDAY       23                        21      2       21
  MONTH TO DATE  717                       696     21      806
  SINCE MAR 1    717                       696     21      806
  SINCE JUL 1   5261                      5113    148     5093

 COOLING
  YESTERDAY        0                         0      0        0
  MONTH TO DATE    0                         0      0        0
  SINCE MAR 1      0                         0      0        0
  SINCE JAN 1      0                         0      0        0
..................................................................

WIND (MPH)
  HIGHEST WIND SPEED    30   HIGHEST WIND DIRECTION     N (340)
  HIGHEST GUST SPEED    35   HIGHEST GUST DIRECTION    NW (330)
  AVERAGE WIND SPEED    10.6


SKY COVER
  AVERAGE SKY COVER 0.4


WEATHER CONDITIONS
 THE FOLLOWING WEATHER WAS RECORDED YESTERDAY.
  LIGHT RAIN
  LIGHT SNOW
  FOG


RELATIVE HUMIDITY (PERCENT)
 HIGHEST   100
 LOWEST     19
 AVERAGE    60

..........................................................


THE GOODLAND KS CLIMATE NORMALS FOR TODAY
                         NORMAL    RECORD    YEAR
 MAXIMUM TEMPERATURE (F)   59        88      1943
 MINIMUM TEMPERATURE (F)   30         2      1987


SUNRISE AND SUNSET
MARCH 29 2014.........SUNRISE   636 AM MDT   SUNSET   708 PM MDT
MARCH 30 2014.........SUNRISE   634 AM MDT   SUNSET   709 PM MDT


-  INDICATES NEGATIVE NUMBERS.
R  INDICATES RECORD WAS SET OR TIED.
MM INDICATES DATA IS MISSING.
T  INDICATES TRACE AMOUNT.

&&

THE AVERAGE SOIL TEMPERATURE AT THE FOUR INCH DEPTH... 43
THE CURRENT DEPTH OF FROST... 0 INCHES

$$
