000
CDUS43 KGLD 220040
CLIGLD

CLIMATE REPORT
NATIONAL WEATHER SERVICE GOODLAND
638 PM MDT TUE JUL 21 2015

...................................

...THE GOODLAND KS CLIMATE SUMMARY FOR JULY 21 2015...
VALID TODAY AS OF 0600 PM LOCAL TIME.

CLIMATE NORMAL PERIOD 1981 TO 2010
CLIMATE RECORD PERIOD 1895 TO 2015

WEATHER ITEM   OBSERVED TIME   RECORD YEAR NORMAL DEPARTURE LAST
                VALUE   (LST)  VALUE       VALUE  FROM      YEAR
                                                  NORMAL
..................................................................
TEMPERATURE (F)
 TODAY
  MAXIMUM         84    258 PM 105    2012  90     -6       98
                                      2005
                                      1934
  MINIMUM         61    442 AM  50    1958  62     -1       71
  AVERAGE         73                        76     -3       85

PRECIPITATION (IN)
  TODAY            0.00          1.46 1930   0.12  -0.12     0.00
  MONTH TO DATE    1.12                      2.35  -1.23     1.73
  SINCE JUN 1      3.43                      5.60  -2.17     7.26
  SINCE JAN 1     15.22                     12.08   3.14    10.80

SNOWFALL (IN)
  TODAY            0.0                       0.0    0.0      0.0
  MONTH TO DATE    0.0                       0.0    0.0      0.0
  SINCE JUN 1      0.0                       0.0    0.0      0.0
  SINCE JUL 1      0.0                       0.0    0.0      0.0
  SNOW DEPTH       0

DEGREE DAYS
 HEATING
  TODAY            0                         0      0        0
  MONTH TO DATE    1                         0      1       13
  SINCE JUN 1      6                        37    -31       51
  SINCE JUL 1      1                         0      1       13

 COOLING
  TODAY            8                        11     -3       20
  MONTH TO DATE  226                       224      2      192
  SINCE JUN 1    468                       403     65      341
  SINCE JAN 1    474                       444     30      387
..................................................................

WIND (MPH)
  HIGHEST WIND SPEED    21   HIGHEST WIND DIRECTION     S (160)
  HIGHEST GUST SPEED    26   HIGHEST GUST DIRECTION    SE (150)
  AVERAGE WIND SPEED    12.7


SKY COVER
  AVERAGE SKY COVER 0.1


WEATHER CONDITIONS
 THE FOLLOWING WEATHER WAS RECORDED TODAY.
  NO SIGNIFICANT WEATHER WAS OBSERVED.


RELATIVE HUMIDITY (PERCENT)
 HIGHEST   100           400 AM
 LOWEST     34           200 PM
 AVERAGE    67

..........................................................


THE GOODLAND KS CLIMATE NORMALS FOR TOMORROW
                         NORMAL    RECORD    YEAR
 MAXIMUM TEMPERATURE (F)   90       105      1934
 MINIMUM TEMPERATURE (F)   62        52      1994
                                             1958
                                             1897


SUNRISE AND SUNSET
JULY 21 2015..........SUNRISE   537 AM MDT   SUNSET   809 PM MDT
JULY 22 2015..........SUNRISE   538 AM MDT   SUNSET   808 PM MDT


-  INDICATES NEGATIVE NUMBERS.
R  INDICATES RECORD WAS SET OR TIED.
MM INDICATES DATA IS MISSING.
T  INDICATES TRACE AMOUNT.

&&

THE AVERAGE SOIL TEMPERATURE AT THE FOUR INCH DEPTH... 78

$$
