000
CDUS43 KGLD 180744
CLIGLD

CLIMATE REPORT
NATIONAL WEATHER SERVICE GOODLAND
138 AM MDT THU JUN 18 2015

...................................

...THE GOODLAND KS CLIMATE SUMMARY FOR JUNE 17 2015...

CLIMATE NORMAL PERIOD 1981 TO 2010
CLIMATE RECORD PERIOD 1895 TO 2015

WEATHER ITEM   OBSERVED TIME   RECORD YEAR NORMAL DEPARTURE LAST
                VALUE   (LST)  VALUE       VALUE  FROM      YEAR
                                                  NORMAL
..................................................................
TEMPERATURE (F)
 YESTERDAY
  MAXIMUM         85    355 PM 102    2002  85      0       93
                                      1939
  MINIMUM         57    330 AM  34    1895  56      1       54
  AVERAGE         71                        70      1       74

PRECIPITATION (IN)
  YESTERDAY        0.00          2.60 1975   0.11  -0.11     0.00
  MONTH TO DATE    2.09                      1.87   0.22     3.19
  SINCE JUN 1      2.09                      1.87   0.22     3.19
  SINCE JAN 1     13.88                      8.35   5.53     6.73

SNOWFALL (IN)
  YESTERDAY        0.0                       0.0    0.0      0.0
  MONTH TO DATE    0.0                       0.0    0.0      0.0
  SINCE JUN 1      0.0                       0.0    0.0      0.0
  SINCE JUL 1     24.7                      35.5  -10.8     29.1
  SNOW DEPTH       0

DEGREE DAYS
 HEATING
  YESTERDAY        0                         1     -1        0
  MONTH TO DATE    5                        32    -27       38
  SINCE JUN 1      5                        32    -27       38
  SINCE JUL 1   5432                      5898   -466     5996

 COOLING
  YESTERDAY        6                         6      0        9
  MONTH TO DATE  101                        76     25       63
  SINCE JUN 1    101                        76     25       63
  SINCE JAN 1    107                       117    -10      109
..................................................................

WIND (MPH)
  HIGHEST WIND SPEED    16   HIGHEST WIND DIRECTION     N (340)
  HIGHEST GUST SPEED    21   HIGHEST GUST DIRECTION     N (360)
  AVERAGE WIND SPEED     8.8


SKY COVER
  AVERAGE SKY COVER 0.0


WEATHER CONDITIONS
 THE FOLLOWING WEATHER WAS RECORDED YESTERDAY.
  NO SIGNIFICANT WEATHER WAS OBSERVED.


RELATIVE HUMIDITY (PERCENT)
 HIGHEST   100
 LOWEST     40
 AVERAGE    70

..........................................................


THE GOODLAND KS CLIMATE NORMALS FOR TODAY
                         NORMAL    RECORD    YEAR
 MAXIMUM TEMPERATURE (F)   85       109      1936
 MINIMUM TEMPERATURE (F)   57        40      1912


SUNRISE AND SUNSET
JUNE 18 2015..........SUNRISE   520 AM MDT   SUNSET   816 PM MDT
JUNE 19 2015..........SUNRISE   520 AM MDT   SUNSET   817 PM MDT


-  INDICATES NEGATIVE NUMBERS.
R  INDICATES RECORD WAS SET OR TIED.
MM INDICATES DATA IS MISSING.
T  INDICATES TRACE AMOUNT.

&&

THE AVERAGE SOIL TEMPERATURE AT THE FOUR INCH DEPTH... 71

$$
