000
CDUS43 KGLD 010744
CLIGLD

CLIMATE REPORT
NATIONAL WEATHER SERVICE GOODLAND
141 AM MDT FRI JUL 1 2016
...................................

...THE GOODLAND KS CLIMATE SUMMARY FOR JUNE 30 2016...

CLIMATE NORMAL PERIOD 1981 TO 2010
CLIMATE RECORD PERIOD 1895 TO 2016

WEATHER ITEM   OBSERVED TIME   RECORD YEAR NORMAL DEPARTURE LAST
                VALUE   (LST)  VALUE       VALUE  FROM      YEAR
                                                  NORMAL
..................................................................
TEMPERATURE (F)
 YESTERDAY
  MAXIMUM         90    135 PM 105    1933  89      1       95
  MINIMUM         57    415 AM  42    1918  59     -2       62
  AVERAGE         74                        74      0       79

PRECIPITATION (IN)
  YESTERDAY        0.34          1.22 1957   0.10   0.24     0.00
  MONTH TO DATE    1.62                      3.25  -1.63     2.31
  SINCE JUN 1      1.62                      3.25  -1.63     2.31
  SINCE JAN 1      8.98                      9.73  -0.75    14.10

SNOWFALL (IN)
  YESTERDAY        0.0                       0.0    0.0      0.0
  MONTH TO DATE    0.0                       0.0    0.0      0.0
  SINCE JUN 1      0.0                       0.0    0.0      0.0
  SINCE JUL 1     30.1                      35.5   -5.4     24.7
  SNOW DEPTH       0

DEGREE DAYS
 HEATING
  YESTERDAY        0                         0      0        0
  MONTH TO DATE    2                        36    -34        5
  SINCE JUN 1      2                        37    -35        5
  SINCE JUL 1   5131                      5903   -772     5432

 COOLING
  YESTERDAY        9                         9      0       14
  MONTH TO DATE  289                       179    110      242
  SINCE JUN 1    289                       179    110      242
  SINCE JAN 1    313                       220     93      248
..................................................................

WIND (MPH)
  HIGHEST WIND SPEED    23   HIGHEST WIND DIRECTION     E (80)
  HIGHEST GUST SPEED    27   HIGHEST GUST DIRECTION     E (80)
  AVERAGE WIND SPEED     9.3


SKY COVER
  AVERAGE SKY COVER 0.4


WEATHER CONDITIONS
 THE FOLLOWING WEATHER WAS RECORDED YESTERDAY.
  THUNDERSTORM
  RAIN
  LIGHT RAIN
  FOG


RELATIVE HUMIDITY (PERCENT)
 HIGHEST    93
 LOWEST     31
 AVERAGE    62

..........................................................


THE GOODLAND KS CLIMATE NORMALS FOR TODAY
                         NORMAL    RECORD    YEAR
 MAXIMUM TEMPERATURE (F)   89       106      1990
                                             1953
 MINIMUM TEMPERATURE (F)   60        44      1959


SUNRISE AND SUNSET
JULY  1 2016..........SUNRISE   524 AM MDT   SUNSET   817 PM MDT
JULY  2 2016..........SUNRISE   524 AM MDT   SUNSET   817 PM MDT


-  INDICATES NEGATIVE NUMBERS.
R  INDICATES RECORD WAS SET OR TIED.
MM INDICATES DATA IS MISSING.
T  INDICATES TRACE AMOUNT.

&&

THE AVERAGE SOIL TEMPERATURE AT THE FOUR INCH DEPTH... 75

$$
