000
CDUS43 KGLD 130756
CLIGLD

WRKCLIGLD 000
TTAA00 KGLD 130756

CLIMATE REPORT
NATIONAL WEATHER SERVICE GOODLAND
153 AM MDT WED MAY 13 2015

...................................

...THE GOODLAND KS CLIMATE SUMMARY FOR MAY 12 2015...

CLIMATE NORMAL PERIOD 1981 TO 2010
CLIMATE RECORD PERIOD 1895 TO 2015

WEATHER ITEM   OBSERVED TIME   RECORD YEAR NORMAL DEPARTURE LAST
                VALUE   (LST)  VALUE       VALUE  FROM      YEAR
                                                  NORMAL
..................................................................
TEMPERATURE (F)
 YESTERDAY
  MAXIMUM         72    437 PM  99    1962  72      0       46
  MINIMUM         34    416 AM  27    1953  45    -11       32
  AVERAGE         53                        58     -5       39

PRECIPITATION (IN)
  YESTERDAY        0.00          1.21 1975   0.09  -0.09     0.12
  MONTH TO DATE    1.98                      0.95   1.03     0.16
  SINCE MAR 1      6.93                      3.61   3.32     1.01
  SINCE JAN 1      8.01                      4.48   3.53     1.95

SNOWFALL (IN)
  YESTERDAY        0.0                       0.0    0.0       T
  MONTH TO DATE    0.0                       0.4   -0.4       T
  SINCE MAR 1      2.6                      11.4   -8.8      3.9
  SINCE JUL 1     24.7                      35.4  -10.7     29.1
  SNOW DEPTH       0

DEGREE DAYS
 HEATING
  YESTERDAY       12                         8      4       26
  MONTH TO DATE  109                       113     -4      121
  SINCE MAR 1   1070                      1351   -281     1326
  SINCE JUL 1   5285                      5768   -483     5870

 COOLING
  YESTERDAY        0                         1     -1        0
  MONTH TO DATE    2                        10     -8        0
  SINCE MAR 1      2                        14    -12        5
  SINCE JAN 1      2                        14    -12        5
..................................................................

WIND (MPH)
  HIGHEST WIND SPEED    40   HIGHEST WIND DIRECTION     S (180)
  HIGHEST GUST SPEED    51   HIGHEST GUST DIRECTION     S (180)
  AVERAGE WIND SPEED    24.0


SKY COVER
  AVERAGE SKY COVER 0.0


WEATHER CONDITIONS
 THE FOLLOWING WEATHER WAS RECORDED YESTERDAY.
  NO SIGNIFICANT WEATHER WAS OBSERVED.


RELATIVE HUMIDITY (PERCENT)
 HIGHEST    82
 LOWEST     31
 AVERAGE    57

..........................................................


THE GOODLAND KS CLIMATE NORMALS FOR TODAY
                         NORMAL    RECORD    YEAR
 MAXIMUM TEMPERATURE (F)   72        97      1941
 MINIMUM TEMPERATURE (F)   45        25      1953


SUNRISE AND SUNSET
MAY 13 2015...........SUNRISE   535 AM MDT   SUNSET   752 PM MDT
MAY 14 2015...........SUNRISE   534 AM MDT   SUNSET   753 PM MDT


-  INDICATES NEGATIVE NUMBERS.
R  INDICATES RECORD WAS SET OR TIED.
MM INDICATES DATA IS MISSING.
T  INDICATES TRACE AMOUNT.

&&

THE AVERAGE SOIL TEMPERATURE AT THE FOUR INCH DEPTH... 54

$$
