000
CDUS43 KGLD 190050
CLIGLD

CLIMATE REPORT
NATIONAL WEATHER SERVICE GOODLAND
648 PM MDT FRI JUL 18 2014

...................................

...THE GOODLAND KS CLIMATE SUMMARY FOR JULY 18 2014...
VALID TODAY AS OF 0600 PM LOCAL TIME.

CLIMATE NORMAL PERIOD 1981 TO 2010
CLIMATE RECORD PERIOD 1895 TO 2014

WEATHER ITEM   OBSERVED TIME   RECORD YEAR NORMAL DEPARTURE LAST
                VALUE   (LST)  VALUE       VALUE  FROM      YEAR
                                                  NORMAL
..................................................................
TEMPERATURE (F)
 TODAY
  MAXIMUM         86    313 PM 106    1936  90     -4       91
  MINIMUM         56    438 AM  50    1972  62     -6       64
  AVERAGE         71                        76     -5       78

PRECIPITATION (IN)
  TODAY            0.00          3.65 1985   0.11  -0.11     0.00
  MONTH TO DATE    1.44                      2.00  -0.56     0.02
  SINCE JUN 1      6.97                      5.25   1.72     3.06
  SINCE JAN 1     10.51                     11.73  -1.22     7.42

SNOWFALL (IN)
  TODAY            0.0                       0.0    0.0      0.0
  MONTH TO DATE    0.0                       0.0    0.0      0.0
  SINCE JUN 1      0.0                       0.0    0.0      0.0
  SINCE JUL 1      0.0                       0.0    0.0      0.0
  SNOW DEPTH       0

DEGREE DAYS
 HEATING
  TODAY            0                         0      0        0
  MONTH TO DATE   13                         0     13        0
  SINCE JUN 1     51                        37     14       31
  SINCE JUL 1     13                         0     13        0

 COOLING
  TODAY            6                        11     -5       13
  MONTH TO DATE  146                       191    -45      210
  SINCE JUN 1    295                       370    -75      467
  SINCE JAN 1    341                       411    -70      556
..................................................................

WIND (MPH)
  HIGHEST WIND SPEED    24   HIGHEST WIND DIRECTION     S (190)
  HIGHEST GUST SPEED    31   HIGHEST GUST DIRECTION    SE (150)
  AVERAGE WIND SPEED    16.4

SKY COVER
  AVERAGE SKY COVER 0.6

WEATHER CONDITIONS
 THE FOLLOWING WEATHER WAS RECORDED TODAY.
  FOG

RELATIVE HUMIDITY (PERCENT)
 HIGHEST    93          1200 AM
 LOWEST     44           200 PM
 AVERAGE    69

..........................................................

THE GOODLAND KS CLIMATE NORMALS FOR TOMORROW
                         NORMAL    RECORD    YEAR
 MAXIMUM TEMPERATURE (F)   90       106      1934
 MINIMUM TEMPERATURE (F)   62        45      1897

SUNRISE AND SUNSET
JULY 18 2014..........SUNRISE   535 AM MDT   SUNSET   811 PM MDT
JULY 19 2014..........SUNRISE   536 AM MDT   SUNSET   810 PM MDT

-  INDICATES NEGATIVE NUMBERS.
R  INDICATES RECORD WAS SET OR TIED.
MM INDICATES DATA IS MISSING.
T  INDICATES TRACE AMOUNT.

&&

THE AVERAGE SOIL TEMPERATURE AT THE FOUR INCH DEPTH... 68

$$
