000
CDUS43 KGLD 040742
CLIGLD

CLIMATE REPORT
NATIONAL WEATHER SERVICE GOODLAND
136 AM MDT SUN JUN 4 2017

...................................

...THE GOODLAND KS CLIMATE SUMMARY FOR JUNE 3 2017...

CLIMATE NORMAL PERIOD 1981 TO 2010
CLIMATE RECORD PERIOD 1895 TO 2017

WEATHER ITEM   OBSERVED TIME   RECORD YEAR NORMAL DEPARTURE LAST
                VALUE   (LST)  VALUE       VALUE  FROM      YEAR
                                                  NORMAL
..................................................................
TEMPERATURE (F)
 YESTERDAY
  MAXIMUM         75   1028 AM  99    1933  79     -4       83
  MINIMUM         56    423 AM  34    1954  52      4       55
  AVERAGE         66                        66      0       69

PRECIPITATION (IN)
  YESTERDAY        0.03          0.72 1961   0.11  -0.08     0.00
  MONTH TO DATE    0.23                      0.33  -0.10     0.00
  SINCE JUN 1      0.23                      0.33  -0.10     0.00
  SINCE JAN 1     12.62                      6.81   5.81     7.36

SNOWFALL (IN)
  YESTERDAY        0.0                       0.0    0.0      0.0
  MONTH TO DATE    0.0                       0.0    0.0      0.0
  SINCE JUN 1      0.0                       0.0    0.0      0.0
  SINCE JUL 1     14.2                      35.5  -21.3     30.1
  SNOW DEPTH       0

DEGREE DAYS
 HEATING
  YESTERDAY        0                         3     -3        0
  MONTH TO DATE    0                         9     -9        2
  SINCE JUN 1      0                         9     -9        2
  SINCE JUL 1   5118                      5875   -757     5131

 COOLING
  YESTERDAY        1                         3     -2        4
  MONTH TO DATE    7                         9     -2        4
  SINCE JUN 1      7                         9     -2        4
  SINCE JAN 1     45                        50     -5       28
..................................................................

WIND (MPH)
  HIGHEST WIND SPEED    20   HIGHEST WIND DIRECTION    NW (330)
  HIGHEST GUST SPEED    23   HIGHEST GUST DIRECTION     N (340)
  AVERAGE WIND SPEED     7.6


SKY COVER
  AVERAGE SKY COVER 0.5


WEATHER CONDITIONS
 THE FOLLOWING WEATHER WAS RECORDED YESTERDAY.
  THUNDERSTORM
  LIGHT RAIN


RELATIVE HUMIDITY (PERCENT)
 HIGHEST   100
 LOWEST     57
 AVERAGE    79

..........................................................


THE GOODLAND KS CLIMATE NORMALS FOR TODAY
                         NORMAL    RECORD    YEAR
 MAXIMUM TEMPERATURE (F)   79       101      1956
 MINIMUM TEMPERATURE (F)   52        36      1943


SUNRISE AND SUNSET
JUNE  4 2017..........SUNRISE   521 AM MDT   SUNSET   810 PM MDT
JUNE  5 2017..........SUNRISE   521 AM MDT   SUNSET   811 PM MDT


-  INDICATES NEGATIVE NUMBERS.
R  INDICATES RECORD WAS SET OR TIED.
MM INDICATES DATA IS MISSING.
T  INDICATES TRACE AMOUNT.

&&

THE AVERAGE SOIL TEMPERATURE AT THE FOUR INCH DEPTH... 66

$$
