000
CDUS43 KGLD 170744
CLIGLD

CLIMATE REPORT
NATIONAL WEATHER SERVICE GOODLAND
141 AM MDT TUE MAR 17 2015

...................................

...THE GOODLAND KS CLIMATE SUMMARY FOR MARCH 16 2015...

CLIMATE NORMAL PERIOD 1981 TO 2010
CLIMATE RECORD PERIOD 1895 TO 2015

WEATHER ITEM   OBSERVED TIME   RECORD YEAR NORMAL DEPARTURE LAST
                VALUE   (LST)  VALUE       VALUE  FROM      YEAR
                                                  NORMAL
..................................................................
TEMPERATURE (F)
 YESTERDAY
  MAXIMUM         89R   236 PM  83    2012  55     34       52
  MINIMUM         41   1159 PM   7    1928  27     14       29
  AVERAGE         65                        41     24       41

PRECIPITATION (IN)
  YESTERDAY        0.00          0.58 1983   0.04  -0.04     0.00
  MONTH TO DATE    0.03                      0.48  -0.45     0.08
  SINCE MAR 1      0.03                      0.48  -0.45     0.08
  SINCE JAN 1      1.11                      1.35  -0.24     1.02

SNOWFALL (IN)
  YESTERDAY        0.0                       0.3   -0.3      0.0
  MONTH TO DATE    0.6                       3.2   -2.6      0.6
  SINCE MAR 1      0.6                       3.2   -2.6      0.6
  SINCE JUL 1     22.7                      27.2   -4.5     25.8
  SNOW DEPTH       0

DEGREE DAYS
 HEATING
  YESTERDAY        0                        24    -24       24
  MONTH TO DATE  342                       424    -82      423
  SINCE MAR 1    342                       424    -82      423
  SINCE JUL 1   4557                      4841   -284     4967

 COOLING
  YESTERDAY        0                         0      0        0
  MONTH TO DATE    0                         0      0        0
  SINCE MAR 1      0                         0      0        0
  SINCE JAN 1      0                         0      0        0
..................................................................

WIND (MPH)
  HIGHEST WIND SPEED    37   HIGHEST WIND DIRECTION     N (20)
  HIGHEST GUST SPEED    46   HIGHEST GUST DIRECTION     N (20)
  AVERAGE WIND SPEED    16.4


SKY COVER
  AVERAGE SKY COVER 0.0


WEATHER CONDITIONS
 THE FOLLOWING WEATHER WAS RECORDED YESTERDAY.
  HAZE


RELATIVE HUMIDITY (PERCENT)
 HIGHEST    65
 LOWEST      5
 AVERAGE    35

..........................................................


THE GOODLAND KS CLIMATE NORMALS FOR TODAY
                         NORMAL    RECORD    YEAR
 MAXIMUM TEMPERATURE (F)   55        85      2012
 MINIMUM TEMPERATURE (F)   27        -1      1896


SUNRISE AND SUNSET
MARCH 17 2015.........SUNRISE   655 AM MDT   SUNSET   656 PM MDT
MARCH 18 2015.........SUNRISE   654 AM MDT   SUNSET   657 PM MDT


-  INDICATES NEGATIVE NUMBERS.
R  INDICATES RECORD WAS SET OR TIED.
MM INDICATES DATA IS MISSING.
T  INDICATES TRACE AMOUNT.

&&

THE AVERAGE SOIL TEMPERATURE AT THE FOUR INCH DEPTH... 47
THE CURRENT DEPTH OF FROST... 0 INCHES

$$
