000
CDUS43 KGLD 040038
CLIGLD

CLIMATE REPORT
NATIONAL WEATHER SERVICE GOODLAND
537 PM MST FRI FEB 3 2017

...................................

...THE GOODLAND KS CLIMATE SUMMARY FOR FEBRUARY 3 2017...
VALID TODAY AS OF 0500 PM LOCAL TIME.

CLIMATE NORMAL PERIOD 1981 TO 2010
CLIMATE RECORD PERIOD 1895 TO 2017

WEATHER ITEM   OBSERVED TIME   RECORD YEAR NORMAL DEPARTURE LAST
                VALUE   (LST)  VALUE       VALUE  FROM      YEAR
                                                  NORMAL
..................................................................
TEMPERATURE (F)
 TODAY
  MAXIMUM         32    328 PM  74    1962  43    -11       27
  MINIMUM          9    207 AM -19    1996  17     -8        8
  AVERAGE         21                        30     -9       18

PRECIPITATION (IN)
  TODAY            0.00          0.51 1960   0.02  -0.02     0.00
  MONTH TO DATE    T                         0.05  -0.05     0.81
  SINCE DEC 1      1.52                      0.89   0.63     1.01
  SINCE JAN 1      0.92                      0.43   0.49     0.85

SNOWFALL (IN)
  TODAY            0.0                       0.2   -0.2      0.0
  MONTH TO DATE    T                         0.6   -0.6     13.3
  SINCE DEC 1      8.8                      12.0   -3.2     15.2
  SINCE JUL 1      9.4                      19.2   -9.8     23.4
  SNOW DEPTH       0

DEGREE DAYS
 HEATING
  TODAY           44                        35      9       47
  MONTH TO DATE  130                       105     25      125
  SINCE DEC 1   2448                      2289    159     2126
  SINCE JUL 1   3311                      3608   -297     3186

 COOLING
  TODAY            0                         0      0        0
  MONTH TO DATE    0                         0      0        0
  SINCE DEC 1      0                         0      0        0
  SINCE JAN 1      0                         0      0        0
..................................................................

WIND (MPH)
  HIGHEST WIND SPEED    26   HIGHEST WIND DIRECTION     S (190)
  HIGHEST GUST SPEED    32   HIGHEST GUST DIRECTION     S (190)
  AVERAGE WIND SPEED    10.2


SKY COVER
  AVERAGE SKY COVER 0.3


WEATHER CONDITIONS
 THE FOLLOWING WEATHER WAS RECORDED TODAY.
  NO SIGNIFICANT WEATHER WAS OBSERVED.


RELATIVE HUMIDITY (PERCENT)
 HIGHEST    88           500 AM
 LOWEST     43           200 PM
 AVERAGE    66

..........................................................


THE GOODLAND KS CLIMATE NORMALS FOR TOMORROW
                         NORMAL    RECORD    YEAR
 MAXIMUM TEMPERATURE (F)   43        68      1935
 MINIMUM TEMPERATURE (F)   18       -15      1985


SUNRISE AND SUNSET
FEBRUARY  3 2017......SUNRISE   652 AM MST   SUNSET   510 PM MST
FEBRUARY  4 2017......SUNRISE   651 AM MST   SUNSET   511 PM MST


-  INDICATES NEGATIVE NUMBERS.
R  INDICATES RECORD WAS SET OR TIED.
MM INDICATES DATA IS MISSING.
T  INDICATES TRACE AMOUNT.

&&

THE AVERAGE SOIL TEMPERATURE AT THE FOUR INCH DEPTH... 29
THE CURRENT DEPTH OF FROST... 8 INCHES

$$
