000
CDUS43 KGLD 080744
CLIGLD

CLIMATE REPORT
NATIONAL WEATHER SERVICE GOODLAND
139 AM MDT FRI APR 8 2016

...................................

...THE GOODLAND KS CLIMATE SUMMARY FOR APRIL 7 2016...

CLIMATE NORMAL PERIOD 1981 TO 2010
CLIMATE RECORD PERIOD 1895 TO 2016

WEATHER ITEM   OBSERVED TIME   RECORD YEAR NORMAL DEPARTURE LAST
                VALUE   (LST)  VALUE       VALUE  FROM      YEAR
                                                  NORMAL
..................................................................
TEMPERATURE (F)
 YESTERDAY
  MAXIMUM         64    331 PM  87    1978  61      3       65
  MINIMUM         34   1137 PM  12    1997  32      2       44
  AVERAGE         49                        46      3       55

PRECIPITATION (IN)
  YESTERDAY        0.00          1.53 1915   0.05  -0.05     0.00
  MONTH TO DATE    0.07                      0.30  -0.23     0.57
  SINCE MAR 1      0.62                      1.37  -0.75     0.68
  SINCE JAN 1      1.48                      2.24  -0.76     1.76

SNOWFALL (IN)
  YESTERDAY        0.0                       0.2   -0.2      0.0
  MONTH TO DATE    0.0                       1.5   -1.5      2.0
  SINCE MAR 1      4.4                       8.3   -3.9      2.6
  SINCE JUL 1     27.8                      32.3   -4.5     24.7
  SNOW DEPTH       0

DEGREE DAYS
 HEATING
  YESTERDAY       16                        19     -3       10
  MONTH TO DATE   97                       136    -39       84
  SINCE MAR 1    702                       894   -192      649
  SINCE JUL 1   4548                      5311   -763     4864

 COOLING
  YESTERDAY        0                         0      0        0
  MONTH TO DATE    0                         0      0        0
  SINCE MAR 1      0                         0      0        0
  SINCE JAN 1      0                         0      0        0
..................................................................

WIND (MPH)
  HIGHEST WIND SPEED    32   HIGHEST WIND DIRECTION     N (360)
  HIGHEST GUST SPEED    42   HIGHEST GUST DIRECTION     N (340)
  AVERAGE WIND SPEED    13.1


SKY COVER
  AVERAGE SKY COVER 0.2


WEATHER CONDITIONS
 THE FOLLOWING WEATHER WAS RECORDED YESTERDAY.
  HAZE


RELATIVE HUMIDITY (PERCENT)
 HIGHEST    82
 LOWEST     27
 AVERAGE    55

..........................................................


THE GOODLAND KS CLIMATE NORMALS FOR TODAY
                         NORMAL    RECORD    YEAR
 MAXIMUM TEMPERATURE (F)   61        82      2011
                                             1930
 MINIMUM TEMPERATURE (F)   32        12      1973
                                             1957
                                             1914


SUNRISE AND SUNSET
APRIL  8 2016.........SUNRISE   619 AM MDT   SUNSET   718 PM MDT
APRIL  9 2016.........SUNRISE   618 AM MDT   SUNSET   719 PM MDT


-  INDICATES NEGATIVE NUMBERS.
R  INDICATES RECORD WAS SET OR TIED.
MM INDICATES DATA IS MISSING.
T  INDICATES TRACE AMOUNT.

&&

THE AVERAGE SOIL TEMPERATURE AT THE FOUR INCH DEPTH... 51

$$
