000
CDUS43 KGLD 100741
CLIGLD

CLIMATE REPORT
NATIONAL WEATHER SERVICE GOODLAND
139 AM MDT THU JUL 10 2014

...................................

...THE GOODLAND KS CLIMATE SUMMARY FOR JULY 9 2014...

CLIMATE NORMAL PERIOD 1981 TO 2010
CLIMATE RECORD PERIOD 1895 TO 2014

WEATHER ITEM   OBSERVED TIME   RECORD YEAR NORMAL DEPARTURE LAST
                VALUE   (LST)  VALUE       VALUE  FROM      YEAR
                                                  NORMAL
..................................................................
TEMPERATURE (F)
 YESTERDAY
  MAXIMUM         87    435 PM 105    1938  90     -3      101
  MINIMUM         60    307 AM  45    1959  61     -1       69
  AVERAGE         74                        76     -2       85

PRECIPITATION (IN)
  YESTERDAY        0.00          0.78 1915   0.11  -0.11     0.01
  MONTH TO DATE    0.90                      0.98  -0.08     0.02
  SINCE JUN 1      6.43                      4.23   2.20     3.06
  SINCE JAN 1      9.97                     10.71  -0.74     7.42

SNOWFALL (IN)
  YESTERDAY        0.0                       0.0    0.0      0.0
  MONTH TO DATE    0.0                       0.0    0.0      0.0
  SINCE JUN 1      0.0                       0.0    0.0      0.0
  SINCE JUL 1      0.0                       0.0    0.0      0.0
  SNOW DEPTH       0

DEGREE DAYS
 HEATING
  YESTERDAY        0                         0      0        0
  MONTH TO DATE    0                         0      0        0
  SINCE JUN 1     38                        37      1       31
  SINCE JUL 1      0                         0      0        0

 COOLING
  YESTERDAY        9                        11     -2       20
  MONTH TO DATE   87                        92     -5      107
  SINCE JUN 1    236                       271    -35      364
  SINCE JAN 1    282                       312    -30      453
..................................................................

WIND (MPH)
  HIGHEST WIND SPEED    29   HIGHEST WIND DIRECTION     S (170)
  HIGHEST GUST SPEED    37   HIGHEST GUST DIRECTION     S (180)
  AVERAGE WIND SPEED    16.4

SKY COVER
  AVERAGE SKY COVER 0.0

WEATHER CONDITIONS
 THE FOLLOWING WEATHER WAS RECORDED YESTERDAY.
  NO SIGNIFICANT WEATHER WAS OBSERVED.

RELATIVE HUMIDITY (PERCENT)
 HIGHEST    90
 LOWEST     40
 AVERAGE    65

..........................................................

THE GOODLAND KS CLIMATE NORMALS FOR TODAY
                         NORMAL    RECORD    YEAR
 MAXIMUM TEMPERATURE (F)   90       107      1954
 MINIMUM TEMPERATURE (F)   61        47      1895

SUNRISE AND SUNSET
JULY 10 2014..........SUNRISE   529 AM MDT   SUNSET   815 PM MDT
JULY 11 2014..........SUNRISE   530 AM MDT   SUNSET   815 PM MDT

-  INDICATES NEGATIVE NUMBERS.
R  INDICATES RECORD WAS SET OR TIED.
MM INDICATES DATA IS MISSING.
T  INDICATES TRACE AMOUNT.

&&

THE AVERAGE SOIL TEMPERATURE AT THE FOUR INCH DEPTH... 74

$$
