000
CDUS43 KGLD 010757
CLIGLD

CLIMATE REPORT
NATIONAL WEATHER SERVICE GOODLAND
156 AM MDT THU JUN 1 2017

...................................

...THE GOODLAND KS CLIMATE SUMMARY FOR MAY 31 2017...

CLIMATE NORMAL PERIOD 1981 TO 2010
CLIMATE RECORD PERIOD 1895 TO 2017

WEATHER ITEM   OBSERVED TIME   RECORD YEAR NORMAL DEPARTURE LAST
                VALUE   (LST)  VALUE       VALUE  FROM      YEAR
                                                  NORMAL
..................................................................
TEMPERATURE (F)
 YESTERDAY
  MAXIMUM         84    329 PM 104    2002  78      6       71
  MINIMUM         51    403 AM  38    2011  51      0       48
                                      1964
  AVERAGE         68                        64      4       60

PRECIPITATION (IN)
  YESTERDAY        1.06          2.42 2006   0.12   0.94     0.00
  MONTH TO DATE    7.66                      2.95   4.71     1.96
  SINCE MAR 1     11.46                      5.61   5.85     6.50
  SINCE JAN 1     12.39                      6.48   5.91     7.36

SNOWFALL (IN)
  YESTERDAY        0.0                       0.0    0.0      0.0
  MONTH TO DATE    T                         0.5   -0.5       T
  SINCE MAR 1      4.8                      11.5   -6.7      6.7
  SINCE JUL 1     14.2                      35.5  -21.3     30.1
  SNOW DEPTH       0

DEGREE DAYS
 HEATING
  YESTERDAY        0                         3     -3        5
  MONTH TO DATE  222                       211     11      243
  SINCE MAR 1   1233                      1449   -216     1283
  SINCE JUL 1   5118                      5866   -748     5129

 COOLING
  YESTERDAY        3                         3      0        0
  MONTH TO DATE   31                        37     -6       24
  SINCE MAR 1     38                        41     -3       24
  SINCE JAN 1     38                        41     -3       24
..................................................................

WIND (MPH)
  HIGHEST WIND SPEED    48   HIGHEST WIND DIRECTION    NW (300)
  HIGHEST GUST SPEED    66   HIGHEST GUST DIRECTION     E (70)
  AVERAGE WIND SPEED    12.0


SKY COVER
  AVERAGE SKY COVER 0.1


WEATHER CONDITIONS
 THE FOLLOWING WEATHER WAS RECORDED YESTERDAY.
  THUNDERSTORM
  HEAVY RAIN
  RAIN
  LIGHT RAIN
  HAIL
  FOG


RELATIVE HUMIDITY (PERCENT)
 HIGHEST    96
 LOWEST     34
 AVERAGE    65

..........................................................


THE GOODLAND KS CLIMATE NORMALS FOR TODAY
                         NORMAL    RECORD    YEAR
 MAXIMUM TEMPERATURE (F)   78       106      2002
 MINIMUM TEMPERATURE (F)   51        34      1917


SUNRISE AND SUNSET
JUNE  1 2017..........SUNRISE   522 AM MDT   SUNSET   808 PM MDT
JUNE  2 2017..........SUNRISE   521 AM MDT   SUNSET   809 PM MDT


-  INDICATES NEGATIVE NUMBERS.
R  INDICATES RECORD WAS SET OR TIED.
MM INDICATES DATA IS MISSING.
T  INDICATES TRACE AMOUNT.

&&

THE AVERAGE SOIL TEMPERATURE AT THE FOUR INCH DEPTH... 63

$$
