000
CDUS43 KGLD 200038
CLIGLD

CLIMATE REPORT
NATIONAL WEATHER SERVICE GOODLAND
636 PM MDT FRI JUN 19 2015

...................................

...THE GOODLAND KS CLIMATE SUMMARY FOR JUNE 19 2015...
VALID TODAY AS OF 0600 PM LOCAL TIME.

CLIMATE NORMAL PERIOD 1981 TO 2010
CLIMATE RECORD PERIOD 1895 TO 2015

WEATHER ITEM   OBSERVED TIME   RECORD YEAR NORMAL DEPARTURE LAST
                VALUE   (LST)  VALUE       VALUE  FROM      YEAR
                                                  NORMAL
..................................................................
TEMPERATURE (F)
 TODAY
  MAXIMUM         95    439 PM 104    1936  85     10       82
  MINIMUM         62    516 AM  42    1912  57      5       51
  AVERAGE         79                        71      8       67

PRECIPITATION (IN)
  TODAY            0.00          1.08 1930   0.10  -0.10     0.00
  MONTH TO DATE    2.09                      2.08   0.01     3.19
  SINCE JUN 1      2.09                      2.08   0.01     3.19
  SINCE JAN 1     13.88                      8.56   5.32     6.73

SNOWFALL (IN)
  TODAY            0.0                       0.0    0.0      0.0
  MONTH TO DATE    0.0                       0.0    0.0      0.0
  SINCE JUN 1      0.0                       0.0    0.0      0.0
  SINCE JUL 1     24.7                      35.5  -10.8     29.1
  SNOW DEPTH       0

DEGREE DAYS
 HEATING
  TODAY            0                         1     -1        0
  MONTH TO DATE    5                        34    -29       38
  SINCE JUN 1      5                        34    -29       38
  SINCE JUL 1   5432                      5900   -468     5996

 COOLING
  TODAY           14                         7      7        2
  MONTH TO DATE  125                        89     36       73
  SINCE JUN 1    125                        89     36       73
  SINCE JAN 1    131                       130      1      119
..................................................................

WIND (MPH)
  HIGHEST WIND SPEED    24   HIGHEST WIND DIRECTION     S (180)
  HIGHEST GUST SPEED    32   HIGHEST GUST DIRECTION     S (180)
  AVERAGE WIND SPEED    16.4


SKY COVER
  AVERAGE SKY COVER 0.5


WEATHER CONDITIONS
 THE FOLLOWING WEATHER WAS RECORDED TODAY.
  FOG


RELATIVE HUMIDITY (PERCENT)
 HIGHEST    93           100 AM
 LOWEST     20           300 PM
 AVERAGE    57

..........................................................


THE GOODLAND KS CLIMATE NORMALS FOR TOMORROW
                         NORMAL    RECORD    YEAR
 MAXIMUM TEMPERATURE (F)   86       105      1936
 MINIMUM TEMPERATURE (F)   57        40      1946


SUNRISE AND SUNSET
JUNE 19 2015..........SUNRISE   520 AM MDT   SUNSET   817 PM MDT
JUNE 20 2015..........SUNRISE   520 AM MDT   SUNSET   817 PM MDT


-  INDICATES NEGATIVE NUMBERS.
R  INDICATES RECORD WAS SET OR TIED.
MM INDICATES DATA IS MISSING.
T  INDICATES TRACE AMOUNT.

&&

THE AVERAGE SOIL TEMPERATURE AT THE FOUR INCH DEPTH... 73

$$
